[INFO] fetching crate safecoin-sdk 1.6.20...
[INFO] checking safecoin-sdk-1.6.20 against beta-2021-10-15 for beta-1.56-3
[INFO] extracting crate safecoin-sdk 1.6.20 into /workspace/builds/worker-6/source
[INFO] validating manifest of crates.io crate safecoin-sdk 1.6.20 on toolchain beta-2021-10-15
[INFO] running `Command { std: "/workspace/cargo-home/bin/cargo" "+beta-2021-10-15" "metadata" "--manifest-path" "Cargo.toml" "--no-deps", kill_on_drop: false }`
[INFO] started tweaking crates.io crate safecoin-sdk 1.6.20
[INFO] finished tweaking crates.io crate safecoin-sdk 1.6.20
[INFO] tweaked toml for crates.io crate safecoin-sdk 1.6.20 written to /workspace/builds/worker-6/source/Cargo.toml
[INFO] running `Command { std: "/workspace/cargo-home/bin/cargo" "+beta-2021-10-15" "generate-lockfile" "--manifest-path" "Cargo.toml" "-Zno-index-update", kill_on_drop: false }`
[INFO] running `Command { std: "/workspace/cargo-home/bin/cargo" "+beta-2021-10-15" "fetch" "--manifest-path" "Cargo.toml", kill_on_drop: false }`
[INFO] [stderr]  Downloading crates ...
[INFO] [stderr]   Downloaded lock_api v0.4.5
[INFO] [stderr]   Downloaded parking_lot_core v0.8.5
[INFO] [stderr]   Downloaded parking_lot v0.11.2
[INFO] [stderr]   Downloaded tiny-bip39 v0.7.3
[INFO] [stderr]   Downloaded pbkdf2 v0.3.0
[INFO] [stderr]   Downloaded smallvec v1.7.0
[INFO] running `Command { std: "docker" "create" "-v" "/var/lib/crater-agent-workspace/builds/worker-6/target:/opt/rustwide/target:rw,Z" "-v" "/var/lib/crater-agent-workspace/builds/worker-6/source:/opt/rustwide/workdir:ro,Z" "-v" "/var/lib/crater-agent-workspace/cargo-home:/opt/rustwide/cargo-home:ro,Z" "-v" "/var/lib/crater-agent-workspace/rustup-home:/opt/rustwide/rustup-home:ro,Z" "-e" "SOURCE_DIR=/opt/rustwide/workdir" "-e" "CARGO_TARGET_DIR=/opt/rustwide/target" "-e" "CARGO_HOME=/opt/rustwide/cargo-home" "-e" "RUSTUP_HOME=/opt/rustwide/rustup-home" "-w" "/opt/rustwide/workdir" "-m" "1610612736" "--user" "0:0" "--network" "none" "ghcr.io/rust-lang/crates-build-env/linux@sha256:a89201d6b5b9fd45c15d5952ece0a0129e7e80cb26ec023fd59cf09bc26f1604" "/opt/rustwide/cargo-home/bin/cargo" "+beta-2021-10-15" "metadata" "--no-deps" "--format-version=1", kill_on_drop: false }`
[INFO] [stderr] WARNING: Your kernel does not support swap limit capabilities or the cgroup is not mounted. Memory limited without swap.
[INFO] [stdout] 7d5d7d1efc5c5947389458250ec68e60c7520b5c012f71d35ed7191844cf466c
[INFO] running `Command { std: "docker" "start" "-a" "7d5d7d1efc5c5947389458250ec68e60c7520b5c012f71d35ed7191844cf466c", kill_on_drop: false }`
[INFO] running `Command { std: "docker" "inspect" "7d5d7d1efc5c5947389458250ec68e60c7520b5c012f71d35ed7191844cf466c", kill_on_drop: false }`
[INFO] running `Command { std: "docker" "rm" "-f" "7d5d7d1efc5c5947389458250ec68e60c7520b5c012f71d35ed7191844cf466c", kill_on_drop: false }`
[INFO] [stdout] 7d5d7d1efc5c5947389458250ec68e60c7520b5c012f71d35ed7191844cf466c
[INFO] running `Command { std: "docker" "create" "-v" "/var/lib/crater-agent-workspace/builds/worker-6/target:/opt/rustwide/target:rw,Z" "-v" "/var/lib/crater-agent-workspace/builds/worker-6/source:/opt/rustwide/workdir:ro,Z" "-v" "/var/lib/crater-agent-workspace/cargo-home:/opt/rustwide/cargo-home:ro,Z" "-v" "/var/lib/crater-agent-workspace/rustup-home:/opt/rustwide/rustup-home:ro,Z" "-e" "SOURCE_DIR=/opt/rustwide/workdir" "-e" "CARGO_TARGET_DIR=/opt/rustwide/target" "-e" "CARGO_INCREMENTAL=0" "-e" "RUST_BACKTRACE=full" "-e" "RUSTFLAGS=--cap-lints=warn" "-e" "CARGO_HOME=/opt/rustwide/cargo-home" "-e" "RUSTUP_HOME=/opt/rustwide/rustup-home" "-w" "/opt/rustwide/workdir" "-m" "1610612736" "--user" "0:0" "--network" "none" "ghcr.io/rust-lang/crates-build-env/linux@sha256:a89201d6b5b9fd45c15d5952ece0a0129e7e80cb26ec023fd59cf09bc26f1604" "/opt/rustwide/cargo-home/bin/cargo" "+beta-2021-10-15" "check" "--frozen" "--all" "--all-targets" "--message-format=json", kill_on_drop: false }`
[INFO] [stdout] f8d7320c7d5e55c45ba3dd75bd8cdfb54053ca5b5fffdf242a231a223a2587d2
[INFO] [stderr] WARNING: Your kernel does not support swap limit capabilities or the cgroup is not mounted. Memory limited without swap.
[INFO] running `Command { std: "docker" "start" "-a" "f8d7320c7d5e55c45ba3dd75bd8cdfb54053ca5b5fffdf242a231a223a2587d2", kill_on_drop: false }`
[INFO] [stderr]     Blocking waiting for file lock on package cache
[INFO] [stderr]     Checking object v0.23.0
[INFO] [stderr]    Compiling spin v0.5.2
[INFO] [stderr]    Compiling winapi v0.3.9
[INFO] [stderr]     Checking assert_matches v1.5.0
[INFO] [stderr]     Checking tracing-core v0.1.21
[INFO] [stderr]     Checking uriparse v0.6.3
[INFO] [stderr]    Compiling num_cpus v1.13.0
[INFO] [stderr]     Checking crossbeam-utils v0.7.2
[INFO] [stderr]     Checking getrandom v0.1.16
[INFO] [stderr]    Compiling safecoin-frozen-abi-macro v1.6.19
[INFO] [stderr]    Compiling safecoin-frozen-abi v1.6.19
[INFO] [stderr]    Compiling safecoin-program v1.6.19
[INFO] [stderr]     Checking memmap2 v0.1.0
[INFO] [stderr]     Checking jobserver v0.1.24
[INFO] [stderr]    Compiling safecoin-sdk v1.6.20 (/opt/rustwide/workdir)
[INFO] [stderr]     Checking quote v0.6.13
[INFO] [stderr]     Checking bytes v0.4.12
[INFO] [stderr]     Checking tokio v1.12.0
[INFO] [stderr]     Checking mio v0.6.23
[INFO] [stderr]     Checking regex v1.5.4
[INFO] [stderr]     Checking parking_lot v0.11.2
[INFO] [stderr]     Checking syn v1.0.80
[INFO] [stderr]    Compiling synstructure v0.12.6
[INFO] [stderr]    Compiling safecoin-sdk-macro v1.6.18
[INFO] [stderr]    Compiling lazy_static v1.4.0
[INFO] [stderr]     Checking syn v0.15.44
[INFO] [stderr]     Checking pbkdf2 v0.3.0
[INFO] [stderr]     Checking sha2 v0.8.2
[INFO] [stderr]     Checking parking_lot_core v0.6.2
[INFO] [stderr]     Checking cc v1.0.49
[INFO] [stderr]     Checking rand_core v0.5.1
[INFO] [stderr]     Checking tokio-executor v0.1.10
[INFO] [stderr]     Checking crossbeam-epoch v0.8.2
[INFO] [stderr]     Checking crossbeam-queue v0.2.3
[INFO] [stderr]     Checking serde v1.0.130
[INFO] [stderr]     Checking futures-util v0.3.17
[INFO] [stderr]     Checking tracing v0.1.29
[INFO] [stderr]     Checking once_cell v1.8.0
[INFO] [stderr]     Checking tokio-io v0.1.13
[INFO] [stderr]     Checking parking_lot v0.9.0
[INFO] [stderr]     Checking mio-uds v0.6.8
[INFO] [stderr]     Checking rand_chacha v0.2.2
[INFO] [stderr]     Checking tokio-timer v0.2.13
[INFO] [stderr]     Checking tokio-current-thread v0.1.7
[INFO] [stderr]     Checking crossbeam-deque v0.7.4
[INFO] [stderr]     Checking env_logger v0.8.4
[INFO] [stderr]     Checking rand v0.7.3
[INFO] [stderr]     Checking tokio-reactor v0.1.12
[INFO] [stderr]     Checking tokio-codec v0.1.2
[INFO] [stderr]     Checking tokio-threadpool v0.1.18
[INFO] [stderr]    Compiling zeroize_derive v1.2.0
[INFO] [stderr]    Compiling failure_derive v0.1.8
[INFO] [stderr]     Checking safecoin-logger v1.6.18
[INFO] [stderr]     Checking tokio-udp v0.1.6
[INFO] [stderr]     Checking tokio-uds v0.2.7
[INFO] [stderr]     Checking tokio-tcp v0.1.4
[INFO] [stderr]    Compiling ring v0.16.12
[INFO] [stderr]    Compiling blake3 v0.3.8
[INFO] [stderr]     Checking tokio-fs v0.1.7
[INFO] [stderr]     Checking libsecp256k1 v0.3.5
[INFO] [stderr]     Checking tokio v0.1.22
[INFO] [stderr]     Checking zeroize v1.4.2
[INFO] [stderr]     Checking tokio-util v0.6.8
[INFO] [stderr]     Checking curve25519-dalek v2.1.3
[INFO] [stderr]     Checking h2 v0.3.6
[INFO] [stderr]     Checking generic-array v0.14.4
[INFO] [stderr]     Checking backtrace v0.3.57
[INFO] [stderr]     Checking serde_bytes v0.11.5
[INFO] [stderr]     Checking ed25519 v1.2.0
[INFO] [stderr]     Checking bv v0.11.1
[INFO] [stderr]     Checking serde_json v1.0.68
[INFO] [stderr]     Checking serde_urlencoded v0.7.0
[INFO] [stderr]     Checking bincode v1.3.3
[INFO] [stderr]    Compiling toml v0.5.8
[INFO] [stderr]     Checking failure v0.1.8
[INFO] [stderr]     Checking derivation-path v0.1.3
[INFO] [stderr]     Checking tiny-bip39 v0.7.3
[INFO] [stderr]     Checking webpki v0.21.2
[INFO] [stderr]     Checking sct v0.6.0
[INFO] [stderr]     Checking digest v0.9.0
[INFO] [stderr]     Checking block-buffer v0.9.0
[INFO] [stderr]     Checking crypto-mac v0.8.0
[INFO] [stderr]     Checking crypto-mac v0.10.1
[INFO] [stderr]     Checking crypto-mac v0.9.1
[INFO] [stderr]     Checking pbkdf2 v0.6.0
[INFO] [stderr]     Checking sha2 v0.9.8
[INFO] [stderr]     Checking curve25519-dalek v3.2.0
[INFO] [stderr]     Checking sha3 v0.9.1
[INFO] [stderr]     Checking hmac v0.9.0
[INFO] [stderr]     Checking hmac v0.10.1
[INFO] [stderr]     Checking rustls v0.19.1
[INFO] [stderr]     Checking webpki-roots v0.21.1
[INFO] [stderr]    Compiling proc-macro-crate v0.1.5
[INFO] [stderr]     Checking ed25519-dalek v1.0.1
[INFO] [stderr]    Compiling borsh-derive v0.9.1
[INFO] [stderr]     Checking ed25519-dalek-bip32 v0.1.1
[INFO] [stderr]     Checking hyper v0.14.13
[INFO] [stderr]     Checking borsh v0.9.1
[INFO] [stderr]     Checking tokio-rustls v0.22.0
[INFO] [stderr]     Checking hyper-rustls v0.22.1
[INFO] [stderr]     Checking reqwest v0.11.5
[INFO] [stderr]     Checking safecoin-crate-features v1.6.18
[INFO] [stdout] error[E0554]: `#![feature]` may not be used on the beta release channel
[INFO] [stdout]  --> benches/slot_hashes.rs:1:1
[INFO] [stdout]   |
[INFO] [stdout] 1 | #![feature(test)]
[INFO] [stdout]   | ^^^^^^^^^^^^^^^^^
[INFO] [stdout] 
[INFO] [stdout] 
[INFO] [stdout] error: aborting due to previous error
[INFO] [stdout] 
[INFO] [stdout] 
[INFO] [stdout] For more information about this error, try `rustc --explain E0554`.
[INFO] [stdout] 
[INFO] [stderr] error: could not compile `safecoin-sdk` due to 2 previous errors
[INFO] [stderr] warning: build failed, waiting for other jobs to finish...
[INFO] [stdout] error[E0554]: `#![feature]` may not be used on the beta release channel
[INFO] [stdout]  --> benches/serialize_instructions.rs:1:1
[INFO] [stdout]   |
[INFO] [stdout] 1 | #![feature(test)]
[INFO] [stdout]   | ^^^^^^^^^^^^^^^^^
[INFO] [stdout] 
[INFO] [stdout] 
[INFO] [stdout] error[E0554]: `#![feature]` may not be used on the beta release channel
[INFO] [stdout]  --> benches/short_vec.rs:1:1
[INFO] [stdout]   |
[INFO] [stdout] 1 | #![feature(test)]
[INFO] [stdout]   | ^^^^^^^^^^^^^^^^^
[INFO] [stdout] 
[INFO] [stdout] 
[INFO] [stdout] error[E0554]: `#![feature]` may not be used on the beta release channel
[INFO] [stdout]  --> benches/slot_history.rs:1:1
[INFO] [stdout]   |
[INFO] [stdout] 1 | #![feature(test)]
[INFO] [stdout]   | ^^^^^^^^^^^^^^^^^
[INFO] [stdout] 
[INFO] [stdout] 
[INFO] [stdout] error: aborting due to previous error
[INFO] [stdout] 
[INFO] [stdout] 
[INFO] [stdout] error: aborting due to previous error
[INFO] [stdout] 
[INFO] [stdout] 
[INFO] [stdout] For more information about this error, try `rustc --explain E0554`.
[INFO] [stdout] 
[INFO] [stdout] For more information about this error, try `rustc --explain E0554`.
[INFO] [stdout] 
[INFO] [stdout] error: aborting due to previous error
[INFO] [stdout] 
[INFO] [stdout] 
[INFO] [stdout] For more information about this error, try `rustc --explain E0554`.
[INFO] [stdout] 
[INFO] [stderr] error: build failed
[INFO] running `Command { std: "docker" "inspect" "f8d7320c7d5e55c45ba3dd75bd8cdfb54053ca5b5fffdf242a231a223a2587d2", kill_on_drop: false }`
[INFO] running `Command { std: "docker" "rm" "-f" "f8d7320c7d5e55c45ba3dd75bd8cdfb54053ca5b5fffdf242a231a223a2587d2", kill_on_drop: false }`
[INFO] [stdout] f8d7320c7d5e55c45ba3dd75bd8cdfb54053ca5b5fffdf242a231a223a2587d2
