[INFO] fetching crate safe_thing 0.0.3...
[INFO] checking safe_thing-0.0.3 against 1.55.0 for beta-1.56-3
[INFO] extracting crate safe_thing 0.0.3 into /workspace/builds/worker-11/source
[INFO] validating manifest of crates.io crate safe_thing 0.0.3 on toolchain 1.55.0
[INFO] running `Command { std: "/workspace/cargo-home/bin/cargo" "+1.55.0" "metadata" "--manifest-path" "Cargo.toml" "--no-deps", kill_on_drop: false }`
[INFO] started tweaking crates.io crate safe_thing 0.0.3
[INFO] finished tweaking crates.io crate safe_thing 0.0.3
[INFO] tweaked toml for crates.io crate safe_thing 0.0.3 written to /workspace/builds/worker-11/source/Cargo.toml
[INFO] running `Command { std: "/workspace/cargo-home/bin/cargo" "+1.55.0" "generate-lockfile" "--manifest-path" "Cargo.toml" "-Zno-index-update", kill_on_drop: false }`
[INFO] [stderr]     Blocking waiting for file lock on package cache
[INFO] running `Command { std: "/workspace/cargo-home/bin/cargo" "+1.55.0" "fetch" "--manifest-path" "Cargo.toml", kill_on_drop: false }`
[INFO] [stderr]     Blocking waiting for file lock on package cache
[INFO] running `Command { std: "docker" "create" "-v" "/var/lib/crater-agent-workspace/builds/worker-11/target:/opt/rustwide/target:rw,Z" "-v" "/var/lib/crater-agent-workspace/builds/worker-11/source:/opt/rustwide/workdir:ro,Z" "-v" "/var/lib/crater-agent-workspace/cargo-home:/opt/rustwide/cargo-home:ro,Z" "-v" "/var/lib/crater-agent-workspace/rustup-home:/opt/rustwide/rustup-home:ro,Z" "-e" "SOURCE_DIR=/opt/rustwide/workdir" "-e" "CARGO_TARGET_DIR=/opt/rustwide/target" "-e" "CARGO_HOME=/opt/rustwide/cargo-home" "-e" "RUSTUP_HOME=/opt/rustwide/rustup-home" "-w" "/opt/rustwide/workdir" "-m" "1610612736" "--user" "0:0" "--network" "none" "ghcr.io/rust-lang/crates-build-env/linux@sha256:a89201d6b5b9fd45c15d5952ece0a0129e7e80cb26ec023fd59cf09bc26f1604" "/opt/rustwide/cargo-home/bin/cargo" "+1.55.0" "metadata" "--no-deps" "--format-version=1", kill_on_drop: false }`
[INFO] [stderr] WARNING: Your kernel does not support swap limit capabilities or the cgroup is not mounted. Memory limited without swap.
[INFO] [stdout] 6baf42ec9a9eeae6bc98b6e37223fa9e4834251f951e30ad0c39525c434e1c14
[INFO] running `Command { std: "docker" "start" "-a" "6baf42ec9a9eeae6bc98b6e37223fa9e4834251f951e30ad0c39525c434e1c14", kill_on_drop: false }`
[INFO] running `Command { std: "docker" "inspect" "6baf42ec9a9eeae6bc98b6e37223fa9e4834251f951e30ad0c39525c434e1c14", kill_on_drop: false }`
[INFO] running `Command { std: "docker" "rm" "-f" "6baf42ec9a9eeae6bc98b6e37223fa9e4834251f951e30ad0c39525c434e1c14", kill_on_drop: false }`
[INFO] [stdout] 6baf42ec9a9eeae6bc98b6e37223fa9e4834251f951e30ad0c39525c434e1c14
[INFO] running `Command { std: "docker" "create" "-v" "/var/lib/crater-agent-workspace/builds/worker-11/target:/opt/rustwide/target:rw,Z" "-v" "/var/lib/crater-agent-workspace/builds/worker-11/source:/opt/rustwide/workdir:ro,Z" "-v" "/var/lib/crater-agent-workspace/cargo-home:/opt/rustwide/cargo-home:ro,Z" "-v" "/var/lib/crater-agent-workspace/rustup-home:/opt/rustwide/rustup-home:ro,Z" "-e" "SOURCE_DIR=/opt/rustwide/workdir" "-e" "CARGO_TARGET_DIR=/opt/rustwide/target" "-e" "CARGO_INCREMENTAL=0" "-e" "RUST_BACKTRACE=full" "-e" "RUSTFLAGS=--cap-lints=warn" "-e" "CARGO_HOME=/opt/rustwide/cargo-home" "-e" "RUSTUP_HOME=/opt/rustwide/rustup-home" "-w" "/opt/rustwide/workdir" "-m" "1610612736" "--user" "0:0" "--network" "none" "ghcr.io/rust-lang/crates-build-env/linux@sha256:a89201d6b5b9fd45c15d5952ece0a0129e7e80cb26ec023fd59cf09bc26f1604" "/opt/rustwide/cargo-home/bin/cargo" "+1.55.0" "check" "--frozen" "--all" "--all-targets" "--message-format=json", kill_on_drop: false }`
[INFO] [stdout] 07253b47a82e08e2cb2173bf2bbb882ad3d8dad8d4e5be7f64d18911078b7a44
[INFO] [stderr] WARNING: Your kernel does not support swap limit capabilities or the cgroup is not mounted. Memory limited without swap.
[INFO] running `Command { std: "docker" "start" "-a" "07253b47a82e08e2cb2173bf2bbb882ad3d8dad8d4e5be7f64d18911078b7a44", kill_on_drop: false }`
[INFO] [stderr]     Checking byteorder v1.1.0
[INFO] [stderr]     Checking lazy_static v1.0.2
[INFO] [stderr]    Compiling openssl-probe v0.1.4
[INFO] [stderr]    Compiling podio v0.1.7
[INFO] [stderr]    Compiling bitflags v0.9.1
[INFO] [stderr]    Compiling linked-hash-map v0.5.4
[INFO] [stderr]    Compiling slab v0.4.5
[INFO] [stderr]    Compiling dtoa v0.4.8
[INFO] [stderr]    Compiling unicode-segmentation v1.1.0
[INFO] [stderr]    Compiling log-mdc v0.1.0
[INFO] [stderr]    Compiling crossbeam v0.2.12
[INFO] [stderr]    Compiling slab v0.3.0
[INFO] [stderr]    Compiling strsim v0.6.0
[INFO] [stderr]    Compiling ansi_term v0.9.0
[INFO] [stderr]    Compiling antidote v1.0.0
[INFO] [stderr]    Compiling sha1 v0.2.0
[INFO] [stderr]    Compiling rustfmt v0.10.0
[INFO] [stderr]    Compiling tiny-keccak v1.3.1
[INFO] [stderr]    Compiling c_linked_list v1.1.1
[INFO] [stderr]    Compiling ascii v0.9.3
[INFO] [stderr]     Checking alloc-no-stdlib v1.2.0
[INFO] [stderr]    Compiling jni-sys v0.3.0
[INFO] [stderr]    Compiling ordermap v0.3.5
[INFO] [stderr]    Compiling fixedbitset v0.1.9
[INFO] [stderr]    Compiling cesu8 v1.1.0
[INFO] [stderr]    Compiling lru_time_cache v0.8.1
[INFO] [stderr]    Compiling fake_clock v0.2.0
[INFO] [stderr]    Compiling hex v0.3.2
[INFO] [stderr]     Checking data-encoding v2.1.2
[INFO] [stderr]     Checking crossbeam-utils v0.6.3
[INFO] [stderr]     Checking itertools v0.7.11
[INFO] [stderr]    Compiling block-buffer v0.3.3
[INFO] [stderr]    Compiling unsafe-any v0.4.2
[INFO] [stderr]    Compiling getopts v0.2.21
[INFO] [stderr]    Compiling walkdir v2.0.1
[INFO] [stderr]    Compiling xml-rs v0.3.6
[INFO] [stderr]     Checking thread_local v0.3.6
[INFO] [stderr]     Checking tokio-trace-core v0.1.0
[INFO] [stderr]    Compiling yaml-rust v0.4.5
[INFO] [stderr]    Compiling base64 v0.9.3
[INFO] [stderr]     Checking brotli-decompressor v1.3.0
[INFO] [stderr]    Compiling crc32fast v1.2.1
[INFO] [stderr]    Compiling typemap v0.3.3
[INFO] [stderr]     Checking tokio-executor v0.1.9
[INFO] [stderr]    Compiling petgraph v0.4.13
[INFO] [stderr]     Checking get_if_addrs v0.4.1
[INFO] [stderr]     Checking termion v1.4.0
[INFO] [stderr]     Checking memmap v0.5.2
[INFO] [stderr]    Compiling rand v0.4.6
[INFO] [stderr]    Compiling iovec v0.1.4
[INFO] [stderr]    Compiling net2 v0.2.37
[INFO] [stderr]    Compiling term_size v0.3.2
[INFO] [stderr]    Compiling fs2 v0.4.3
[INFO] [stderr]    Compiling aho-corasick v0.6.10
[INFO] [stderr]    Compiling combine v3.8.1
[INFO] [stderr]    Compiling extprim v1.7.1
[INFO] [stderr]    Compiling native-tls v0.2.4
[INFO] [stderr]    Compiling openssl-sys v0.9.67
[INFO] [stderr]    Compiling bzip2-sys v0.1.11+1.0.8
[INFO] [stderr]    Compiling miniz-sys v0.1.12
[INFO] [stderr]    Compiling generic-array v0.9.1
[INFO] [stderr]     Checking bytes v0.4.12
[INFO] [stderr]     Checking textwrap v0.6.0
[INFO] [stderr]    Compiling msdos_time v0.1.6
[INFO] [stderr]    Compiling jni v0.10.2
[INFO] [stderr]     Checking tokio-timer v0.2.12
[INFO] [stderr]     Checking tokio-current-thread v0.1.7
[INFO] [stderr]    Compiling xmltree v0.3.2
[INFO] [stderr]    Compiling strings v0.1.1
[INFO] [stderr]    Compiling num-integer v0.1.44
[INFO] [stderr]    Compiling ordered-float v1.1.1
[INFO] [stderr]    Compiling num-traits v0.1.43
[INFO] [stderr]    Compiling flate2 v1.0.22
[INFO] [stderr]    Compiling mio v0.6.23
[INFO] [stderr]     Checking crossbeam-epoch v0.7.2
[INFO] [stderr]     Checking crossbeam-channel v0.3.7
[INFO] [stderr]     Checking url v1.5.1
[INFO] [stderr]    Compiling regex v0.2.11
[INFO] [stdout] error[E0432]: unresolved import `crossbeam_utils::Backoff`
[INFO] [stdout]  --> /opt/rustwide/cargo-home/registry/src/github.com-1ecc6299db9ec823/crossbeam-channel-0.3.7/src/context.rs:9:5
[INFO] [stdout]   |
[INFO] [stdout] 9 | use crossbeam_utils::Backoff;
[INFO] [stdout]   |     ^^^^^^^^^^^^^^^^^^^^^^^^ no `Backoff` in the root
[INFO] [stdout] 
[INFO] [stdout] 
[INFO] [stdout] error[E0432]: unresolved import `crossbeam_utils::Backoff`
[INFO] [stdout]   --> /opt/rustwide/cargo-home/registry/src/github.com-1ecc6299db9ec823/crossbeam-channel-0.3.7/src/flavors/array.rs:23:23
[INFO] [stdout]    |
[INFO] [stdout] 23 | use crossbeam_utils::{Backoff, CachePadded};
[INFO] [stdout]    |                       ^^^^^^^ no `Backoff` in the root
[INFO] [stdout] 
[INFO] [stdout] 
[INFO] [stdout] error[E0432]: unresolved import `crossbeam_utils::Backoff`
[INFO] [stdout]   --> /opt/rustwide/cargo-home/registry/src/github.com-1ecc6299db9ec823/crossbeam-channel-0.3.7/src/flavors/list.rs:10:23
[INFO] [stdout]    |
[INFO] [stdout] 10 | use crossbeam_utils::{Backoff, CachePadded};
[INFO] [stdout]    |                       ^^^^^^^ no `Backoff` in the root
[INFO] [stdout] 
[INFO] [stdout] 
[INFO] [stdout] error[E0432]: unresolved import `crossbeam_utils::Backoff`
[INFO] [stdout]   --> /opt/rustwide/cargo-home/registry/src/github.com-1ecc6299db9ec823/crossbeam-channel-0.3.7/src/flavors/zero.rs:10:5
[INFO] [stdout]    |
[INFO] [stdout] 10 | use crossbeam_utils::Backoff;
[INFO] [stdout]    |     ^^^^^^^^^^^^^^^^^^^^^^^^ no `Backoff` in the root
[INFO] [stdout] 
[INFO] [stdout] 
[INFO] [stdout] error[E0432]: unresolved import `crossbeam_utils::Backoff`
[INFO] [stdout]  --> /opt/rustwide/cargo-home/registry/src/github.com-1ecc6299db9ec823/crossbeam-channel-0.3.7/src/select.rs:8:5
[INFO] [stdout]   |
[INFO] [stdout] 8 | use crossbeam_utils::Backoff;
[INFO] [stdout]   |     ^^^^^^^^^^^^^^^^^^^^^^^^ no `Backoff` in the root
[INFO] [stdout] 
[INFO] [stdout] 
[INFO] [stdout] error[E0432]: unresolved import `crossbeam_utils::Backoff`
[INFO] [stdout]   --> /opt/rustwide/cargo-home/registry/src/github.com-1ecc6299db9ec823/crossbeam-channel-0.3.7/src/utils.rs:10:5
[INFO] [stdout]    |
[INFO] [stdout] 10 | use crossbeam_utils::Backoff;
[INFO] [stdout]    |     ^^^^^^^^^^^^^^^^^^^^^^^^ no `Backoff` in the root
[INFO] [stdout] 
[INFO] [stdout] 
[INFO] [stderr]    Compiling bzip2 v0.3.3
[INFO] [stderr]    Compiling flate2 v0.2.20
[INFO] [stderr]    Compiling digest v0.7.6
[INFO] [stderr]     Checking clap v2.25.1
[INFO] [stdout] error: aborting due to 6 previous errors
[INFO] [stdout] 
[INFO] [stdout] 
[INFO] [stdout] For more information about this error, try `rustc --explain E0432`.
[INFO] [stdout] 
[INFO] [stderr] error: could not compile `crossbeam-channel` due to 7 previous errors
[INFO] [stderr] warning: build failed, waiting for other jobs to finish...
[INFO] [stdout] error[E0713]: borrow may still be in use when destructor runs
[INFO] [stdout]    --> /opt/rustwide/cargo-home/registry/src/github.com-1ecc6299db9ec823/url-1.5.1/src/form_urlencoded.rs:251:40
[INFO] [stdout]     |
[INFO] [stdout] 249 | impl<'a> Target for ::UrlQuery<'a> {
[INFO] [stdout]     |      -- lifetime `'a` defined here
[INFO] [stdout] 250 |     fn as_mut_string(&mut self) -> &mut String { &mut self.url.serialization }
[INFO] [stdout] 251 |     fn finish(self) -> &'a mut ::Url { self.url }
[INFO] [stdout]     |                                        ^^^^^^^^ - here, drop of `self` needs exclusive access to `*self.url`, because the type `UrlQuery<'_>` implements the `Drop` trait
[INFO] [stdout]     |                                        |
[INFO] [stdout]     |                                        returning this value requires that `*self.url` is borrowed for `'a`
[INFO] [stdout] 
[INFO] [stdout] 
[INFO] [stdout] error: aborting due to previous error
[INFO] [stdout] 
[INFO] [stdout] 
[INFO] [stdout] For more information about this error, try `rustc --explain E0713`.
[INFO] [stdout] 
[INFO] [stdout] error[E0713]: borrow may still be in use when destructor runs
[INFO] [stdout]    --> /opt/rustwide/cargo-home/registry/src/github.com-1ecc6299db9ec823/url-1.5.1/src/form_urlencoded.rs:251:40
[INFO] [stdout]     |
[INFO] [stdout] 249 | impl<'a> Target for ::UrlQuery<'a> {
[INFO] [stdout]     |      -- lifetime `'a` defined here
[INFO] [stdout] 250 |     fn as_mut_string(&mut self) -> &mut String { &mut self.url.serialization }
[INFO] [stdout] 251 |     fn finish(self) -> &'a mut ::Url { self.url }
[INFO] [stdout]     |                                        ^^^^^^^^ - here, drop of `self` needs exclusive access to `*self.url`, because the type `UrlQuery<'_>` implements the `Drop` trait
[INFO] [stdout]     |                                        |
[INFO] [stdout]     |                                        returning this value requires that `*self.url` is borrowed for `'a`
[INFO] [stdout] 
[INFO] [stdout] 
[INFO] [stdout] error: aborting due to previous error
[INFO] [stdout] 
[INFO] [stdout] 
[INFO] [stdout] For more information about this error, try `rustc --explain E0713`.
[INFO] [stdout] 
[INFO] [stderr] error: build failed
[INFO] running `Command { std: "docker" "inspect" "07253b47a82e08e2cb2173bf2bbb882ad3d8dad8d4e5be7f64d18911078b7a44", kill_on_drop: false }`
[INFO] running `Command { std: "docker" "rm" "-f" "07253b47a82e08e2cb2173bf2bbb882ad3d8dad8d4e5be7f64d18911078b7a44", kill_on_drop: false }`
[INFO] [stdout] 07253b47a82e08e2cb2173bf2bbb882ad3d8dad8d4e5be7f64d18911078b7a44
