[INFO] fetching crate rxml_proc 0.4.0...
[INFO] checking rxml_proc-0.4.0 against 1.55.0 for beta-1.56-3
[INFO] extracting crate rxml_proc 0.4.0 into /workspace/builds/worker-14/source
[INFO] validating manifest of crates.io crate rxml_proc 0.4.0 on toolchain 1.55.0
[INFO] running `Command { std: "/workspace/cargo-home/bin/cargo" "+1.55.0" "metadata" "--manifest-path" "Cargo.toml" "--no-deps", kill_on_drop: false }`
[INFO] started tweaking crates.io crate rxml_proc 0.4.0
[INFO] finished tweaking crates.io crate rxml_proc 0.4.0
[INFO] tweaked toml for crates.io crate rxml_proc 0.4.0 written to /workspace/builds/worker-14/source/Cargo.toml
[INFO] crate crates.io crate rxml_proc 0.4.0 already has a lockfile, it will not be regenerated
[INFO] running `Command { std: "/workspace/cargo-home/bin/cargo" "+1.55.0" "fetch" "--manifest-path" "Cargo.toml", kill_on_drop: false }`
[INFO] [stderr]  Downloading crates ...
[INFO] [stderr]   Downloaded rxml_validation v0.4.0
[INFO] running `Command { std: "docker" "create" "-v" "/var/lib/crater-agent-workspace/builds/worker-14/target:/opt/rustwide/target:rw,Z" "-v" "/var/lib/crater-agent-workspace/builds/worker-14/source:/opt/rustwide/workdir:ro,Z" "-v" "/var/lib/crater-agent-workspace/cargo-home:/opt/rustwide/cargo-home:ro,Z" "-v" "/var/lib/crater-agent-workspace/rustup-home:/opt/rustwide/rustup-home:ro,Z" "-e" "SOURCE_DIR=/opt/rustwide/workdir" "-e" "CARGO_TARGET_DIR=/opt/rustwide/target" "-e" "CARGO_HOME=/opt/rustwide/cargo-home" "-e" "RUSTUP_HOME=/opt/rustwide/rustup-home" "-w" "/opt/rustwide/workdir" "-m" "1610612736" "--user" "0:0" "--network" "none" "ghcr.io/rust-lang/crates-build-env/linux@sha256:a89201d6b5b9fd45c15d5952ece0a0129e7e80cb26ec023fd59cf09bc26f1604" "/opt/rustwide/cargo-home/bin/cargo" "+1.55.0" "metadata" "--no-deps" "--format-version=1", kill_on_drop: false }`
[INFO] [stdout] 507f95bc6dfd0f3a299e85463117c912ead4a9e69d1058ca122a0e4557e27c1a
[INFO] [stderr] WARNING: Your kernel does not support swap limit capabilities or the cgroup is not mounted. Memory limited without swap.
[INFO] running `Command { std: "docker" "start" "-a" "507f95bc6dfd0f3a299e85463117c912ead4a9e69d1058ca122a0e4557e27c1a", kill_on_drop: false }`
[INFO] running `Command { std: "docker" "inspect" "507f95bc6dfd0f3a299e85463117c912ead4a9e69d1058ca122a0e4557e27c1a", kill_on_drop: false }`
[INFO] running `Command { std: "docker" "rm" "-f" "507f95bc6dfd0f3a299e85463117c912ead4a9e69d1058ca122a0e4557e27c1a", kill_on_drop: false }`
[INFO] [stdout] 507f95bc6dfd0f3a299e85463117c912ead4a9e69d1058ca122a0e4557e27c1a
[INFO] running `Command { std: "docker" "create" "-v" "/var/lib/crater-agent-workspace/builds/worker-14/target:/opt/rustwide/target:rw,Z" "-v" "/var/lib/crater-agent-workspace/builds/worker-14/source:/opt/rustwide/workdir:ro,Z" "-v" "/var/lib/crater-agent-workspace/cargo-home:/opt/rustwide/cargo-home:ro,Z" "-v" "/var/lib/crater-agent-workspace/rustup-home:/opt/rustwide/rustup-home:ro,Z" "-e" "SOURCE_DIR=/opt/rustwide/workdir" "-e" "CARGO_TARGET_DIR=/opt/rustwide/target" "-e" "CARGO_INCREMENTAL=0" "-e" "RUST_BACKTRACE=full" "-e" "RUSTFLAGS=--cap-lints=warn" "-e" "CARGO_HOME=/opt/rustwide/cargo-home" "-e" "RUSTUP_HOME=/opt/rustwide/rustup-home" "-w" "/opt/rustwide/workdir" "-m" "1610612736" "--user" "0:0" "--network" "none" "ghcr.io/rust-lang/crates-build-env/linux@sha256:a89201d6b5b9fd45c15d5952ece0a0129e7e80cb26ec023fd59cf09bc26f1604" "/opt/rustwide/cargo-home/bin/cargo" "+1.55.0" "check" "--frozen" "--all" "--all-targets" "--message-format=json", kill_on_drop: false }`
[INFO] [stderr] WARNING: Your kernel does not support swap limit capabilities or the cgroup is not mounted. Memory limited without swap.
[INFO] [stdout] 6c2dcc2c4e7f02c07937e62d8e587e77a61228d9f7bba5659888f8a80db85363
[INFO] running `Command { std: "docker" "start" "-a" "6c2dcc2c4e7f02c07937e62d8e587e77a61228d9f7bba5659888f8a80db85363", kill_on_drop: false }`
[INFO] [stderr]    Compiling proc-macro2 v1.0.28
[INFO] [stderr]     Checking rxml_validation v0.4.0
[INFO] [stderr]     Checking quote v1.0.9
[INFO] [stderr]    Compiling syn v1.0.74
[INFO] [stderr]     Checking rxml_proc v0.4.0 (/opt/rustwide/workdir)
[INFO] [stdout] error[E0433]: failed to resolve: use of undeclared crate or module `rxml`
[INFO] [stdout]  --> examples/test.rs:3:21
[INFO] [stdout]   |
[INFO] [stdout] 3 | const FOO: &'static rxml::CDataStr = xml_cdata!("foo");
[INFO] [stdout]   |                     ^^^^ use of undeclared crate or module `rxml`
[INFO] [stdout] 
[INFO] [stdout] 
[INFO] [stdout] error[E0433]: failed to resolve: use of undeclared crate or module `rxml`
[INFO] [stdout]  --> examples/test.rs:3:38
[INFO] [stdout]   |
[INFO] [stdout] 3 | const FOO: &'static rxml::CDataStr = xml_cdata!("foo");
[INFO] [stdout]   |                                      ^^^^^^^^^^^^^^^^^ use of undeclared crate or module `rxml`
[INFO] [stdout]   |
[INFO] [stdout]   = note: this error originates in the macro `xml_cdata` (in Nightly builds, run with -Z macro-backtrace for more info)
[INFO] [stdout] 
[INFO] [stdout] 
[INFO] [stdout] error[E0433]: failed to resolve: use of undeclared crate or module `rxml`
[INFO] [stdout]  --> examples/test.rs:4:21
[INFO] [stdout]   |
[INFO] [stdout] 4 | const BAR: &'static rxml::NameStr = xml_name!("foo:bar");
[INFO] [stdout]   |                     ^^^^ use of undeclared crate or module `rxml`
[INFO] [stdout] 
[INFO] [stdout] 
[INFO] [stdout] error[E0433]: failed to resolve: use of undeclared crate or module `rxml`
[INFO] [stdout]  --> examples/test.rs:4:37
[INFO] [stdout]   |
[INFO] [stdout] 4 | const BAR: &'static rxml::NameStr = xml_name!("foo:bar");
[INFO] [stdout]   |                                     ^^^^^^^^^^^^^^^^^^^^ use of undeclared crate or module `rxml`
[INFO] [stdout]   |
[INFO] [stdout]   = note: this error originates in the macro `xml_name` (in Nightly builds, run with -Z macro-backtrace for more info)
[INFO] [stdout] 
[INFO] [stdout] 
[INFO] [stdout] error[E0433]: failed to resolve: use of undeclared crate or module `rxml`
[INFO] [stdout]  --> examples/test.rs:5:21
[INFO] [stdout]   |
[INFO] [stdout] 5 | const BAZ: &'static rxml::NCNameStr = xml_ncname!("foobar");
[INFO] [stdout]   |                     ^^^^ use of undeclared crate or module `rxml`
[INFO] [stdout] 
[INFO] [stdout] 
[INFO] [stdout] error[E0433]: failed to resolve: use of undeclared crate or module `rxml`
[INFO] [stdout]  --> examples/test.rs:5:39
[INFO] [stdout]   |
[INFO] [stdout] 5 | const BAZ: &'static rxml::NCNameStr = xml_ncname!("foobar");
[INFO] [stdout]   |                                       ^^^^^^^^^^^^^^^^^^^^^ use of undeclared crate or module `rxml`
[INFO] [stdout]   |
[INFO] [stdout]   = note: this error originates in the macro `xml_ncname` (in Nightly builds, run with -Z macro-backtrace for more info)
[INFO] [stdout] 
[INFO] [stdout] 
[INFO] [stdout] error: aborting due to 6 previous errors
[INFO] [stdout] 
[INFO] [stdout] 
[INFO] [stdout] For more information about this error, try `rustc --explain E0433`.
[INFO] [stdout] 
[INFO] [stderr] error: could not compile `rxml_proc` due to 7 previous errors
[INFO] running `Command { std: "docker" "inspect" "6c2dcc2c4e7f02c07937e62d8e587e77a61228d9f7bba5659888f8a80db85363", kill_on_drop: false }`
[INFO] running `Command { std: "docker" "rm" "-f" "6c2dcc2c4e7f02c07937e62d8e587e77a61228d9f7bba5659888f8a80db85363", kill_on_drop: false }`
[INFO] [stdout] 6c2dcc2c4e7f02c07937e62d8e587e77a61228d9f7bba5659888f8a80db85363
