[INFO] fetching crate rwarden 0.0.1...
[INFO] checking rwarden-0.0.1 against 1.55.0 for beta-1.56-3
[INFO] extracting crate rwarden 0.0.1 into /workspace/builds/worker-6/source
[INFO] validating manifest of crates.io crate rwarden 0.0.1 on toolchain 1.55.0
[INFO] running `Command { std: "/workspace/cargo-home/bin/cargo" "+1.55.0" "metadata" "--manifest-path" "Cargo.toml" "--no-deps", kill_on_drop: false }`
[INFO] started tweaking crates.io crate rwarden 0.0.1
[INFO] finished tweaking crates.io crate rwarden 0.0.1
[INFO] tweaked toml for crates.io crate rwarden 0.0.1 written to /workspace/builds/worker-6/source/Cargo.toml
[INFO] running `Command { std: "/workspace/cargo-home/bin/cargo" "+1.55.0" "generate-lockfile" "--manifest-path" "Cargo.toml" "-Zno-index-update", kill_on_drop: false }`
[INFO] [stderr]     Blocking waiting for file lock on package cache
[INFO] running `Command { std: "/workspace/cargo-home/bin/cargo" "+1.55.0" "fetch" "--manifest-path" "Cargo.toml", kill_on_drop: false }`
[INFO] [stderr]     Blocking waiting for file lock on package cache
[INFO] [stderr]  Downloading crates ...
[INFO] [stderr]   Downloaded typed-builder v0.9.1
[INFO] [stderr]   Downloaded derive_setters v0.1.5
[INFO] [stderr]   Downloaded rwarden_crypto v0.0.1
[INFO] running `Command { std: "docker" "create" "-v" "/var/lib/crater-agent-workspace/builds/worker-6/target:/opt/rustwide/target:rw,Z" "-v" "/var/lib/crater-agent-workspace/builds/worker-6/source:/opt/rustwide/workdir:ro,Z" "-v" "/var/lib/crater-agent-workspace/cargo-home:/opt/rustwide/cargo-home:ro,Z" "-v" "/var/lib/crater-agent-workspace/rustup-home:/opt/rustwide/rustup-home:ro,Z" "-e" "SOURCE_DIR=/opt/rustwide/workdir" "-e" "CARGO_TARGET_DIR=/opt/rustwide/target" "-e" "CARGO_HOME=/opt/rustwide/cargo-home" "-e" "RUSTUP_HOME=/opt/rustwide/rustup-home" "-w" "/opt/rustwide/workdir" "-m" "1610612736" "--user" "0:0" "--network" "none" "ghcr.io/rust-lang/crates-build-env/linux@sha256:a89201d6b5b9fd45c15d5952ece0a0129e7e80cb26ec023fd59cf09bc26f1604" "/opt/rustwide/cargo-home/bin/cargo" "+1.55.0" "metadata" "--no-deps" "--format-version=1", kill_on_drop: false }`
[INFO] [stderr] WARNING: Your kernel does not support swap limit capabilities or the cgroup is not mounted. Memory limited without swap.
[INFO] [stdout] 8ea6ddf000852e9f01a8506eb6c5a23357effb41b76ff2aa52a708150c8a9b7b
[INFO] running `Command { std: "docker" "start" "-a" "8ea6ddf000852e9f01a8506eb6c5a23357effb41b76ff2aa52a708150c8a9b7b", kill_on_drop: false }`
[INFO] running `Command { std: "docker" "inspect" "8ea6ddf000852e9f01a8506eb6c5a23357effb41b76ff2aa52a708150c8a9b7b", kill_on_drop: false }`
[INFO] running `Command { std: "docker" "rm" "-f" "8ea6ddf000852e9f01a8506eb6c5a23357effb41b76ff2aa52a708150c8a9b7b", kill_on_drop: false }`
[INFO] [stdout] 8ea6ddf000852e9f01a8506eb6c5a23357effb41b76ff2aa52a708150c8a9b7b
[INFO] running `Command { std: "docker" "create" "-v" "/var/lib/crater-agent-workspace/builds/worker-6/target:/opt/rustwide/target:rw,Z" "-v" "/var/lib/crater-agent-workspace/builds/worker-6/source:/opt/rustwide/workdir:ro,Z" "-v" "/var/lib/crater-agent-workspace/cargo-home:/opt/rustwide/cargo-home:ro,Z" "-v" "/var/lib/crater-agent-workspace/rustup-home:/opt/rustwide/rustup-home:ro,Z" "-e" "SOURCE_DIR=/opt/rustwide/workdir" "-e" "CARGO_TARGET_DIR=/opt/rustwide/target" "-e" "CARGO_INCREMENTAL=0" "-e" "RUST_BACKTRACE=full" "-e" "RUSTFLAGS=--cap-lints=warn" "-e" "CARGO_HOME=/opt/rustwide/cargo-home" "-e" "RUSTUP_HOME=/opt/rustwide/rustup-home" "-w" "/opt/rustwide/workdir" "-m" "1610612736" "--user" "0:0" "--network" "none" "ghcr.io/rust-lang/crates-build-env/linux@sha256:a89201d6b5b9fd45c15d5952ece0a0129e7e80cb26ec023fd59cf09bc26f1604" "/opt/rustwide/cargo-home/bin/cargo" "+1.55.0" "check" "--frozen" "--all" "--all-targets" "--message-format=json", kill_on_drop: false }`
[INFO] [stdout] 5bf5d0aba461c50591afc3e8572415449bf7ffd835a588d7ca3318db722ff971
[INFO] [stderr] WARNING: Your kernel does not support swap limit capabilities or the cgroup is not mounted. Memory limited without swap.
[INFO] running `Command { std: "docker" "start" "-a" "5bf5d0aba461c50591afc3e8572415449bf7ffd835a588d7ca3318db722ff971", kill_on_drop: false }`
[INFO] [stderr]     Blocking waiting for file lock on package cache
[INFO] [stderr]     Blocking waiting for file lock on package cache
[INFO] [stderr]     Checking base64ct v1.1.1
[INFO] [stderr]    Compiling tokio v1.12.0
[INFO] [stderr]     Checking crypto-mac v0.11.1
[INFO] [stderr]    Compiling darling_core v0.10.2
[INFO] [stderr]    Compiling displaydoc v0.2.3
[INFO] [stderr]    Compiling async-stream-impl v0.3.2
[INFO] [stderr]    Compiling typed-builder v0.9.1
[INFO] [stderr]     Checking futures-util v0.3.17
[INFO] [stderr]     Checking url v2.2.2
[INFO] [stderr]     Checking uuid v0.8.2
[INFO] [stderr]     Checking chrono v0.4.19
[INFO] [stderr]     Checking hmac v0.11.0
[INFO] [stderr]     Checking password-hash v0.2.3
[INFO] [stderr]     Checking hkdf v0.11.0
[INFO] [stderr]     Checking pbkdf2 v0.8.0
[INFO] [stderr]     Checking rwarden_crypto v0.0.1
[INFO] [stderr]     Checking async-stream v0.3.2
[INFO] [stderr]    Compiling darling_macro v0.10.2
[INFO] [stderr]     Checking tokio-util v0.6.8
[INFO] [stderr]     Checking tokio-native-tls v0.3.0
[INFO] [stderr]     Checking futures-executor v0.3.17
[INFO] [stderr]     Checking futures v0.3.17
[INFO] [stderr]     Checking h2 v0.3.6
[INFO] [stderr]    Compiling darling v0.10.2
[INFO] [stderr]    Compiling derive_setters v0.1.5
[INFO] [stderr]     Checking hyper v0.14.13
[INFO] [stderr]     Checking hyper-tls v0.5.0
[INFO] [stderr]     Checking reqwest v0.11.5
[INFO] [stderr]     Checking rwarden v0.0.1 (/opt/rustwide/workdir)
[INFO] [stdout] error[E0560]: struct `cipher::request::ModifyBuilder<((Uuid,), (RequestModel,))>` has no field named `_phantom`
[INFO] [stdout]    --> src/cipher/request.rs:166:13
[INFO] [stdout]     |
[INFO] [stdout] 166 |             _phantom: (),
[INFO] [stdout]     |             ^^^^^^^^ help: a field with a similar name exists: `phantom`
[INFO] [stdout] 
[INFO] [stdout] 
[INFO] [stdout] error[E0560]: struct `cipher::request::ModifyBuilder<((Uuid,), (RequestModel,))>` has no field named `_phantom`
[INFO] [stdout]    --> src/cipher/request.rs:166:13
[INFO] [stdout]     |
[INFO] [stdout] 166 |             _phantom: (),
[INFO] [stdout]     |             ^^^^^^^^ help: a field with a similar name exists: `phantom`
[INFO] [stdout] 
[INFO] [stdout] 
[INFO] [stdout] error[E0560]: struct `collection::request::ModifyBuilder<((Uuid,), (Uuid,), (CipherString,), (std::option::Option<Uuid>,), ())>` has no field named `_phantom`
[INFO] [stdout]    --> src/collection/request.rs:169:13
[INFO] [stdout]     |
[INFO] [stdout] 169 |             _phantom: (),
[INFO] [stdout]     |             ^^^^^^^^ help: a field with a similar name exists: `phantom`
[INFO] [stdout] 
[INFO] [stdout] 
[INFO] [stdout] error[E0560]: struct `ModifyDomainsBuilder<((Vec<EquivalentDomains>,), (Vec<GlobalEquivalentDomainsType>,))>` has no field named `_phantom`
[INFO] [stdout]   --> src/settings/request.rs:64:13
[INFO] [stdout]    |
[INFO] [stdout] 64 |             _phantom: (),
[INFO] [stdout]    |             ^^^^^^^^ help: a field with a similar name exists: `phantom`
[INFO] [stdout] 
[INFO] [stdout] 
[INFO] [stdout] error[E0560]: struct `collection::request::ModifyBuilder<((Uuid,), (Uuid,), (CipherString,), (std::option::Option<Uuid>,), ())>` has no field named `_phantom`
[INFO] [stdout]    --> src/collection/request.rs:169:13
[INFO] [stdout]     |
[INFO] [stdout] 169 |             _phantom: (),
[INFO] [stdout]     |             ^^^^^^^^ help: a field with a similar name exists: `phantom`
[INFO] [stdout] 
[INFO] [stdout] 
[INFO] [stdout] error: aborting due to 3 previous errors
[INFO] [stdout] 
[INFO] [stdout] 
[INFO] [stdout] For more information about this error, try `rustc --explain E0560`.
[INFO] [stdout] 
[INFO] [stderr] error: could not compile `rwarden` due to 4 previous errors
[INFO] [stderr] warning: build failed, waiting for other jobs to finish...
[INFO] [stdout] error[E0560]: struct `ModifyDomainsBuilder<((Vec<EquivalentDomains>,), (Vec<GlobalEquivalentDomainsType>,))>` has no field named `_phantom`
[INFO] [stdout]   --> src/settings/request.rs:64:13
[INFO] [stdout]    |
[INFO] [stdout] 64 |             _phantom: (),
[INFO] [stdout]    |             ^^^^^^^^ help: a field with a similar name exists: `phantom`
[INFO] [stdout] 
[INFO] [stdout] 
[INFO] [stdout] error: aborting due to 3 previous errors
[INFO] [stdout] 
[INFO] [stdout] 
[INFO] [stdout] For more information about this error, try `rustc --explain E0560`.
[INFO] [stdout] 
[INFO] [stderr] error: build failed
[INFO] running `Command { std: "docker" "inspect" "5bf5d0aba461c50591afc3e8572415449bf7ffd835a588d7ca3318db722ff971", kill_on_drop: false }`
[INFO] running `Command { std: "docker" "rm" "-f" "5bf5d0aba461c50591afc3e8572415449bf7ffd835a588d7ca3318db722ff971", kill_on_drop: false }`
[INFO] [stdout] 5bf5d0aba461c50591afc3e8572415449bf7ffd835a588d7ca3318db722ff971
