[INFO] fetching crate rustzx-core 0.14.0...
[INFO] checking rustzx-core-0.14.0 against 1.55.0 for beta-1.56-3
[INFO] extracting crate rustzx-core 0.14.0 into /workspace/builds/worker-5/source
[INFO] validating manifest of crates.io crate rustzx-core 0.14.0 on toolchain 1.55.0
[INFO] running `Command { std: "/workspace/cargo-home/bin/cargo" "+1.55.0" "metadata" "--manifest-path" "Cargo.toml" "--no-deps", kill_on_drop: false }`
[INFO] started tweaking crates.io crate rustzx-core 0.14.0
[INFO] finished tweaking crates.io crate rustzx-core 0.14.0
[INFO] tweaked toml for crates.io crate rustzx-core 0.14.0 written to /workspace/builds/worker-5/source/Cargo.toml
[INFO] running `Command { std: "/workspace/cargo-home/bin/cargo" "+1.55.0" "generate-lockfile" "--manifest-path" "Cargo.toml" "-Zno-index-update", kill_on_drop: false }`
[INFO] [stderr]     Blocking waiting for file lock on package cache
[INFO] running `Command { std: "/workspace/cargo-home/bin/cargo" "+1.55.0" "fetch" "--manifest-path" "Cargo.toml", kill_on_drop: false }`
[INFO] [stderr]     Blocking waiting for file lock on package cache
[INFO] running `Command { std: "docker" "create" "-v" "/var/lib/crater-agent-workspace/builds/worker-5/target:/opt/rustwide/target:rw,Z" "-v" "/var/lib/crater-agent-workspace/builds/worker-5/source:/opt/rustwide/workdir:ro,Z" "-v" "/var/lib/crater-agent-workspace/cargo-home:/opt/rustwide/cargo-home:ro,Z" "-v" "/var/lib/crater-agent-workspace/rustup-home:/opt/rustwide/rustup-home:ro,Z" "-e" "SOURCE_DIR=/opt/rustwide/workdir" "-e" "CARGO_TARGET_DIR=/opt/rustwide/target" "-e" "CARGO_HOME=/opt/rustwide/cargo-home" "-e" "RUSTUP_HOME=/opt/rustwide/rustup-home" "-w" "/opt/rustwide/workdir" "-m" "1610612736" "--user" "0:0" "--network" "none" "ghcr.io/rust-lang/crates-build-env/linux@sha256:a89201d6b5b9fd45c15d5952ece0a0129e7e80cb26ec023fd59cf09bc26f1604" "/opt/rustwide/cargo-home/bin/cargo" "+1.55.0" "metadata" "--no-deps" "--format-version=1", kill_on_drop: false }`
[INFO] [stderr] WARNING: Your kernel does not support swap limit capabilities or the cgroup is not mounted. Memory limited without swap.
[INFO] [stdout] b5c7597394b9f4dd6dd593302e7c1997ed5f0c407cfea30923e2ab425a5b3453
[INFO] running `Command { std: "docker" "start" "-a" "b5c7597394b9f4dd6dd593302e7c1997ed5f0c407cfea30923e2ab425a5b3453", kill_on_drop: false }`
[INFO] running `Command { std: "docker" "inspect" "b5c7597394b9f4dd6dd593302e7c1997ed5f0c407cfea30923e2ab425a5b3453", kill_on_drop: false }`
[INFO] running `Command { std: "docker" "rm" "-f" "b5c7597394b9f4dd6dd593302e7c1997ed5f0c407cfea30923e2ab425a5b3453", kill_on_drop: false }`
[INFO] [stdout] b5c7597394b9f4dd6dd593302e7c1997ed5f0c407cfea30923e2ab425a5b3453
[INFO] running `Command { std: "docker" "create" "-v" "/var/lib/crater-agent-workspace/builds/worker-5/target:/opt/rustwide/target:rw,Z" "-v" "/var/lib/crater-agent-workspace/builds/worker-5/source:/opt/rustwide/workdir:ro,Z" "-v" "/var/lib/crater-agent-workspace/cargo-home:/opt/rustwide/cargo-home:ro,Z" "-v" "/var/lib/crater-agent-workspace/rustup-home:/opt/rustwide/rustup-home:ro,Z" "-e" "SOURCE_DIR=/opt/rustwide/workdir" "-e" "CARGO_TARGET_DIR=/opt/rustwide/target" "-e" "CARGO_INCREMENTAL=0" "-e" "RUST_BACKTRACE=full" "-e" "RUSTFLAGS=--cap-lints=warn" "-e" "CARGO_HOME=/opt/rustwide/cargo-home" "-e" "RUSTUP_HOME=/opt/rustwide/rustup-home" "-w" "/opt/rustwide/workdir" "-m" "1610612736" "--user" "0:0" "--network" "none" "ghcr.io/rust-lang/crates-build-env/linux@sha256:a89201d6b5b9fd45c15d5952ece0a0129e7e80cb26ec023fd59cf09bc26f1604" "/opt/rustwide/cargo-home/bin/cargo" "+1.55.0" "check" "--frozen" "--all" "--all-targets" "--message-format=json", kill_on_drop: false }`
[INFO] [stdout] c8b75c57376a992a6debe4f39c30b7dfd098bb27b67486814162b26499738955
[INFO] [stderr] WARNING: Your kernel does not support swap limit capabilities or the cgroup is not mounted. Memory limited without swap.
[INFO] running `Command { std: "docker" "start" "-a" "c8b75c57376a992a6debe4f39c30b7dfd098bb27b67486814162b26499738955", kill_on_drop: false }`
[INFO] [stderr]     Checking rustzx-z80 v0.14.0
[INFO] [stderr]    Compiling displaydoc v0.2.3
[INFO] [stderr]    Compiling from_variants_impl v0.6.0
[INFO] [stderr]     Checking from_variants v0.6.0
[INFO] [stderr]     Checking rustzx-core v0.14.0 (/opt/rustwide/workdir)
[INFO] [stdout] error[E0433]: failed to resolve: could not find `sound` in `zx`
[INFO] [stdout]   --> tests/integration/framework.rs:10:9
[INFO] [stdout]    |
[INFO] [stdout] 10 |         sound::ay::ZXAYMode,
[INFO] [stdout]    |         ^^^^^ could not find `sound` in `zx`
[INFO] [stdout] 
[INFO] [stdout] 
[INFO] [stdout] error[E0433]: failed to resolve: use of undeclared crate or module `rustzx_utils`
[INFO] [stdout]   --> tests/integration/framework.rs:15:5
[INFO] [stdout]    |
[INFO] [stdout] 15 | use rustzx_utils::{palette::rgba::ORIGINAL as DEFAULT_PALETTE, stopwatch::InstantStopwatch};
[INFO] [stdout]    |     ^^^^^^^^^^^^ use of undeclared crate or module `rustzx_utils`
[INFO] [stdout] 
[INFO] [stdout] 
[INFO] [stdout] error[E0433]: failed to resolve: use of undeclared type `ZXAYMode`
[INFO] [stdout]    --> tests/integration/framework.rs:128:22
[INFO] [stdout]     |
[INFO] [stdout] 128 |             ay_mode: ZXAYMode::ABC,
[INFO] [stdout]     |                      ^^^^^^^^ use of undeclared type `ZXAYMode`
[INFO] [stdout] 
[INFO] [stdout] 
[INFO] [stdout] error[E0425]: cannot find value `DEFAULT_PALETTE` in this scope
[INFO] [stdout]   --> tests/integration/framework.rs:18:5
[INFO] [stdout]    |
[INFO] [stdout] 18 |     DEFAULT_PALETTE
[INFO] [stdout]    |     ^^^^^^^^^^^^^^^ not found in this scope
[INFO] [stdout] 
[INFO] [stdout] 
[INFO] [stdout] error[E0412]: cannot find type `InstantStopwatch` in this scope
[INFO] [stdout]    --> tests/integration/framework.rs:108:31
[INFO] [stdout]     |
[INFO] [stdout] 108 |     type EmulationStopwatch = InstantStopwatch;
[INFO] [stdout]     |                               ^^^^^^^^^^^^^^^^ not found in this scope
[INFO] [stdout] 
[INFO] [stdout] 
[INFO] [stdout] error[E0560]: struct `rustzx_core::RustzxSettings` has no field named `ay_mode`
[INFO] [stdout]    --> tests/integration/framework.rs:128:13
[INFO] [stdout]     |
[INFO] [stdout] 128 |             ay_mode: ZXAYMode::ABC,
[INFO] [stdout]     |             ^^^^^^^ `rustzx_core::RustzxSettings` does not have this field
[INFO] [stdout]     |
[INFO] [stdout]     = note: available fields are: `machine`, `emulation_mode`, `tape_fastload_enabled`, `kempston_enabled`, `mouse_enabled`
[INFO] [stdout] 
[INFO] [stdout] 
[INFO] [stdout] error[E0560]: struct `rustzx_core::RustzxSettings` has no field named `ay_enabled`
[INFO] [stdout]    --> tests/integration/framework.rs:129:13
[INFO] [stdout]     |
[INFO] [stdout] 129 |             ay_enabled: false,
[INFO] [stdout]     |             ^^^^^^^^^^ `rustzx_core::RustzxSettings` does not have this field
[INFO] [stdout]     |
[INFO] [stdout]     = note: available fields are: `machine`, `emulation_mode`, `tape_fastload_enabled`, `kempston_enabled`, `mouse_enabled`
[INFO] [stdout] 
[INFO] [stdout] 
[INFO] [stdout] error[E0560]: struct `rustzx_core::RustzxSettings` has no field named `beeper_enabled`
[INFO] [stdout]    --> tests/integration/framework.rs:130:13
[INFO] [stdout]     |
[INFO] [stdout] 130 |             beeper_enabled: false,
[INFO] [stdout]     |             ^^^^^^^^^^^^^^ `rustzx_core::RustzxSettings` does not have this field
[INFO] [stdout]     |
[INFO] [stdout]     = note: available fields are: `machine`, `emulation_mode`, `tape_fastload_enabled`, `kempston_enabled`, `mouse_enabled`
[INFO] [stdout] 
[INFO] [stdout] 
[INFO] [stdout] error[E0560]: struct `rustzx_core::RustzxSettings` has no field named `sound_enabled`
[INFO] [stdout]    --> tests/integration/framework.rs:131:13
[INFO] [stdout]     |
[INFO] [stdout] 131 |             sound_enabled: false,
[INFO] [stdout]     |             ^^^^^^^^^^^^^ `rustzx_core::RustzxSettings` does not have this field
[INFO] [stdout]     |
[INFO] [stdout]     = note: available fields are: `machine`, `emulation_mode`, `tape_fastload_enabled`, `kempston_enabled`, `mouse_enabled`
[INFO] [stdout] 
[INFO] [stdout] 
[INFO] [stdout] error[E0560]: struct `rustzx_core::RustzxSettings` has no field named `sound_volume`
[INFO] [stdout]    --> tests/integration/framework.rs:132:13
[INFO] [stdout]     |
[INFO] [stdout] 132 |             sound_volume: 100,
[INFO] [stdout]     |             ^^^^^^^^^^^^ `rustzx_core::RustzxSettings` does not have this field
[INFO] [stdout]     |
[INFO] [stdout]     = note: available fields are: `machine`, `emulation_mode`, `tape_fastload_enabled`, `kempston_enabled`, `mouse_enabled`
[INFO] [stdout] 
[INFO] [stdout] 
[INFO] [stdout] error[E0560]: struct `rustzx_core::RustzxSettings` has no field named `sound_sample_rate`
[INFO] [stdout]    --> tests/integration/framework.rs:133:13
[INFO] [stdout]     |
[INFO] [stdout] 133 |             sound_sample_rate: 44100,
[INFO] [stdout]     |             ^^^^^^^^^^^^^^^^^ `rustzx_core::RustzxSettings` does not have this field
[INFO] [stdout]     |
[INFO] [stdout]     = note: available fields are: `machine`, `emulation_mode`, `tape_fastload_enabled`, `kempston_enabled`, `mouse_enabled`
[INFO] [stdout] 
[INFO] [stdout] 
[INFO] [stdout] error[E0560]: struct `rustzx_core::RustzxSettings` has no field named `load_default_rom`
[INFO] [stdout]    --> tests/integration/framework.rs:134:13
[INFO] [stdout]     |
[INFO] [stdout] 134 |             load_default_rom: true,
[INFO] [stdout]     |             ^^^^^^^^^^^^^^^^ `rustzx_core::RustzxSettings` does not have this field
[INFO] [stdout]     |
[INFO] [stdout]     = note: available fields are: `machine`, `emulation_mode`, `tape_fastload_enabled`, `kempston_enabled`, `mouse_enabled`
[INFO] [stdout] 
[INFO] [stdout] 
[INFO] [stdout] error[E0560]: struct `rustzx_core::RustzxSettings` has no field named `autoload_enabled`
[INFO] [stdout]    --> tests/integration/framework.rs:135:13
[INFO] [stdout]     |
[INFO] [stdout] 135 |             autoload_enabled: true,
[INFO] [stdout]     |             ^^^^^^^^^^^^^^^^ `rustzx_core::RustzxSettings` does not have this field
[INFO] [stdout]     |
[INFO] [stdout]     = note: available fields are: `machine`, `emulation_mode`, `tape_fastload_enabled`, `kempston_enabled`, `mouse_enabled`
[INFO] [stdout] 
[INFO] [stdout] 
[INFO] [stdout] error[E0599]: no method named `border_buffer` found for struct `Emulator` in the current scope
[INFO] [stdout]    --> tests/integration/framework.rs:176:23
[INFO] [stdout]     |
[INFO] [stdout] 176 |         self.emulator.border_buffer().to_png()
[INFO] [stdout]     |                       ^^^^^^^^^^^^^ help: there is an associated function with a similar name: `screen_buffer`
[INFO] [stdout] 
[INFO] [stdout] 
[INFO] [stdout] error: aborting due to 14 previous errors
[INFO] [stdout] 
[INFO] [stdout] 
[INFO] [stdout] Some errors have detailed explanations: E0412, E0425, E0433, E0560, E0599.
[INFO] [stdout] 
[INFO] [stdout] For more information about an error, try `rustc --explain E0412`.
[INFO] [stdout] 
[INFO] [stderr] error: could not compile `rustzx-core` due to 15 previous errors
[INFO] running `Command { std: "docker" "inspect" "c8b75c57376a992a6debe4f39c30b7dfd098bb27b67486814162b26499738955", kill_on_drop: false }`
[INFO] running `Command { std: "docker" "rm" "-f" "c8b75c57376a992a6debe4f39c30b7dfd098bb27b67486814162b26499738955", kill_on_drop: false }`
[INFO] [stdout] c8b75c57376a992a6debe4f39c30b7dfd098bb27b67486814162b26499738955
