[INFO] fetching crate rustduino 0.2.2...
[INFO] checking rustduino-0.2.2 against beta-2021-10-15 for beta-1.56-3
[INFO] extracting crate rustduino 0.2.2 into /workspace/builds/worker-14/source
[INFO] validating manifest of crates.io crate rustduino 0.2.2 on toolchain beta-2021-10-15
[INFO] running `Command { std: "/workspace/cargo-home/bin/cargo" "+beta-2021-10-15" "metadata" "--manifest-path" "Cargo.toml" "--no-deps", kill_on_drop: false }`
[INFO] started tweaking crates.io crate rustduino 0.2.2
[INFO] finished tweaking crates.io crate rustduino 0.2.2
[INFO] tweaked toml for crates.io crate rustduino 0.2.2 written to /workspace/builds/worker-14/source/Cargo.toml
[INFO] running `Command { std: "/workspace/cargo-home/bin/cargo" "+beta-2021-10-15" "generate-lockfile" "--manifest-path" "Cargo.toml" "-Zno-index-update", kill_on_drop: false }`
[INFO] running `Command { std: "/workspace/cargo-home/bin/cargo" "+beta-2021-10-15" "fetch" "--manifest-path" "Cargo.toml", kill_on_drop: false }`
[INFO] [stderr]  Downloading crates ...
[INFO] [stderr]   Downloaded volatile v0.2.7
[INFO] [stderr]   Downloaded fixed-slice-vec v0.8.0
[INFO] [stderr]   Downloaded const_env_impl--value v0.1.2
[INFO] [stderr]   Downloaded const_env--value v0.1.2
[INFO] [stderr]   Downloaded micromath v2.0.0
[INFO] [stderr]   Downloaded bit_field v0.7.0
[INFO] running `Command { std: "docker" "create" "-v" "/var/lib/crater-agent-workspace/builds/worker-14/target:/opt/rustwide/target:rw,Z" "-v" "/var/lib/crater-agent-workspace/builds/worker-14/source:/opt/rustwide/workdir:ro,Z" "-v" "/var/lib/crater-agent-workspace/cargo-home:/opt/rustwide/cargo-home:ro,Z" "-v" "/var/lib/crater-agent-workspace/rustup-home:/opt/rustwide/rustup-home:ro,Z" "-e" "SOURCE_DIR=/opt/rustwide/workdir" "-e" "CARGO_TARGET_DIR=/opt/rustwide/target" "-e" "CARGO_HOME=/opt/rustwide/cargo-home" "-e" "RUSTUP_HOME=/opt/rustwide/rustup-home" "-w" "/opt/rustwide/workdir" "-m" "1610612736" "--user" "0:0" "--network" "none" "ghcr.io/rust-lang/crates-build-env/linux@sha256:a89201d6b5b9fd45c15d5952ece0a0129e7e80cb26ec023fd59cf09bc26f1604" "/opt/rustwide/cargo-home/bin/cargo" "+beta-2021-10-15" "metadata" "--no-deps" "--format-version=1", kill_on_drop: false }`
[INFO] [stdout] 83d3a305139dae1d10deb6ea468c073c2a922c4ce342501d04e001d1156e4af3
[INFO] [stderr] WARNING: Your kernel does not support swap limit capabilities or the cgroup is not mounted. Memory limited without swap.
[INFO] running `Command { std: "docker" "start" "-a" "83d3a305139dae1d10deb6ea468c073c2a922c4ce342501d04e001d1156e4af3", kill_on_drop: false }`
[INFO] running `Command { std: "docker" "inspect" "83d3a305139dae1d10deb6ea468c073c2a922c4ce342501d04e001d1156e4af3", kill_on_drop: false }`
[INFO] running `Command { std: "docker" "rm" "-f" "83d3a305139dae1d10deb6ea468c073c2a922c4ce342501d04e001d1156e4af3", kill_on_drop: false }`
[INFO] [stdout] 83d3a305139dae1d10deb6ea468c073c2a922c4ce342501d04e001d1156e4af3
[INFO] running `Command { std: "docker" "create" "-v" "/var/lib/crater-agent-workspace/builds/worker-14/target:/opt/rustwide/target:rw,Z" "-v" "/var/lib/crater-agent-workspace/builds/worker-14/source:/opt/rustwide/workdir:ro,Z" "-v" "/var/lib/crater-agent-workspace/cargo-home:/opt/rustwide/cargo-home:ro,Z" "-v" "/var/lib/crater-agent-workspace/rustup-home:/opt/rustwide/rustup-home:ro,Z" "-e" "SOURCE_DIR=/opt/rustwide/workdir" "-e" "CARGO_TARGET_DIR=/opt/rustwide/target" "-e" "CARGO_INCREMENTAL=0" "-e" "RUST_BACKTRACE=full" "-e" "RUSTFLAGS=--cap-lints=warn" "-e" "CARGO_HOME=/opt/rustwide/cargo-home" "-e" "RUSTUP_HOME=/opt/rustwide/rustup-home" "-w" "/opt/rustwide/workdir" "-m" "1610612736" "--user" "0:0" "--network" "none" "ghcr.io/rust-lang/crates-build-env/linux@sha256:a89201d6b5b9fd45c15d5952ece0a0129e7e80cb26ec023fd59cf09bc26f1604" "/opt/rustwide/cargo-home/bin/cargo" "+beta-2021-10-15" "check" "--frozen" "--all" "--all-targets" "--message-format=json", kill_on_drop: false }`
[INFO] [stdout] a6fc7583bd1be3350bba46fda15e3a87aec94a8d5b895e70ad8e7eadcdd90446
[INFO] [stderr] WARNING: Your kernel does not support swap limit capabilities or the cgroup is not mounted. Memory limited without swap.
[INFO] running `Command { std: "docker" "start" "-a" "a6fc7583bd1be3350bba46fda15e3a87aec94a8d5b895e70ad8e7eadcdd90446", kill_on_drop: false }`
[INFO] [stderr]     Checking fixed-slice-vec v0.8.0
[INFO] [stderr]     Checking volatile v0.2.7
[INFO] [stderr]     Checking bit_field v0.7.0
[INFO] [stderr]    Compiling const_env_impl--value v0.1.2
[INFO] [stderr]    Compiling const_env--value v0.1.2
[INFO] [stderr]     Checking rustduino v0.2.2 (/opt/rustwide/workdir)
[INFO] [stdout] error[E0554]: `#![feature]` may not be used on the beta release channel
[INFO] [stdout]  --> src/lib.rs:3:1
[INFO] [stdout]   |
[INFO] [stdout] 3 | #![feature(asm)]
[INFO] [stdout]   | ^^^^^^^^^^^^^^^^
[INFO] [stdout] 
[INFO] [stdout] 
[INFO] [stdout] error[E0554]: `#![feature]` may not be used on the beta release channel
[INFO] [stdout]  --> src/lib.rs:4:1
[INFO] [stdout]   |
[INFO] [stdout] 4 | #![feature(llvm_asm)]
[INFO] [stdout]   | ^^^^^^^^^^^^^^^^^^^^^
[INFO] [stdout] 
[INFO] [stdout] 
[INFO] [stdout] warning: use of deprecated macro `llvm_asm`: will be removed from the compiler, use asm! instead
[INFO] [stdout]   --> src/llvm.rs:20:14
[INFO] [stdout]    |
[INFO] [stdout] 20 |     unsafe { llvm_asm!("nop") }
[INFO] [stdout]    |              ^^^^^^^^
[INFO] [stdout]    |
[INFO] [stdout] note: the lint level is defined here
[INFO] [stdout]   --> src/lib.rs:2:9
[INFO] [stdout]    |
[INFO] [stdout] 2  | #![deny(warnings)]
[INFO] [stdout]    |         ^^^^^^^^
[INFO] [stdout]    = note: `#[warn(deprecated)]` implied by `#[warn(warnings)]`
[INFO] [stdout] 
[INFO] [stdout] 
[INFO] [stdout] warning: use of deprecated macro `llvm_asm`: will be removed from the compiler, use asm! instead
[INFO] [stdout]   --> src/delay.rs:33:13
[INFO] [stdout]    |
[INFO] [stdout] 33 |             llvm_asm!("1: sbiw $0,1
[INFO] [stdout]    |             ^^^^^^^^
[INFO] [stdout] 
[INFO] [stdout] 
[INFO] [stdout] warning: use of deprecated macro `llvm_asm`: will be removed from the compiler, use asm! instead
[INFO] [stdout]   --> src/delay.rs:42:9
[INFO] [stdout]    |
[INFO] [stdout] 42 |         llvm_asm!("1: sbiw $0,1
[INFO] [stdout]    |         ^^^^^^^^
[INFO] [stdout] 
[INFO] [stdout] 
[INFO] [stdout] error: aborting due to 2 previous errors; 3 warnings emitted
[INFO] [stdout] 
[INFO] [stdout] 
[INFO] [stdout] For more information about this error, try `rustc --explain E0554`.
[INFO] [stdout] 
[INFO] [stderr] error: could not compile `rustduino` due to 3 previous errors; 3 warnings emitted
[INFO] [stderr] warning: build failed, waiting for other jobs to finish...
[INFO] [stdout] error[E0554]: `#![feature]` may not be used on the beta release channel
[INFO] [stdout]  --> src/lib.rs:3:1
[INFO] [stdout]   |
[INFO] [stdout] 3 | #![feature(asm)]
[INFO] [stdout]   | ^^^^^^^^^^^^^^^^
[INFO] [stdout] 
[INFO] [stdout] 
[INFO] [stdout] error[E0554]: `#![feature]` may not be used on the beta release channel
[INFO] [stdout]  --> src/lib.rs:4:1
[INFO] [stdout]   |
[INFO] [stdout] 4 | #![feature(llvm_asm)]
[INFO] [stdout]   | ^^^^^^^^^^^^^^^^^^^^^
[INFO] [stdout] 
[INFO] [stdout] 
[INFO] [stdout] warning: use of deprecated macro `llvm_asm`: will be removed from the compiler, use asm! instead
[INFO] [stdout]   --> src/llvm.rs:20:14
[INFO] [stdout]    |
[INFO] [stdout] 20 |     unsafe { llvm_asm!("nop") }
[INFO] [stdout]    |              ^^^^^^^^
[INFO] [stdout]    |
[INFO] [stdout] note: the lint level is defined here
[INFO] [stdout]   --> src/lib.rs:2:9
[INFO] [stdout]    |
[INFO] [stdout] 2  | #![deny(warnings)]
[INFO] [stdout]    |         ^^^^^^^^
[INFO] [stdout]    = note: `#[warn(deprecated)]` implied by `#[warn(warnings)]`
[INFO] [stdout] 
[INFO] [stdout] 
[INFO] [stdout] warning: use of deprecated macro `llvm_asm`: will be removed from the compiler, use asm! instead
[INFO] [stdout]   --> src/delay.rs:33:13
[INFO] [stdout]    |
[INFO] [stdout] 33 |             llvm_asm!("1: sbiw $0,1
[INFO] [stdout]    |             ^^^^^^^^
[INFO] [stdout] 
[INFO] [stdout] 
[INFO] [stdout] warning: use of deprecated macro `llvm_asm`: will be removed from the compiler, use asm! instead
[INFO] [stdout]   --> src/delay.rs:42:9
[INFO] [stdout]    |
[INFO] [stdout] 42 |         llvm_asm!("1: sbiw $0,1
[INFO] [stdout]    |         ^^^^^^^^
[INFO] [stdout] 
[INFO] [stdout] 
[INFO] [stdout] error: aborting due to 2 previous errors; 3 warnings emitted
[INFO] [stdout] 
[INFO] [stdout] 
[INFO] [stdout] For more information about this error, try `rustc --explain E0554`.
[INFO] [stdout] 
[INFO] [stderr] error: build failed
[INFO] running `Command { std: "docker" "inspect" "a6fc7583bd1be3350bba46fda15e3a87aec94a8d5b895e70ad8e7eadcdd90446", kill_on_drop: false }`
[INFO] running `Command { std: "docker" "rm" "-f" "a6fc7583bd1be3350bba46fda15e3a87aec94a8d5b895e70ad8e7eadcdd90446", kill_on_drop: false }`
[INFO] [stdout] a6fc7583bd1be3350bba46fda15e3a87aec94a8d5b895e70ad8e7eadcdd90446
