[INFO] fetching crate rustc-rayon-core 0.3.1...
[INFO] checking rustc-rayon-core-0.3.1 against 1.55.0 for beta-1.56-3
[INFO] extracting crate rustc-rayon-core 0.3.1 into /workspace/builds/worker-4/source
[INFO] validating manifest of crates.io crate rustc-rayon-core 0.3.1 on toolchain 1.55.0
[INFO] running `Command { std: "/workspace/cargo-home/bin/cargo" "+1.55.0" "metadata" "--manifest-path" "Cargo.toml" "--no-deps", kill_on_drop: false }`
[INFO] started tweaking crates.io crate rustc-rayon-core 0.3.1
[INFO] removed 0 missing tests
[INFO] finished tweaking crates.io crate rustc-rayon-core 0.3.1
[INFO] tweaked toml for crates.io crate rustc-rayon-core 0.3.1 written to /workspace/builds/worker-4/source/Cargo.toml
[INFO] running `Command { std: "/workspace/cargo-home/bin/cargo" "+1.55.0" "generate-lockfile" "--manifest-path" "Cargo.toml" "-Zno-index-update", kill_on_drop: false }`
[INFO] running `Command { std: "/workspace/cargo-home/bin/cargo" "+1.55.0" "fetch" "--manifest-path" "Cargo.toml", kill_on_drop: false }`
[INFO] running `Command { std: "docker" "create" "-v" "/var/lib/crater-agent-workspace/builds/worker-4/target:/opt/rustwide/target:rw,Z" "-v" "/var/lib/crater-agent-workspace/builds/worker-4/source:/opt/rustwide/workdir:ro,Z" "-v" "/var/lib/crater-agent-workspace/cargo-home:/opt/rustwide/cargo-home:ro,Z" "-v" "/var/lib/crater-agent-workspace/rustup-home:/opt/rustwide/rustup-home:ro,Z" "-e" "SOURCE_DIR=/opt/rustwide/workdir" "-e" "CARGO_TARGET_DIR=/opt/rustwide/target" "-e" "CARGO_HOME=/opt/rustwide/cargo-home" "-e" "RUSTUP_HOME=/opt/rustwide/rustup-home" "-w" "/opt/rustwide/workdir" "-m" "1610612736" "--user" "0:0" "--network" "none" "ghcr.io/rust-lang/crates-build-env/linux@sha256:a89201d6b5b9fd45c15d5952ece0a0129e7e80cb26ec023fd59cf09bc26f1604" "/opt/rustwide/cargo-home/bin/cargo" "+1.55.0" "metadata" "--no-deps" "--format-version=1", kill_on_drop: false }`
[INFO] [stdout] 8fb88b3b9f6f83ad829b75c27677bec18982dbd4173815d9a922c09b51ff05c0
[INFO] [stderr] WARNING: Your kernel does not support swap limit capabilities or the cgroup is not mounted. Memory limited without swap.
[INFO] running `Command { std: "docker" "start" "-a" "8fb88b3b9f6f83ad829b75c27677bec18982dbd4173815d9a922c09b51ff05c0", kill_on_drop: false }`
[INFO] running `Command { std: "docker" "inspect" "8fb88b3b9f6f83ad829b75c27677bec18982dbd4173815d9a922c09b51ff05c0", kill_on_drop: false }`
[INFO] running `Command { std: "docker" "rm" "-f" "8fb88b3b9f6f83ad829b75c27677bec18982dbd4173815d9a922c09b51ff05c0", kill_on_drop: false }`
[INFO] [stdout] 8fb88b3b9f6f83ad829b75c27677bec18982dbd4173815d9a922c09b51ff05c0
[INFO] running `Command { std: "docker" "create" "-v" "/var/lib/crater-agent-workspace/builds/worker-4/target:/opt/rustwide/target:rw,Z" "-v" "/var/lib/crater-agent-workspace/builds/worker-4/source:/opt/rustwide/workdir:ro,Z" "-v" "/var/lib/crater-agent-workspace/cargo-home:/opt/rustwide/cargo-home:ro,Z" "-v" "/var/lib/crater-agent-workspace/rustup-home:/opt/rustwide/rustup-home:ro,Z" "-e" "SOURCE_DIR=/opt/rustwide/workdir" "-e" "CARGO_TARGET_DIR=/opt/rustwide/target" "-e" "CARGO_INCREMENTAL=0" "-e" "RUST_BACKTRACE=full" "-e" "RUSTFLAGS=--cap-lints=warn" "-e" "CARGO_HOME=/opt/rustwide/cargo-home" "-e" "RUSTUP_HOME=/opt/rustwide/rustup-home" "-w" "/opt/rustwide/workdir" "-m" "1610612736" "--user" "0:0" "--network" "none" "ghcr.io/rust-lang/crates-build-env/linux@sha256:a89201d6b5b9fd45c15d5952ece0a0129e7e80cb26ec023fd59cf09bc26f1604" "/opt/rustwide/cargo-home/bin/cargo" "+1.55.0" "check" "--frozen" "--all" "--all-targets" "--message-format=json", kill_on_drop: false }`
[INFO] [stdout] d751c198515e070e5f598fd821bf83cdb9d2aea2807af6be2f40ccb106121465
[INFO] [stderr] WARNING: Your kernel does not support swap limit capabilities or the cgroup is not mounted. Memory limited without swap.
[INFO] running `Command { std: "docker" "start" "-a" "d751c198515e070e5f598fd821bf83cdb9d2aea2807af6be2f40ccb106121465", kill_on_drop: false }`
[INFO] [stderr]    Compiling rustc-rayon-core v0.3.1 (/opt/rustwide/workdir)
[INFO] [stderr]     Checking rand_xorshift v0.2.0
[INFO] [stdout] warning: use of deprecated associated function `std::error::Error::description`: use the Display impl or to_string()
[INFO] [stdout]    --> src/lib.rs:722:44
[INFO] [stdout]     |
[INFO] [stdout] 722 |             ErrorKind::IOError(ref e) => e.description(),
[INFO] [stdout]     |                                            ^^^^^^^^^^^
[INFO] [stdout]     |
[INFO] [stdout]     = note: `#[warn(deprecated)]` on by default
[INFO] [stdout] 
[INFO] [stdout] 
[INFO] [stdout] warning: use of deprecated associated function `std::error::Error::description`: use the Display impl or to_string()
[INFO] [stdout]    --> src/lib.rs:731:23
[INFO] [stdout]     |
[INFO] [stdout] 731 |             _ => self.description().fmt(f),
[INFO] [stdout]     |                       ^^^^^^^^^^^
[INFO] [stdout] 
[INFO] [stdout] 
[INFO] [stdout] warning: use of deprecated associated function `std::error::Error::description`: use the Display impl or to_string()
[INFO] [stdout]    --> src/lib.rs:722:44
[INFO] [stdout]     |
[INFO] [stdout] 722 |             ErrorKind::IOError(ref e) => e.description(),
[INFO] [stdout]     |                                            ^^^^^^^^^^^
[INFO] [stdout]     |
[INFO] [stdout]     = note: `#[warn(deprecated)]` on by default
[INFO] [stdout] 
[INFO] [stdout] 
[INFO] [stdout] warning: use of deprecated associated function `std::error::Error::description`: use the Display impl or to_string()
[INFO] [stdout]    --> src/lib.rs:731:23
[INFO] [stdout]     |
[INFO] [stdout] 731 |             _ => self.description().fmt(f),
[INFO] [stdout]     |                       ^^^^^^^^^^^
[INFO] [stdout] 
[INFO] [stdout] 
[INFO] [stdout] warning: 2 warnings emitted
[INFO] [stdout] 
[INFO] [stdout] 
[INFO] [stdout] error[E0432]: unresolved import `rayon_core`
[INFO] [stdout]  --> tests/init_zero_threads.rs:1:5
[INFO] [stdout]   |
[INFO] [stdout] 1 | use rayon_core::ThreadPoolBuilder;
[INFO] [stdout]   |     ^^^^^^^^^^ use of undeclared crate or module `rayon_core`
[INFO] [stdout] 
[INFO] [stdout] 
[INFO] [stderr] error: could not compile `rustc-rayon-core` due to 2 previous errors
[INFO] [stdout] error: aborting due to previous error
[INFO] [stdout] 
[INFO] [stdout] 
[INFO] [stderr] warning: build failed, waiting for other jobs to finish...
[INFO] [stdout] For more information about this error, try `rustc --explain E0432`.
[INFO] [stdout] 
[INFO] [stdout] error[E0432]: unresolved import `rayon_core`
[INFO] [stdout]  --> tests/double_init_fail.rs:1:5
[INFO] [stdout]   |
[INFO] [stdout] 1 | use rayon_core::ThreadPoolBuilder;
[INFO] [stdout]   |     ^^^^^^^^^^ use of undeclared crate or module `rayon_core`
[INFO] [stdout] 
[INFO] [stdout] 
[INFO] [stdout] warning: unused import: `std::error::Error`
[INFO] [stdout]  --> tests/double_init_fail.rs:2:5
[INFO] [stdout]   |
[INFO] [stdout] 2 | use std::error::Error;
[INFO] [stdout]   |     ^^^^^^^^^^^^^^^^^
[INFO] [stdout]   |
[INFO] [stdout]   = note: `#[warn(unused_imports)]` on by default
[INFO] [stdout] 
[INFO] [stdout] 
[INFO] [stdout] error: aborting due to previous error; 1 warning emitted
[INFO] [stdout] 
[INFO] [stdout] 
[INFO] [stdout] For more information about this error, try `rustc --explain E0432`.
[INFO] [stdout] 
[INFO] [stdout] error[E0432]: unresolved import `rayon_core`
[INFO] [stdout]  --> tests/stack_overflow_crash.rs:1:5
[INFO] [stdout]   |
[INFO] [stdout] 1 | use rayon_core::ThreadPoolBuilder;
[INFO] [stdout]   |     ^^^^^^^^^^ use of undeclared crate or module `rayon_core`
[INFO] [stdout] 
[INFO] [stdout] 
[INFO] [stdout] error: aborting due to previous error
[INFO] [stdout] 
[INFO] [stdout] 
[INFO] [stdout] For more information about this error, try `rustc --explain E0432`.
[INFO] [stdout] 
[INFO] [stdout] error[E0432]: unresolved import `rayon_core`
[INFO] [stdout]  --> tests/simple_panic.rs:1:5
[INFO] [stdout]   |
[INFO] [stdout] 1 | use rayon_core::join;
[INFO] [stdout]   |     ^^^^^^^^^^ use of undeclared crate or module `rayon_core`
[INFO] [stdout] 
[INFO] [stdout] 
[INFO] [stdout] error: aborting due to previous error
[INFO] [stdout] 
[INFO] [stdout] 
[INFO] [stdout] For more information about this error, try `rustc --explain E0432`.
[INFO] [stdout] 
[INFO] [stdout] error[E0432]: unresolved import `rayon_core`
[INFO] [stdout]  --> tests/scoped_threadpool.rs:2:5
[INFO] [stdout]   |
[INFO] [stdout] 2 | use rayon_core::ThreadPoolBuilder;
[INFO] [stdout]   |     ^^^^^^^^^^ use of undeclared crate or module `rayon_core`
[INFO] [stdout] 
[INFO] [stdout] 
[INFO] [stdout] error[E0433]: failed to resolve: use of undeclared crate or module `rayon_core`
[INFO] [stdout]  --> tests/scope_join.rs:7:5
[INFO] [stdout]   |
[INFO] [stdout] 7 |     rayon_core::scope(|s| {
[INFO] [stdout]   |     ^^^^^^^^^^ use of undeclared crate or module `rayon_core`
[INFO] [stdout] 
[INFO] [stdout] 
[INFO] [stdout] error: aborting due to previous error
[INFO] [stdout] 
[INFO] [stdout] 
[INFO] [stdout] For more information about this error, try `rustc --explain E0433`.
[INFO] [stdout] 
[INFO] [stdout] error: aborting due to previous error
[INFO] [stdout] 
[INFO] [stdout] 
[INFO] [stdout] For more information about this error, try `rustc --explain E0432`.
[INFO] [stdout] 
[INFO] [stdout] warning: 2 warnings emitted
[INFO] [stdout] 
[INFO] [stdout] 
[INFO] [stderr] error: build failed
[INFO] running `Command { std: "docker" "inspect" "d751c198515e070e5f598fd821bf83cdb9d2aea2807af6be2f40ccb106121465", kill_on_drop: false }`
[INFO] running `Command { std: "docker" "rm" "-f" "d751c198515e070e5f598fd821bf83cdb9d2aea2807af6be2f40ccb106121465", kill_on_drop: false }`
[INFO] [stdout] d751c198515e070e5f598fd821bf83cdb9d2aea2807af6be2f40ccb106121465
