[INFO] fetching crate rust-xmlrpc 0.0.6...
[INFO] checking rust-xmlrpc-0.0.6 against 1.55.0 for beta-1.56-3
[INFO] extracting crate rust-xmlrpc 0.0.6 into /workspace/builds/worker-40/source
[INFO] validating manifest of crates.io crate rust-xmlrpc 0.0.6 on toolchain 1.55.0
[INFO] running `Command { std: "/workspace/cargo-home/bin/cargo" "+1.55.0" "metadata" "--manifest-path" "Cargo.toml" "--no-deps", kill_on_drop: false }`
[INFO] started tweaking crates.io crate rust-xmlrpc 0.0.6
[INFO] removed 0 missing examples
[INFO] finished tweaking crates.io crate rust-xmlrpc 0.0.6
[INFO] tweaked toml for crates.io crate rust-xmlrpc 0.0.6 written to /workspace/builds/worker-40/source/Cargo.toml
[INFO] running `Command { std: "/workspace/cargo-home/bin/cargo" "+1.55.0" "generate-lockfile" "--manifest-path" "Cargo.toml" "-Zno-index-update", kill_on_drop: false }`
[INFO] [stderr]     Blocking waiting for file lock on package cache
[INFO] running `Command { std: "/workspace/cargo-home/bin/cargo" "+1.55.0" "fetch" "--manifest-path" "Cargo.toml", kill_on_drop: false }`
[INFO] [stderr]     Blocking waiting for file lock on package cache
[INFO] [stderr]     Blocking waiting for file lock on package cache
[INFO] running `Command { std: "docker" "create" "-v" "/var/lib/crater-agent-workspace/builds/worker-40/target:/opt/rustwide/target:rw,Z" "-v" "/var/lib/crater-agent-workspace/builds/worker-40/source:/opt/rustwide/workdir:ro,Z" "-v" "/var/lib/crater-agent-workspace/cargo-home:/opt/rustwide/cargo-home:ro,Z" "-v" "/var/lib/crater-agent-workspace/rustup-home:/opt/rustwide/rustup-home:ro,Z" "-e" "SOURCE_DIR=/opt/rustwide/workdir" "-e" "CARGO_TARGET_DIR=/opt/rustwide/target" "-e" "CARGO_HOME=/opt/rustwide/cargo-home" "-e" "RUSTUP_HOME=/opt/rustwide/rustup-home" "-w" "/opt/rustwide/workdir" "-m" "1610612736" "--user" "0:0" "--network" "none" "ghcr.io/rust-lang/crates-build-env/linux@sha256:a89201d6b5b9fd45c15d5952ece0a0129e7e80cb26ec023fd59cf09bc26f1604" "/opt/rustwide/cargo-home/bin/cargo" "+1.55.0" "metadata" "--no-deps" "--format-version=1", kill_on_drop: false }`
[INFO] [stdout] 6e004f393b7d901702c272aeba904c6472f25db96e15c1c1f12f58d1a581f4b7
[INFO] running `Command { std: "docker" "start" "-a" "6e004f393b7d901702c272aeba904c6472f25db96e15c1c1f12f58d1a581f4b7", kill_on_drop: false }`
[INFO] running `Command { std: "docker" "inspect" "6e004f393b7d901702c272aeba904c6472f25db96e15c1c1f12f58d1a581f4b7", kill_on_drop: false }`
[INFO] running `Command { std: "docker" "rm" "-f" "6e004f393b7d901702c272aeba904c6472f25db96e15c1c1f12f58d1a581f4b7", kill_on_drop: false }`
[INFO] [stdout] 6e004f393b7d901702c272aeba904c6472f25db96e15c1c1f12f58d1a581f4b7
[INFO] running `Command { std: "docker" "create" "-v" "/var/lib/crater-agent-workspace/builds/worker-40/target:/opt/rustwide/target:rw,Z" "-v" "/var/lib/crater-agent-workspace/builds/worker-40/source:/opt/rustwide/workdir:ro,Z" "-v" "/var/lib/crater-agent-workspace/cargo-home:/opt/rustwide/cargo-home:ro,Z" "-v" "/var/lib/crater-agent-workspace/rustup-home:/opt/rustwide/rustup-home:ro,Z" "-e" "SOURCE_DIR=/opt/rustwide/workdir" "-e" "CARGO_TARGET_DIR=/opt/rustwide/target" "-e" "CARGO_INCREMENTAL=0" "-e" "RUST_BACKTRACE=full" "-e" "RUSTFLAGS=--cap-lints=warn" "-e" "CARGO_HOME=/opt/rustwide/cargo-home" "-e" "RUSTUP_HOME=/opt/rustwide/rustup-home" "-w" "/opt/rustwide/workdir" "-m" "1610612736" "--user" "0:0" "--network" "none" "ghcr.io/rust-lang/crates-build-env/linux@sha256:a89201d6b5b9fd45c15d5952ece0a0129e7e80cb26ec023fd59cf09bc26f1604" "/opt/rustwide/cargo-home/bin/cargo" "+1.55.0" "check" "--frozen" "--all" "--all-targets" "--message-format=json", kill_on_drop: false }`
[INFO] [stdout] 38107e0ab0b095e96429f1ddc06c4aec9d56714c60f199cf356e3f45eaf8fe22
[INFO] running `Command { std: "docker" "start" "-a" "38107e0ab0b095e96429f1ddc06c4aec9d56714c60f199cf356e3f45eaf8fe22", kill_on_drop: false }`
[INFO] [stderr]    Compiling proc-macro-hack v0.5.19
[INFO] [stderr]    Compiling syn v1.0.80
[INFO] [stderr]    Compiling const_fn v0.4.8
[INFO] [stderr]     Checking rustc-serialize v0.3.24
[INFO] [stderr]     Checking time v0.3.3
[INFO] [stderr]     Checking rustc-serialize v0.2.15
[INFO] [stderr]    Compiling standback v0.2.17
[INFO] [stderr]    Compiling time v0.2.27
[INFO] [stderr]    Compiling unicase v2.6.0
[INFO] [stderr]    Compiling cookie v0.15.1
[INFO] [stderr]     Checking unsafe-any v0.4.2
[INFO] [stderr]     Checking xml-rs v0.1.26
[INFO] [stdout] error: invalid suffix `us` for number literal
[INFO] [stdout]     --> /opt/rustwide/cargo-home/registry/src/github.com-1ecc6299db9ec823/rustc-serialize-0.2.15/src/json.rs:3819:42
[INFO] [stdout]      |
[INFO] [stdout] 3819 |         tree_map.insert("a".to_string(), 1us);
[INFO] [stdout]      |                                          ^^^ invalid suffix `us`
[INFO] [stdout]      |
[INFO] [stdout]      = help: the suffix must be one of the numeric types (`u32`, `isize`, `f32`, etc.)
[INFO] [stdout] 
[INFO] [stdout] 
[INFO] [stdout] error: invalid suffix `us` for number literal
[INFO] [stdout]     --> /opt/rustwide/cargo-home/registry/src/github.com-1ecc6299db9ec823/rustc-serialize-0.2.15/src/json.rs:3823:42
[INFO] [stdout]      |
[INFO] [stdout] 3823 |         hash_map.insert("a".to_string(), 1us);
[INFO] [stdout]      |                                          ^^^ invalid suffix `us`
[INFO] [stdout]      |
[INFO] [stdout]      = help: the suffix must be one of the numeric types (`u32`, `isize`, `f32`, etc.)
[INFO] [stdout] 
[INFO] [stdout] 
[INFO] [stdout] error[E0463]: can't find crate for `unicode`
[INFO] [stdout]   --> /opt/rustwide/cargo-home/registry/src/github.com-1ecc6299db9ec823/rustc-serialize-0.2.15/src/lib.rs:23:1
[INFO] [stdout]    |
[INFO] [stdout] 23 | extern crate unicode;
[INFO] [stdout]    | ^^^^^^^^^^^^^^^^^^^^^ can't find crate
[INFO] [stdout] 
[INFO] [stdout] 
[INFO] [stdout] error: aborting due to 3 previous errors
[INFO] [stdout] 
[INFO] [stdout] 
[INFO] [stdout] For more information about this error, try `rustc --explain E0463`.
[INFO] [stdout] 
[INFO] [stderr] error: could not compile `rustc-serialize` due to 4 previous errors
[INFO] [stderr] warning: build failed, waiting for other jobs to finish...
[INFO] [stdout] error: no rules expected the token `flags`
[INFO] [stdout]    --> /opt/rustwide/cargo-home/registry/src/github.com-1ecc6299db9ec823/xml-rs-0.1.26/src/writer/emitter.rs:115:5
[INFO] [stdout]     |
[INFO] [stdout] 115 |     flags IndentFlags: u8 {
[INFO] [stdout]     |     ^^^^^ no rules expected this token in macro call
[INFO] [stdout] 
[INFO] [stdout] 
[INFO] [stdout] error[E0433]: failed to resolve: use of undeclared type `IndentFlags`
[INFO] [stdout]   --> /opt/rustwide/cargo-home/registry/src/github.com-1ecc6299db9ec823/xml-rs-0.1.26/src/writer/emitter.rs:77:32
[INFO] [stdout]    |
[INFO] [stdout] 77 |             indent_stack: vec!(IndentFlags::empty()),
[INFO] [stdout]    |                                ^^^^^^^^^^^ use of undeclared type `IndentFlags`
[INFO] [stdout] 
[INFO] [stdout] 
[INFO] [stdout] error[E0412]: cannot find type `IndentFlags` in this scope
[INFO] [stdout]   --> /opt/rustwide/cargo-home/registry/src/github.com-1ecc6299db9ec823/xml-rs-0.1.26/src/writer/emitter.rs:64:23
[INFO] [stdout]    |
[INFO] [stdout] 58 | pub struct Emitter {
[INFO] [stdout]    |                   - help: you might be missing a type parameter: `<IndentFlags>`
[INFO] [stdout] ...
[INFO] [stdout] 64 |     indent_stack: Vec<IndentFlags>,
[INFO] [stdout]    |                       ^^^^^^^^^^^ not found in this scope
[INFO] [stdout] 
[INFO] [stdout] 
[INFO] [stdout] error[E0425]: cannot find value `WROTE_TEXT` in this scope
[INFO] [stdout]    --> /opt/rustwide/cargo-home/registry/src/github.com-1ecc6299db9ec823/xml-rs-0.1.26/src/writer/emitter.rs:131:52
[INFO] [stdout]     |
[INFO] [stdout] 131 |         self.indent_stack.last().unwrap().contains(WROTE_TEXT)
[INFO] [stdout]     |                                                    ^^^^^^^^^^ not found in this scope
[INFO] [stdout] 
[INFO] [stdout] 
[INFO] [stdout] error[E0425]: cannot find value `WROTE_MARKUP` in this scope
[INFO] [stdout]    --> /opt/rustwide/cargo-home/registry/src/github.com-1ecc6299db9ec823/xml-rs-0.1.26/src/writer/emitter.rs:136:52
[INFO] [stdout]     |
[INFO] [stdout] 136 |         self.indent_stack.last().unwrap().contains(WROTE_MARKUP)
[INFO] [stdout]     |                                                    ^^^^^^^^^^^^ not found in this scope
[INFO] [stdout] 
[INFO] [stdout] 
[INFO] [stdout] error[E0425]: cannot find value `WROTE_TEXT` in this scope
[INFO] [stdout]    --> /opt/rustwide/cargo-home/registry/src/github.com-1ecc6299db9ec823/xml-rs-0.1.26/src/writer/emitter.rs:141:50
[INFO] [stdout]     |
[INFO] [stdout] 141 |         *self.indent_stack.last_mut().unwrap() = WROTE_TEXT;
[INFO] [stdout]     |                                                  ^^^^^^^^^^ not found in this scope
[INFO] [stdout] 
[INFO] [stdout] 
[INFO] [stdout] error[E0425]: cannot find value `WROTE_MARKUP` in this scope
[INFO] [stdout]    --> /opt/rustwide/cargo-home/registry/src/github.com-1ecc6299db9ec823/xml-rs-0.1.26/src/writer/emitter.rs:146:50
[INFO] [stdout]     |
[INFO] [stdout] 146 |         *self.indent_stack.last_mut().unwrap() = WROTE_MARKUP;
[INFO] [stdout]     |                                                  ^^^^^^^^^^^^ not found in this scope
[INFO] [stdout] 
[INFO] [stdout] 
[INFO] [stdout] error[E0425]: cannot find value `WROTE_NOTHING` in this scope
[INFO] [stdout]    --> /opt/rustwide/cargo-home/registry/src/github.com-1ecc6299db9ec823/xml-rs-0.1.26/src/writer/emitter.rs:151:50
[INFO] [stdout]     |
[INFO] [stdout] 151 |         *self.indent_stack.last_mut().unwrap() = WROTE_NOTHING;
[INFO] [stdout]     |                                                  ^^^^^^^^^^^^^ not found in this scope
[INFO] [stdout] 
[INFO] [stdout] 
[INFO] [stdout] error[E0425]: cannot find value `WROTE_NOTHING` in this scope
[INFO] [stdout]    --> /opt/rustwide/cargo-home/registry/src/github.com-1ecc6299db9ec823/xml-rs-0.1.26/src/writer/emitter.rs:179:32
[INFO] [stdout]     |
[INFO] [stdout] 179 |         self.indent_stack.push(WROTE_NOTHING);
[INFO] [stdout]     |                                ^^^^^^^^^^^^^ not found in this scope
[INFO] [stdout] 
[INFO] [stdout] 
[INFO] [stdout] error: aborting due to 9 previous errors
[INFO] [stdout] 
[INFO] [stdout] 
[INFO] [stdout] Some errors have detailed explanations: E0412, E0425, E0433.
[INFO] [stdout] 
[INFO] [stdout] For more information about an error, try `rustc --explain E0412`.
[INFO] [stdout] 
[INFO] [stderr] error: build failed
[INFO] running `Command { std: "docker" "inspect" "38107e0ab0b095e96429f1ddc06c4aec9d56714c60f199cf356e3f45eaf8fe22", kill_on_drop: false }`
[INFO] running `Command { std: "docker" "rm" "-f" "38107e0ab0b095e96429f1ddc06c4aec9d56714c60f199cf356e3f45eaf8fe22", kill_on_drop: false }`
[INFO] [stdout] 38107e0ab0b095e96429f1ddc06c4aec9d56714c60f199cf356e3f45eaf8fe22
