[INFO] fetching crate rubullet-sys 0.1.0-alpha-2...
[INFO] checking rubullet-sys-0.1.0-alpha-2 against 1.55.0 for beta-1.56-3
[INFO] extracting crate rubullet-sys 0.1.0-alpha-2 into /workspace/builds/worker-16/source
[INFO] validating manifest of crates.io crate rubullet-sys 0.1.0-alpha-2 on toolchain 1.55.0
[INFO] running `Command { std: "/workspace/cargo-home/bin/cargo" "+1.55.0" "metadata" "--manifest-path" "Cargo.toml" "--no-deps", kill_on_drop: false }`
[INFO] started tweaking crates.io crate rubullet-sys 0.1.0-alpha-2
[INFO] finished tweaking crates.io crate rubullet-sys 0.1.0-alpha-2
[INFO] tweaked toml for crates.io crate rubullet-sys 0.1.0-alpha-2 written to /workspace/builds/worker-16/source/Cargo.toml
[INFO] running `Command { std: "/workspace/cargo-home/bin/cargo" "+1.55.0" "generate-lockfile" "--manifest-path" "Cargo.toml" "-Zno-index-update", kill_on_drop: false }`
[INFO] running `Command { std: "/workspace/cargo-home/bin/cargo" "+1.55.0" "fetch" "--manifest-path" "Cargo.toml", kill_on_drop: false }`
[INFO] [stderr]     Blocking waiting for file lock on package cache
[INFO] running `Command { std: "docker" "create" "-v" "/var/lib/crater-agent-workspace/builds/worker-16/target:/opt/rustwide/target:rw,Z" "-v" "/var/lib/crater-agent-workspace/builds/worker-16/source:/opt/rustwide/workdir:ro,Z" "-v" "/var/lib/crater-agent-workspace/cargo-home:/opt/rustwide/cargo-home:ro,Z" "-v" "/var/lib/crater-agent-workspace/rustup-home:/opt/rustwide/rustup-home:ro,Z" "-e" "SOURCE_DIR=/opt/rustwide/workdir" "-e" "CARGO_TARGET_DIR=/opt/rustwide/target" "-e" "CARGO_HOME=/opt/rustwide/cargo-home" "-e" "RUSTUP_HOME=/opt/rustwide/rustup-home" "-w" "/opt/rustwide/workdir" "-m" "1610612736" "--user" "0:0" "--network" "none" "ghcr.io/rust-lang/crates-build-env/linux@sha256:a89201d6b5b9fd45c15d5952ece0a0129e7e80cb26ec023fd59cf09bc26f1604" "/opt/rustwide/cargo-home/bin/cargo" "+1.55.0" "metadata" "--no-deps" "--format-version=1", kill_on_drop: false }`
[INFO] [stdout] 3d6c85068a608118beb6718b7443a3ccff0016d36494f50e84b0e3785d34e340
[INFO] running `Command { std: "docker" "start" "-a" "3d6c85068a608118beb6718b7443a3ccff0016d36494f50e84b0e3785d34e340", kill_on_drop: false }`
[INFO] running `Command { std: "docker" "inspect" "3d6c85068a608118beb6718b7443a3ccff0016d36494f50e84b0e3785d34e340", kill_on_drop: false }`
[INFO] running `Command { std: "docker" "rm" "-f" "3d6c85068a608118beb6718b7443a3ccff0016d36494f50e84b0e3785d34e340", kill_on_drop: false }`
[INFO] [stdout] 3d6c85068a608118beb6718b7443a3ccff0016d36494f50e84b0e3785d34e340
[INFO] running `Command { std: "docker" "create" "-v" "/var/lib/crater-agent-workspace/builds/worker-16/target:/opt/rustwide/target:rw,Z" "-v" "/var/lib/crater-agent-workspace/builds/worker-16/source:/opt/rustwide/workdir:ro,Z" "-v" "/var/lib/crater-agent-workspace/cargo-home:/opt/rustwide/cargo-home:ro,Z" "-v" "/var/lib/crater-agent-workspace/rustup-home:/opt/rustwide/rustup-home:ro,Z" "-e" "SOURCE_DIR=/opt/rustwide/workdir" "-e" "CARGO_TARGET_DIR=/opt/rustwide/target" "-e" "CARGO_INCREMENTAL=0" "-e" "RUST_BACKTRACE=full" "-e" "RUSTFLAGS=--cap-lints=warn" "-e" "CARGO_HOME=/opt/rustwide/cargo-home" "-e" "RUSTUP_HOME=/opt/rustwide/rustup-home" "-w" "/opt/rustwide/workdir" "-m" "1610612736" "--user" "0:0" "--network" "none" "ghcr.io/rust-lang/crates-build-env/linux@sha256:a89201d6b5b9fd45c15d5952ece0a0129e7e80cb26ec023fd59cf09bc26f1604" "/opt/rustwide/cargo-home/bin/cargo" "+1.55.0" "check" "--frozen" "--all" "--all-targets" "--message-format=json", kill_on_drop: false }`
[INFO] [stdout] 26aae064b478be34121951ea64db08a7d0d938672f53cea84697592c50b01c43
[INFO] running `Command { std: "docker" "start" "-a" "26aae064b478be34121951ea64db08a7d0d938672f53cea84697592c50b01c43", kill_on_drop: false }`
[INFO] [stderr]     Blocking waiting for file lock on package cache
[INFO] [stderr]    Compiling cmake v0.1.46
[INFO] [stderr]    Compiling rubullet-sys v0.1.0-alpha-2 (/opt/rustwide/workdir)
[INFO] [stderr] error: failed to run custom build command for `rubullet-sys v0.1.0-alpha-2 (/opt/rustwide/workdir)`
[INFO] [stderr] 
[INFO] [stderr] Caused by:
[INFO] [stderr]   process didn't exit successfully: `/opt/rustwide/target/debug/build/rubullet-sys-efb3b2b716dbee12/build-script-build` (exit status: 101)
[INFO] [stderr]   --- stdout
[INFO] [stderr]   CMAKE_TOOLCHAIN_FILE_x86_64-unknown-linux-gnu = None
[INFO] [stderr]   CMAKE_TOOLCHAIN_FILE_x86_64_unknown_linux_gnu = None
[INFO] [stderr]   HOST_CMAKE_TOOLCHAIN_FILE = None
[INFO] [stderr]   CMAKE_TOOLCHAIN_FILE = None
[INFO] [stderr]   CMAKE_GENERATOR_x86_64-unknown-linux-gnu = None
[INFO] [stderr]   CMAKE_GENERATOR_x86_64_unknown_linux_gnu = None
[INFO] [stderr]   HOST_CMAKE_GENERATOR = None
[INFO] [stderr]   CMAKE_GENERATOR = None
[INFO] [stderr]   CMAKE_PREFIX_PATH_x86_64-unknown-linux-gnu = None
[INFO] [stderr]   CMAKE_PREFIX_PATH_x86_64_unknown_linux_gnu = None
[INFO] [stderr]   HOST_CMAKE_PREFIX_PATH = None
[INFO] [stderr]   CMAKE_PREFIX_PATH = None
[INFO] [stderr]   CMAKE_x86_64-unknown-linux-gnu = None
[INFO] [stderr]   CMAKE_x86_64_unknown_linux_gnu = None
[INFO] [stderr]   HOST_CMAKE = None
[INFO] [stderr]   CMAKE = None
[INFO] [stderr]   running: "cmake" "/opt/rustwide/workdir/bullet3" "-DCMAKE_INSTALL_PREFIX=/opt/rustwide/target/debug/build/rubullet-sys-f57210208719b60e/out" "-DCMAKE_C_FLAGS= -ffunction-sections -fdata-sections -fPIC -m64" "-DCMAKE_C_COMPILER=/usr/bin/cc" "-DCMAKE_CXX_FLAGS= -ffunction-sections -fdata-sections -fPIC -m64" "-DCMAKE_CXX_COMPILER=/usr/bin/c++" "-DCMAKE_ASM_FLAGS= -ffunction-sections -fdata-sections -fPIC -m64" "-DCMAKE_ASM_COMPILER=/usr/bin/cc" "-DCMAKE_BUILD_TYPE=RelWithDebInfo"
[INFO] [stderr]   -- The CXX compiler identification is GNU 9.3.0
[INFO] [stderr]   -- Check for working CXX compiler: /usr/bin/c++
[INFO] [stderr]   -- Check for working CXX compiler: /usr/bin/c++ -- works
[INFO] [stderr]   -- Detecting CXX compiler ABI info
[INFO] [stderr]   -- Detecting CXX compiler ABI info - done
[INFO] [stderr]   -- Detecting CXX compile features
[INFO] [stderr]   -- Detecting CXX compile features - done
[INFO] [stderr]   -- The C compiler identification is GNU 9.3.0
[INFO] [stderr]   -- Check for working C compiler: /usr/bin/cc
[INFO] [stderr]   -- Check for working C compiler: /usr/bin/cc -- works
[INFO] [stderr]   -- Detecting C compiler ABI info
[INFO] [stderr]   -- Detecting C compiler ABI info - done
[INFO] [stderr]   -- Detecting C compile features
[INFO] [stderr]   -- Detecting C compile features - done
[INFO] [stderr]   -- Found OpenGL: /usr/lib/x86_64-linux-gnu/libOpenGL.so   
[INFO] [stderr]   -- Configuring done
[INFO] [stderr]   -- Generating done
[INFO] [stderr]   -- Build files have been written to: /opt/rustwide/target/debug/build/rubullet-sys-f57210208719b60e/out/build
[INFO] [stderr]   running: "cmake" "--build" "." "--target" "install" "--config" "RelWithDebInfo" "--parallel" "128"
[INFO] [stderr]   Scanning dependencies of target Bullet3Common
[INFO] [stderr]   Scanning dependencies of target BulletExampleBrowserLib
[INFO] [stderr]   Scanning dependencies of target BussIK
[INFO] [stderr]   Scanning dependencies of target gwen
[INFO] [stderr]   Scanning dependencies of target OpenGLWindow
[INFO] [stderr]   [  0%] Building CXX object libbullet3/src/Bullet3Common/CMakeFiles/Bullet3Common.dir/b3AlignedAllocator.o
[INFO] [stderr]   [  0%] Building CXX object libbullet3/examples/ThirdPartyLibs/BussIK/CMakeFiles/BussIK.dir/Jacobian.o
[INFO] [stderr]   [  0%] Building CXX object libbullet3/examples/ThirdPartyLibs/BussIK/CMakeFiles/BussIK.dir/LinearR3.o
[INFO] [stderr]   [  0%] Building CXX object libbullet3/examples/ThirdPartyLibs/BussIK/CMakeFiles/BussIK.dir/LinearR2.o
[INFO] [stderr]   Scanning dependencies of target BulletInverseDynamicsUtils
[INFO] [stderr]   [  0%] Building CXX object libbullet3/src/Bullet3Common/CMakeFiles/Bullet3Common.dir/b3Vector3.o
[INFO] [stderr]   [  0%] Building CXX object libbullet3/examples/ThirdPartyLibs/Gwen/CMakeFiles/gwen.dir/Anim.o
[INFO] [stderr]   [  0%] Building CXX object libbullet3/src/Bullet3Common/CMakeFiles/Bullet3Common.dir/b3Logging.o
[INFO] [stderr]   [  0%] Building CXX object libbullet3/examples/ThirdPartyLibs/Gwen/CMakeFiles/gwen.dir/Controls/Button.o
[INFO] [stderr]   [  1%] Building CXX object libbullet3/examples/ThirdPartyLibs/Gwen/CMakeFiles/gwen.dir/BaseRender.o
[INFO] [stderr]   [  1%] Building CXX object libbullet3/examples/OpenGLWindow/CMakeFiles/OpenGLWindow.dir/X11OpenGLWindow.o
[INFO] [stderr]   Scanning dependencies of target BulletFileLoader
[INFO] [stderr]   [  1%] Building CXX object libbullet3/examples/ThirdPartyLibs/Gwen/CMakeFiles/gwen.dir/Controls/Canvas.o
[INFO] [stderr]   [  1%] Building CXX object libbullet3/examples/ThirdPartyLibs/Gwen/CMakeFiles/gwen.dir/Controls/CheckBox.o
[INFO] [stderr]   [  2%] Building CXX object libbullet3/examples/ThirdPartyLibs/BussIK/CMakeFiles/BussIK.dir/LinearR4.o
[INFO] [stderr]   Scanning dependencies of target BulletWorldImporter
[INFO] [stderr]   [  2%] Building CXX object libbullet3/examples/OpenGLWindow/CMakeFiles/OpenGLWindow.dir/EGLOpenGLWindow.o
[INFO] [stderr]   [  2%] Building CXX object libbullet3/examples/ThirdPartyLibs/BussIK/CMakeFiles/BussIK.dir/MatrixRmn.o
[INFO] [stderr]   [  2%] Building CXX object libbullet3/examples/ExampleBrowser/CMakeFiles/BulletExampleBrowserLib.dir/GL_ShapeDrawer.o
[INFO] [stderr]   [  2%] Building CXX object libbullet3/examples/ThirdPartyLibs/Gwen/CMakeFiles/gwen.dir/Controls/Base.o
[INFO] [stderr]   [  2%] Building CXX object libbullet3/examples/ExampleBrowser/CMakeFiles/BulletExampleBrowserLib.dir/OpenGLExampleBrowser.o
[INFO] [stderr]   [  3%] Building C object libbullet3/examples/OpenGLWindow/CMakeFiles/OpenGLWindow.dir/__/ThirdPartyLibs/glad/glx.o
[INFO] [stderr]   [  4%] Building CXX object libbullet3/Extras/InverseDynamics/CMakeFiles/BulletInverseDynamicsUtils.dir/CoilCreator.o
[INFO] [stderr]   [  4%] Building CXX object libbullet3/examples/ThirdPartyLibs/BussIK/CMakeFiles/BussIK.dir/Node.o
[INFO] [stderr]   [  4%] Building CXX object libbullet3/examples/ThirdPartyLibs/Gwen/CMakeFiles/gwen.dir/Controls/ColorControls.o
[INFO] [stderr]   [  4%] Building CXX object libbullet3/examples/ThirdPartyLibs/BussIK/CMakeFiles/BussIK.dir/Misc.o
[INFO] [stderr]   [  4%] Building CXX object libbullet3/examples/ExampleBrowser/CMakeFiles/BulletExampleBrowserLib.dir/OpenGLGuiHelper.o
[INFO] [stderr]   [  4%] Building CXX object libbullet3/Extras/InverseDynamics/CMakeFiles/BulletInverseDynamicsUtils.dir/CloneTreeCreator.o
[INFO] [stderr]   [  4%] Building CXX object libbullet3/examples/OpenGLWindow/CMakeFiles/OpenGLWindow.dir/GLInstancingRenderer.o
[INFO] [stderr]   [  4%] Building C object libbullet3/examples/OpenGLWindow/CMakeFiles/OpenGLWindow.dir/__/ThirdPartyLibs/glad/gl.o
[INFO] [stderr]   [  4%] Building CXX object libbullet3/Extras/InverseDynamics/CMakeFiles/BulletInverseDynamicsUtils.dir/MultiBodyTreeCreator.o
[INFO] [stderr]   [  4%] Building CXX object libbullet3/examples/ThirdPartyLibs/BussIK/CMakeFiles/BussIK.dir/VectorRn.o
[INFO] [stderr]   [  4%] Building CXX object libbullet3/examples/ThirdPartyLibs/BussIK/CMakeFiles/BussIK.dir/Tree.o
[INFO] [stderr]   Scanning dependencies of target BulletRoboticsGUI
[INFO] [stderr]   [  4%] Building CXX object libbullet3/examples/ExampleBrowser/CMakeFiles/BulletExampleBrowserLib.dir/CollisionShape2TriangleMesh.o
[INFO] [stderr]   [  4%] Building CXX object libbullet3/Extras/InverseDynamics/CMakeFiles/BulletInverseDynamicsUtils.dir/DillCreator.o
[INFO] [stderr]   [  4%] Building CXX object libbullet3/Extras/Serialize/BulletFileLoader/CMakeFiles/BulletFileLoader.dir/bChunk.o
[INFO] [stderr]   [  4%] Building CXX object libbullet3/examples/OpenGLWindow/CMakeFiles/OpenGLWindow.dir/GLPrimitiveRenderer.o
[INFO] [stderr]   [  4%] Building CXX object libbullet3/Extras/InverseDynamics/CMakeFiles/BulletInverseDynamicsUtils.dir/IDRandomUtil.o
[INFO] [stderr]   [  4%] Building CXX object libbullet3/Extras/InverseDynamics/CMakeFiles/BulletInverseDynamicsUtils.dir/invdyn_bullet_comparison.o
[INFO] [stderr]   [  5%] Building CXX object libbullet3/examples/ExampleBrowser/CMakeFiles/BulletExampleBrowserLib.dir/__/Utils/b3ResourcePath.o
[INFO] [stderr]   [  5%] Building CXX object libbullet3/Extras/InverseDynamics/CMakeFiles/BulletInverseDynamicsUtils.dir/btMultiBodyTreeCreator.o
[INFO] [stderr]   [  5%] Building CXX object libbullet3/examples/OpenGLWindow/CMakeFiles/OpenGLWindow.dir/GLRenderToTexture.o
[INFO] [stderr]   [  5%] Building CXX object libbullet3/examples/ThirdPartyLibs/Gwen/CMakeFiles/gwen.dir/Controls/ColorPicker.o
[INFO] [stderr]   [  6%] Building CXX object libbullet3/Extras/InverseDynamics/CMakeFiles/BulletInverseDynamicsUtils.dir/MultiBodyNameMap.o
[INFO] [stderr]   [  6%] Building CXX object libbullet3/examples/ExampleBrowser/CMakeFiles/BulletExampleBrowserLib.dir/__/Utils/ChromeTraceUtil.o
[INFO] [stderr]   [  5%] Building CXX object libbullet3/examples/ExampleBrowser/CMakeFiles/BulletExampleBrowserLib.dir/__/Utils/b3Clock.o
[INFO] [stderr]   [  6%] Building CXX object libbullet3/Extras/InverseDynamics/CMakeFiles/BulletInverseDynamicsUtils.dir/MultiBodyTreeDebugGraph.o
[INFO] [stderr]   [  6%] Building CXX object libbullet3/examples/ThirdPartyLibs/Gwen/CMakeFiles/gwen.dir/Controls/CrossSplitter.o
[INFO] [stderr]   Scanning dependencies of target BulletSoftBody
[INFO] [stderr]   [  7%] Building CXX object libbullet3/Extras/Serialize/BulletFileLoader/CMakeFiles/BulletFileLoader.dir/bFile.o
[INFO] [stderr]   [  7%] Building CXX object libbullet3/Extras/Serialize/BulletFileLoader/CMakeFiles/BulletFileLoader.dir/bDNA.o
[INFO] [stderr]   [  7%] Building CXX object libbullet3/Extras/InverseDynamics/CMakeFiles/BulletInverseDynamicsUtils.dir/SimpleTreeCreator.o
[INFO] [stderr]   [  7%] Building CXX object libbullet3/Extras/Serialize/BulletFileLoader/CMakeFiles/BulletFileLoader.dir/btBulletFile.o
[INFO] [stderr]   Scanning dependencies of target ConvexDecomposition
[INFO] [stderr]   [  7%] Building CXX object libbullet3/examples/OpenGLWindow/CMakeFiles/OpenGLWindow.dir/OpenSans.o
[INFO] [stderr]   Scanning dependencies of target clsocket
[INFO] [stderr]   [  7%] Building CXX object libbullet3/Extras/InverseDynamics/CMakeFiles/BulletInverseDynamicsUtils.dir/RandomTreeCreator.o
[INFO] [stderr]   [  7%] Building CXX object libbullet3/examples/OpenGLWindow/CMakeFiles/OpenGLWindow.dir/GLFWOpenGLWindow.o
[INFO] [stderr]   [  7%] Building CXX object libbullet3/examples/OpenGLWindow/CMakeFiles/OpenGLWindow.dir/LoadShader.o
[INFO] [stderr]   Scanning dependencies of target Bullet3OpenCL_clew
[INFO] [stderr]   [  7%] Building CXX object libbullet3/examples/ThirdPartyLibs/Gwen/CMakeFiles/gwen.dir/Controls/Dialog/FileSave.o
[INFO] [stderr]   Scanning dependencies of target GIMPACTUtils
[INFO] [stderr]   [  7%] Building CXX object libbullet3/examples/OpenGLWindow/CMakeFiles/OpenGLWindow.dir/SimpleCamera.o
[INFO] [stderr]   Scanning dependencies of target Bullet3Collision
[INFO] [stderr]   [  7%] Building CXX object libbullet3/Extras/BulletRoboticsGUI/CMakeFiles/BulletRoboticsGUI.dir/__/__/examples/SharedMemory/plugins/stablePDPlugin/SpAlg.o
[INFO] [stderr]   [  7%] Building CXX object libbullet3/Extras/Serialize/BulletWorldImporter/CMakeFiles/BulletWorldImporter.dir/btMultiBodyWorldImporter.o
[INFO] [stderr]   [  7%] Building CXX object libbullet3/Extras/BulletRoboticsGUI/CMakeFiles/BulletRoboticsGUI.dir/__/__/examples/SharedMemory/plugins/stablePDPlugin/Shape.o
[INFO] [stderr]   Scanning dependencies of target BulletInverseDynamics
[INFO] [stderr]   [  7%] Building CXX object libbullet3/Extras/InverseDynamics/CMakeFiles/BulletInverseDynamicsUtils.dir/User2InternalIndex.o
[INFO] [stderr]   [  7%] Building CXX object libbullet3/examples/ThirdPartyLibs/Gwen/CMakeFiles/gwen.dir/Controls/ComboBox.o
[INFO] [stderr]   [  8%] Building CXX object libbullet3/examples/ThirdPartyLibs/Gwen/CMakeFiles/gwen.dir/Controls/Dialog/FileOpen.o
[INFO] [stderr]   Scanning dependencies of target BulletXmlWorldImporter
[INFO] [stderr]   Scanning dependencies of target Bullet3Dynamics
[INFO] [stderr]   Scanning dependencies of target HACD
[INFO] [stderr]   Scanning dependencies of target BulletRobotics
[INFO] [stderr]   [  8%] Building CXX object libbullet3/examples/ThirdPartyLibs/Gwen/CMakeFiles/gwen.dir/Controls/Dialog/Query.o
[INFO] [stderr]   Scanning dependencies of target Bullet3Geometry
[INFO] [stderr]   [  8%] Building CXX object libbullet3/Extras/ConvexDecomposition/CMakeFiles/ConvexDecomposition.dir/ConvexBuilder.o
[INFO] [stderr]   [  8%] Building CXX object libbullet3/examples/OpenGLWindow/CMakeFiles/OpenGLWindow.dir/SimpleOpenGL2Renderer.o
[INFO] [stderr]   Scanning dependencies of target LinearMath
[INFO] [stderr]   [  9%] Building CXX object libbullet3/Extras/ConvexDecomposition/CMakeFiles/ConvexDecomposition.dir/cd_wavefront.o
[INFO] [stderr]   [  9%] Building CXX object libbullet3/Extras/Serialize/BulletWorldImporter/CMakeFiles/BulletWorldImporter.dir/btBulletWorldImporter.o
[INFO] [stderr]   [  9%] Building CXX object libbullet3/Extras/ConvexDecomposition/CMakeFiles/ConvexDecomposition.dir/fitsphere.o
[INFO] [stderr]   [  9%] Building C object libbullet3/src/Bullet3OpenCL/CMakeFiles/Bullet3OpenCL_clew.dir/__/clew/clew.o
[INFO] [stderr]   [ 10%] Building CXX object libbullet3/examples/OpenGLWindow/CMakeFiles/OpenGLWindow.dir/SimpleOpenGL2App.o
[INFO] [stderr]   [  9%] Building CXX object libbullet3/Extras/ConvexDecomposition/CMakeFiles/ConvexDecomposition.dir/meshvolume.o
[INFO] [stderr]   [ 11%] Building CXX object libbullet3/src/BulletSoftBody/CMakeFiles/BulletSoftBody.dir/btSoftBody.o
[INFO] [stderr]   [ 11%] Building CXX object libbullet3/examples/ThirdPartyLibs/Gwen/CMakeFiles/gwen.dir/Controls/DockBase.o
[INFO] [stderr]   [ 11%] Building CXX object libbullet3/examples/OpenGLWindow/CMakeFiles/OpenGLWindow.dir/SimpleOpenGL3App.o
[INFO] [stderr]   [ 11%] Building CXX object libbullet3/Extras/BulletRoboticsGUI/CMakeFiles/BulletRoboticsGUI.dir/__/__/examples/SharedMemory/plugins/stablePDPlugin/RBDModel.o
[INFO] [stderr]   [ 11%] Building CXX object libbullet3/Extras/ConvexDecomposition/CMakeFiles/ConvexDecomposition.dir/raytri.o
[INFO] [stderr]   [ 11%] Building CXX object libbullet3/Extras/BulletRoboticsGUI/CMakeFiles/BulletRoboticsGUI.dir/__/__/examples/SharedMemory/plugins/stablePDPlugin/RBDUtil.o
[INFO] [stderr]   [ 11%] Building CXX object libbullet3/Extras/ConvexDecomposition/CMakeFiles/ConvexDecomposition.dir/bestfitobb.o
[INFO] [stderr]   [ 12%] Building CXX object libbullet3/Extras/Serialize/BulletWorldImporter/CMakeFiles/BulletWorldImporter.dir/btWorldImporter.o
[INFO] [stderr]   Scanning dependencies of target BulletDynamics
[INFO] [stderr]   Scanning dependencies of target Bullet2FileLoader
[INFO] [stderr]   Scanning dependencies of target BulletCollision
[INFO] [stderr]   [ 12%] Building CXX object libbullet3/examples/OpenGLWindow/CMakeFiles/OpenGLWindow.dir/TwFonts.o
[INFO] [stderr]   [ 12%] Building CXX object libbullet3/examples/OpenGLWindow/CMakeFiles/OpenGLWindow.dir/fontstash.o
[INFO] [stderr]   [ 12%] Building CXX object libbullet3/examples/ExampleBrowser/CMakeFiles/BulletExampleBrowserLib.dir/GwenGUISupport/GwenParameterInterface.o
[INFO] [stderr]   [ 12%] Building CXX object libbullet3/Extras/BulletRobotics/CMakeFiles/BulletRobotics.dir/__/__/examples/OpenGLWindow/SimpleCamera.o
[INFO] [stderr]   [ 12%] Building CXX object libbullet3/Extras/ConvexDecomposition/CMakeFiles/ConvexDecomposition.dir/vlookup.o
[INFO] [stderr]   [ 12%] Building CXX object libbullet3/examples/ThirdPartyLibs/clsocket/CMakeFiles/clsocket.dir/src/SimpleSocket.o
[INFO] [stderr]   [ 12%] Building CXX object libbullet3/src/Bullet3OpenCL/CMakeFiles/Bullet3OpenCL_clew.dir/BroadphaseCollision/b3GpuGridBroadphase.o
[INFO] [stderr]   [ 12%] Building CXX object libbullet3/examples/ThirdPartyLibs/clsocket/CMakeFiles/clsocket.dir/src/ActiveSocket.o
[INFO] [stderr]   [ 12%] Building CXX object libbullet3/src/BulletSoftBody/CMakeFiles/BulletSoftBody.dir/btSoftBodyConcaveCollisionAlgorithm.o
[INFO] [stderr]   [ 13%] Building CXX object libbullet3/Extras/BulletRobotics/CMakeFiles/BulletRobotics.dir/__/__/examples/TinyRenderer/model.o
[INFO] [stderr]   [ 13%] Building CXX object libbullet3/src/Bullet3OpenCL/CMakeFiles/Bullet3OpenCL_clew.dir/BroadphaseCollision/b3GpuSapBroadphase.o
[INFO] [stderr]   [ 13%] Building CXX object libbullet3/examples/ExampleBrowser/CMakeFiles/BulletExampleBrowserLib.dir/GwenGUISupport/GraphingTexture.o
[INFO] [stderr]   [ 13%] Building CXX object libbullet3/examples/ExampleBrowser/CMakeFiles/BulletExampleBrowserLib.dir/GwenGUISupport/GwenProfileWindow.o
[INFO] [stderr]   [ 13%] Building CXX object libbullet3/examples/OpenGLWindow/CMakeFiles/OpenGLWindow.dir/opengl_fontstashcallbacks.o
[INFO] [stderr]   [ 13%] Building CXX object libbullet3/Extras/GIMPACTUtils/CMakeFiles/GIMPACTUtils.dir/btGImpactConvexDecompositionShape.o
[INFO] [stderr]   [ 13%] Building CXX object libbullet3/src/BulletSoftBody/CMakeFiles/BulletSoftBody.dir/btSoftBodyHelpers.o
[INFO] [stderr]   [ 13%] Building CXX object libbullet3/Extras/ConvexDecomposition/CMakeFiles/ConvexDecomposition.dir/bestfit.o
[INFO] [stderr]   [ 13%] Building CXX object libbullet3/examples/ThirdPartyLibs/clsocket/CMakeFiles/clsocket.dir/src/PassiveSocket.o
[INFO] [stderr]   [ 13%] Building CXX object libbullet3/src/BulletInverseDynamics/CMakeFiles/BulletInverseDynamics.dir/IDMath.o
[INFO] [stderr]   [ 13%] Building CXX object libbullet3/src/Bullet3OpenCL/CMakeFiles/Bullet3OpenCL_clew.dir/BroadphaseCollision/b3GpuParallelLinearBvhBroadphase.o
[INFO] [stderr]   [ 13%] Building CXX object libbullet3/src/Bullet3OpenCL/CMakeFiles/Bullet3OpenCL_clew.dir/BroadphaseCollision/b3GpuParallelLinearBvh.o
[INFO] [stderr]   [ 13%] Building CXX object libbullet3/Extras/BulletRoboticsGUI/CMakeFiles/BulletRoboticsGUI.dir/__/__/examples/SharedMemory/plugins/stablePDPlugin/MathUtil.o
[INFO] [stderr]   [ 13%] Building CXX object libbullet3/Extras/BulletRobotics/CMakeFiles/BulletRobotics.dir/__/__/examples/TinyRenderer/tgaimage.o
[INFO] [stderr]   [ 13%] Building CXX object libbullet3/examples/ExampleBrowser/CMakeFiles/BulletExampleBrowserLib.dir/GwenGUISupport/GwenTextureWindow.o
[INFO] [stderr]   [ 13%] Building CXX object libbullet3/Extras/BulletRoboticsGUI/CMakeFiles/BulletRoboticsGUI.dir/__/__/examples/SharedMemory/plugins/stablePDPlugin/KinTree.o
[INFO] [stderr]   [ 13%] Building CXX object libbullet3/examples/ExampleBrowser/CMakeFiles/BulletExampleBrowserLib.dir/GwenGUISupport/gwenUserInterface.o
[INFO] [stderr]   [ 13%] Building CXX object libbullet3/Extras/BulletRobotics/CMakeFiles/BulletRobotics.dir/__/__/examples/TinyRenderer/geometry.o
[INFO] [stderr]   [ 13%] Building CXX object libbullet3/src/Bullet3OpenCL/CMakeFiles/Bullet3OpenCL_clew.dir/Initialize/b3OpenCLUtils.o
[INFO] [stderr]   [ 13%] Building CXX object libbullet3/Extras/Serialize/BulletXmlWorldImporter/CMakeFiles/BulletXmlWorldImporter.dir/btBulletXmlWorldImporter.o
[INFO] [stderr]   [ 13%] Building C object libbullet3/examples/OpenGLWindow/CMakeFiles/OpenGLWindow.dir/__/ThirdPartyLibs/glad/egl.o
[INFO] [stderr]   [ 13%] Building CXX object libbullet3/examples/ThirdPartyLibs/Gwen/CMakeFiles/gwen.dir/Controls/Dragger.o
[INFO] [stderr]   [ 13%] Building CXX object libbullet3/src/BulletSoftBody/CMakeFiles/BulletSoftBody.dir/btSoftBodyRigidBodyCollisionConfiguration.o
[INFO] [stderr]   [ 13%] Building CXX object libbullet3/src/BulletCollision/CMakeFiles/BulletCollision.dir/BroadphaseCollision/btCollisionAlgorithm.o
[INFO] [stderr]   [ 13%] Building CXX object libbullet3/src/BulletInverseDynamics/CMakeFiles/BulletInverseDynamics.dir/details/MultiBodyTreeInitCache.o
[INFO] [stderr]   [ 13%] Building CXX object libbullet3/src/Bullet3OpenCL/CMakeFiles/Bullet3OpenCL_clew.dir/NarrowphaseCollision/b3ContactCache.o
[INFO] [stderr]   [ 13%] Building CXX object libbullet3/examples/ThirdPartyLibs/Gwen/CMakeFiles/gwen.dir/Controls/DockedTabControl.o
[INFO] [stderr]   [ 13%] Building CXX object libbullet3/Extras/BulletRobotics/CMakeFiles/BulletRobotics.dir/__/__/examples/TinyRenderer/our_gl.o
[INFO] [stderr]   [ 13%] Building CXX object libbullet3/src/Bullet3OpenCL/CMakeFiles/Bullet3OpenCL_clew.dir/NarrowphaseCollision/b3ConvexHullContact.o
[INFO] [stderr]   [ 13%] Linking CXX static library libBullet3Common.a
[INFO] [stderr]   [ 13%] Building CXX object libbullet3/src/BulletCollision/CMakeFiles/BulletCollision.dir/BroadphaseCollision/btBroadphaseProxy.o
[INFO] [stderr]   [ 13%] Building CXX object libbullet3/examples/OpenGLWindow/CMakeFiles/OpenGLWindow.dir/__/ThirdPartyLibs/stb_image/stb_image_write.o
[INFO] [stderr]   [ 13%] Building CXX object libbullet3/src/BulletSoftBody/CMakeFiles/BulletSoftBody.dir/btSoftRigidDynamicsWorld.o
[INFO] [stderr]   [ 14%] Building CXX object libbullet3/src/BulletCollision/CMakeFiles/BulletCollision.dir/BroadphaseCollision/btAxisSweep3.o
[INFO] [stderr]   [ 14%] Building CXX object libbullet3/src/BulletInverseDynamics/CMakeFiles/BulletInverseDynamics.dir/MultiBodyTree.o
[INFO] [stderr]   [ 14%] Building CXX object libbullet3/Extras/BulletRoboticsGUI/CMakeFiles/BulletRoboticsGUI.dir/__/__/examples/SharedMemory/plugins/stablePDPlugin/BulletConversion.o
[INFO] [stderr]   [ 14%] Building CXX object libbullet3/examples/ThirdPartyLibs/Gwen/CMakeFiles/gwen.dir/Controls/GroupBox.o
[INFO] [stderr]   [ 14%] Building CXX object libbullet3/Extras/HACD/CMakeFiles/HACD.dir/hacdGraph.o
[INFO] [stderr]   [ 14%] Building CXX object libbullet3/src/BulletSoftBody/CMakeFiles/BulletSoftBody.dir/btSoftMultiBodyDynamicsWorld.o
[INFO] [stderr]   [ 14%] Building CXX object libbullet3/src/BulletDynamics/CMakeFiles/BulletDynamics.dir/ConstraintSolver/btConeTwistConstraint.o
[INFO] [stderr]   [ 15%] Building CXX object libbullet3/Extras/BulletRoboticsGUI/CMakeFiles/BulletRoboticsGUI.dir/__/__/examples/ExampleBrowser/InProcessExampleBrowser.o
[INFO] [stderr]   [ 15%] Building CXX object libbullet3/src/Bullet3Collision/CMakeFiles/Bullet3Collision.dir/BroadPhaseCollision/b3DynamicBvhBroadphase.o
[INFO] [stderr]   [ 15%] Building CXX object libbullet3/src/Bullet3Geometry/CMakeFiles/Bullet3Geometry.dir/b3GeometryUtil.o
[INFO] [stderr]   [ 15%] Building CXX object libbullet3/src/LinearMath/CMakeFiles/LinearMath.dir/btConvexHullComputer.o
[INFO] [stderr]   [ 15%] Building CXX object libbullet3/src/Bullet3Collision/CMakeFiles/Bullet3Collision.dir/BroadPhaseCollision/b3DynamicBvh.o
[INFO] [stderr]   [ 15%] Building CXX object libbullet3/src/BulletDynamics/CMakeFiles/BulletDynamics.dir/Character/btKinematicCharacterController.o
[INFO] [stderr]   [ 15%] Building CXX object libbullet3/src/LinearMath/CMakeFiles/LinearMath.dir/btAlignedAllocator.o
[INFO] [stderr]   [ 15%] Building CXX object libbullet3/src/BulletSoftBody/CMakeFiles/BulletSoftBody.dir/btSoftSoftCollisionAlgorithm.o
[INFO] [stderr]   [ 15%] Building CXX object libbullet3/src/BulletCollision/CMakeFiles/BulletCollision.dir/BroadphaseCollision/btDbvt.o
[INFO] [stderr]   [ 15%] Building CXX object libbullet3/src/BulletSoftBody/CMakeFiles/BulletSoftBody.dir/btSoftRigidCollisionAlgorithm.o
[INFO] [stderr]   [ 15%] Building CXX object libbullet3/src/LinearMath/CMakeFiles/LinearMath.dir/btConvexHull.o
[INFO] [stderr]   [ 15%] Building CXX object libbullet3/src/BulletInverseDynamics/CMakeFiles/BulletInverseDynamics.dir/details/MultiBodyTreeImpl.o
[INFO] [stderr]   [ 15%] Building CXX object libbullet3/src/Bullet3Geometry/CMakeFiles/Bullet3Geometry.dir/b3ConvexHullComputer.o
[INFO] [stderr]   [ 15%] Built target Bullet3Common
[INFO] [stderr]   [ 15%] Building CXX object libbullet3/src/Bullet3Dynamics/CMakeFiles/Bullet3Dynamics.dir/b3CpuRigidBodyPipeline.o
[INFO] [stderr]   [ 15%] Building CXX object libbullet3/Extras/ConvexDecomposition/CMakeFiles/ConvexDecomposition.dir/cd_hull.o
[INFO] [stderr]   [ 15%] Building CXX object libbullet3/examples/ThirdPartyLibs/Gwen/CMakeFiles/gwen.dir/Controls/HSVColorPicker.o
[INFO] [stderr]   [ 15%] Building CXX object libbullet3/Extras/ConvexDecomposition/CMakeFiles/ConvexDecomposition.dir/ConvexDecomposition.o
[INFO] [stderr]   [ 15%] Building CXX object libbullet3/src/Bullet3Collision/CMakeFiles/Bullet3Collision.dir/BroadPhaseCollision/b3OverlappingPairCache.o
[INFO] [stderr]   [ 15%] Building CXX object libbullet3/src/Bullet3Collision/CMakeFiles/Bullet3Collision.dir/NarrowPhaseCollision/b3ConvexUtility.o
[INFO] [stderr]   Scanning dependencies of target App_obj2sdf
[INFO] [stderr]   [ 15%] Building CXX object libbullet3/Extras/BulletRobotics/CMakeFiles/BulletRobotics.dir/__/__/examples/TinyRenderer/TinyRenderer.o
[INFO] [stderr]   [ 16%] Building CXX object libbullet3/Extras/BulletRobotics/CMakeFiles/BulletRobotics.dir/__/__/examples/SharedMemory/plugins/collisionFilterPlugin/collisionFilterPlugin.o
[INFO] [stderr]   [ 16%] Building CXX object libbullet3/src/BulletSoftBody/CMakeFiles/BulletSoftBody.dir/btDeformableBackwardEulerObjective.o
[INFO] [stderr]   [ 16%] Building CXX object libbullet3/src/Bullet3Serialize/Bullet2FileLoader/CMakeFiles/Bullet2FileLoader.dir/b3BulletFile.o
[INFO] [stderr]   [ 16%] Building CXX object libbullet3/Extras/HACD/CMakeFiles/HACD.dir/hacdHACD.o
[INFO] [stderr]   [ 16%] Building CXX object libbullet3/src/Bullet3Dynamics/CMakeFiles/Bullet3Dynamics.dir/ConstraintSolver/b3FixedConstraint.o
[INFO] [stderr]   [ 16%] Building CXX object libbullet3/src/LinearMath/CMakeFiles/LinearMath.dir/btGeometryUtil.o
[INFO] [stderr]   [ 16%] Building CXX object libbullet3/src/BulletSoftBody/CMakeFiles/BulletSoftBody.dir/btDefaultSoftBodySolver.o
[INFO] [stderr]   [ 17%] Building CXX object libbullet3/src/Bullet3Serialize/Bullet2FileLoader/CMakeFiles/Bullet2FileLoader.dir/b3Chunk.o
[INFO] [stderr]   [ 17%] Building CXX object libbullet3/src/BulletCollision/CMakeFiles/BulletCollision.dir/BroadphaseCollision/btDbvtBroadphase.o
[INFO] [stderr]   [ 17%] Building CXX object libbullet3/Extras/obj2sdf/CMakeFiles/App_obj2sdf.dir/obj2sdf.o
[INFO] [stderr]   [ 18%] Building CXX object libbullet3/src/Bullet3Collision/CMakeFiles/Bullet3Collision.dir/NarrowPhaseCollision/b3CpuNarrowPhase.o
[INFO] [stderr]   [ 18%] Building CXX object libbullet3/src/Bullet3OpenCL/CMakeFiles/Bullet3OpenCL_clew.dir/NarrowphaseCollision/b3GjkEpa.o
[INFO] [stderr]   [ 18%] Building CXX object libbullet3/src/BulletCollision/CMakeFiles/BulletCollision.dir/BroadphaseCollision/btOverlappingPairCache.o
[INFO] [stderr]   [ 18%] Building CXX object libbullet3/Extras/Serialize/BulletXmlWorldImporter/CMakeFiles/BulletXmlWorldImporter.dir/string_split.o
[INFO] [stderr]   [ 18%] Building CXX object libbullet3/Extras/obj2sdf/CMakeFiles/App_obj2sdf.dir/__/__/examples/Utils/b3ResourcePath.o
[INFO] [stderr]   [ 18%] Building CXX object libbullet3/src/Bullet3OpenCL/CMakeFiles/Bullet3OpenCL_clew.dir/NarrowphaseCollision/b3OptimizedBvh.o
[INFO] [stderr]   [ 18%] Building CXX object libbullet3/Extras/HACD/CMakeFiles/HACD.dir/hacdICHull.o
[INFO] [stderr]   [ 18%] Building CXX object libbullet3/src/BulletCollision/CMakeFiles/BulletCollision.dir/BroadphaseCollision/btDispatcher.o
[INFO] [stderr]   [ 18%] Building CXX object libbullet3/src/LinearMath/CMakeFiles/LinearMath.dir/btPolarDecomposition.o
[INFO] [stderr]   [ 19%] Building CXX object libbullet3/src/BulletDynamics/CMakeFiles/BulletDynamics.dir/ConstraintSolver/btContactConstraint.o
[INFO] [stderr]   [ 19%] Building CXX object libbullet3/src/Bullet3OpenCL/CMakeFiles/Bullet3OpenCL_clew.dir/NarrowphaseCollision/b3QuantizedBvh.o
[INFO] [stderr]   [ 19%] Building CXX object libbullet3/Extras/obj2sdf/CMakeFiles/App_obj2sdf.dir/__/__/examples/ThirdPartyLibs/Wavefront/tiny_obj_loader.o
[INFO] [stderr]   [ 19%] Building CXX object libbullet3/src/BulletCollision/CMakeFiles/BulletCollision.dir/BroadphaseCollision/btQuantizedBvh.o
[INFO] [stderr]   [ 19%] Building CXX object libbullet3/src/LinearMath/CMakeFiles/LinearMath.dir/btQuickprof.o
[INFO] [stderr]   [ 19%] Building CXX object libbullet3/src/BulletCollision/CMakeFiles/BulletCollision.dir/BroadphaseCollision/btSimpleBroadphase.o
[INFO] [stderr]   [ 20%] Building CXX object libbullet3/Extras/HACD/CMakeFiles/HACD.dir/hacdManifoldMesh.o
[INFO] [stderr]   [ 20%] Building CXX object libbullet3/src/BulletDynamics/CMakeFiles/BulletDynamics.dir/ConstraintSolver/btFixedConstraint.o
[INFO] [stderr]   [ 20%] Building CXX object libbullet3/src/LinearMath/CMakeFiles/LinearMath.dir/btReducedVector.o
[INFO] [stderr]   [ 21%] Building CXX object libbullet3/src/Bullet3OpenCL/CMakeFiles/Bullet3OpenCL_clew.dir/NarrowphaseCollision/b3StridingMeshInterface.o
[INFO] [stderr]   [ 21%] Building CXX object libbullet3/Extras/Serialize/BulletXmlWorldImporter/CMakeFiles/BulletXmlWorldImporter.dir/__/__/__/examples/ThirdPartyLibs/tinyxml2/tinyxml2.o
[INFO] [stderr]   [ 21%] Building CXX object libbullet3/src/Bullet3Dynamics/CMakeFiles/Bullet3Dynamics.dir/ConstraintSolver/b3Generic6DofConstraint.o
[INFO] [stderr]   [ 21%] Building CXX object libbullet3/src/Bullet3OpenCL/CMakeFiles/Bullet3OpenCL_clew.dir/NarrowphaseCollision/b3TriangleCallback.o
[INFO] [stderr]   [ 21%] Building CXX object libbullet3/src/Bullet3OpenCL/CMakeFiles/Bullet3OpenCL_clew.dir/NarrowphaseCollision/b3TriangleIndexVertexArray.o
[INFO] [stderr]   [ 21%] Building CXX object libbullet3/src/Bullet3Dynamics/CMakeFiles/Bullet3Dynamics.dir/ConstraintSolver/b3Point2PointConstraint.o
[INFO] [stderr]   [ 21%] Building CXX object libbullet3/src/BulletCollision/CMakeFiles/BulletCollision.dir/CollisionDispatch/btBoxBoxCollisionAlgorithm.o
[INFO] [stderr]   [ 21%] Building CXX object libbullet3/Extras/ConvexDecomposition/CMakeFiles/ConvexDecomposition.dir/concavity.o
[INFO] [stderr]   [ 21%] Building CXX object libbullet3/src/Bullet3Serialize/Bullet2FileLoader/CMakeFiles/Bullet2FileLoader.dir/b3File.o
[INFO] [stderr]   [ 21%] Building CXX object libbullet3/src/Bullet3Serialize/Bullet2FileLoader/CMakeFiles/Bullet2FileLoader.dir/b3Serializer.o
[INFO] [stderr]   [ 21%] Building CXX object libbullet3/Extras/BulletRobotics/CMakeFiles/BulletRobotics.dir/__/__/examples/SharedMemory/plugins/pdControlPlugin/pdControlPlugin.o
[INFO] [stderr]   [ 21%] Building CXX object libbullet3/src/Bullet3Dynamics/CMakeFiles/Bullet3Dynamics.dir/ConstraintSolver/b3TypedConstraint.o
[INFO] [stderr]   [ 22%] Building CXX object libbullet3/src/Bullet3Dynamics/CMakeFiles/Bullet3Dynamics.dir/ConstraintSolver/b3PgsJacobiSolver.o
[INFO] [stderr]   [ 22%] Building CXX object libbullet3/src/Bullet3Serialize/Bullet2FileLoader/CMakeFiles/Bullet2FileLoader.dir/b3DNA.o
[INFO] [stderr]   [ 23%] Building CXX object libbullet3/Extras/BulletRobotics/CMakeFiles/BulletRobotics.dir/__/__/examples/SharedMemory/b3RobotSimulatorClientAPI_NoGUI.o
[INFO] [stderr]   [ 23%] Building CXX object libbullet3/src/BulletCollision/CMakeFiles/BulletCollision.dir/CollisionDispatch/btActivatingCollisionAlgorithm.o
[INFO] [stderr]   [ 24%] Building CXX object libbullet3/Extras/ConvexDecomposition/CMakeFiles/ConvexDecomposition.dir/float_math.o
[INFO] [stderr]   [ 24%] Building CXX object libbullet3/src/LinearMath/CMakeFiles/LinearMath.dir/btSerializer64.o
[INFO] [stderr]   [ 24%] Building CXX object libbullet3/src/BulletDynamics/CMakeFiles/BulletDynamics.dir/ConstraintSolver/btGearConstraint.o
[INFO] [stderr]   [ 24%] Building CXX object libbullet3/src/BulletCollision/CMakeFiles/BulletCollision.dir/CollisionDispatch/btBox2dBox2dCollisionAlgorithm.o
[INFO] [stderr]   [ 24%] Building CXX object libbullet3/src/Bullet3OpenCL/CMakeFiles/Bullet3OpenCL_clew.dir/ParallelPrimitives/b3BoundSearchCL.o
[INFO] [stderr]   [ 24%] Building CXX object libbullet3/src/BulletCollision/CMakeFiles/BulletCollision.dir/CollisionDispatch/btBoxBoxDetector.o
[INFO] [stderr]   [ 25%] Building CXX object libbullet3/src/LinearMath/CMakeFiles/LinearMath.dir/btSerializer.o
[INFO] [stderr]   [ 25%] Building CXX object libbullet3/src/BulletCollision/CMakeFiles/BulletCollision.dir/CollisionDispatch/btCollisionDispatcher.o
[INFO] [stderr]   [ 25%] Building CXX object libbullet3/src/BulletDynamics/CMakeFiles/BulletDynamics.dir/ConstraintSolver/btGeneric6DofConstraint.o
[INFO] [stderr]   [ 25%] Building CXX object libbullet3/src/Bullet3OpenCL/CMakeFiles/Bullet3OpenCL_clew.dir/NarrowphaseCollision/b3VoronoiSimplexSolver.o
[INFO] [stderr]   [ 25%] Building CXX object libbullet3/src/LinearMath/CMakeFiles/LinearMath.dir/btThreads.o
[INFO] [stderr]   [ 25%] Building CXX object libbullet3/src/BulletCollision/CMakeFiles/BulletCollision.dir/CollisionDispatch/btCollisionDispatcherMt.o
[INFO] [stderr]   [ 25%] Building CXX object libbullet3/src/BulletCollision/CMakeFiles/BulletCollision.dir/CollisionDispatch/btCollisionWorld.o
[INFO] [stderr]   [ 25%] Building CXX object libbullet3/src/LinearMath/CMakeFiles/LinearMath.dir/btVector3.o
[INFO] [stderr]   [ 26%] Building CXX object libbullet3/src/BulletCollision/CMakeFiles/BulletCollision.dir/CollisionDispatch/btCompoundCollisionAlgorithm.o
[INFO] [stderr]   [ 26%] Building CXX object libbullet3/src/BulletCollision/CMakeFiles/BulletCollision.dir/CollisionDispatch/btCompoundCompoundCollisionAlgorithm.o
[INFO] [stderr]   [ 26%] Building CXX object libbullet3/src/LinearMath/CMakeFiles/LinearMath.dir/TaskScheduler/btThreadSupportPosix.o
[INFO] [stderr]   [ 26%] Building CXX object libbullet3/src/BulletCollision/CMakeFiles/BulletCollision.dir/CollisionDispatch/btConvexPlaneCollisionAlgorithm.o
[INFO] [stderr]   [ 26%] Building CXX object libbullet3/src/BulletCollision/CMakeFiles/BulletCollision.dir/CollisionDispatch/btCollisionWorldImporter.o
[INFO] [stderr]   [ 26%] Building CXX object libbullet3/src/LinearMath/CMakeFiles/LinearMath.dir/TaskScheduler/btTaskScheduler.o
[INFO] [stderr]   [ 26%] Building CXX object libbullet3/src/BulletDynamics/CMakeFiles/BulletDynamics.dir/ConstraintSolver/btGeneric6DofSpringConstraint.o
[INFO] [stderr]   [ 26%] Building CXX object libbullet3/src/BulletCollision/CMakeFiles/BulletCollision.dir/CollisionDispatch/btConvexConvexAlgorithm.o
[INFO] [stderr]   [ 27%] Building CXX object libbullet3/src/BulletCollision/CMakeFiles/BulletCollision.dir/CollisionDispatch/btHashedSimplePairCache.o
[INFO] [stderr]   [ 27%] Building CXX object libbullet3/src/LinearMath/CMakeFiles/LinearMath.dir/TaskScheduler/btThreadSupportWin32.o
[INFO] [stderr]   [ 27%] Building CXX object libbullet3/src/BulletDynamics/CMakeFiles/BulletDynamics.dir/ConstraintSolver/btHinge2Constraint.o
[INFO] [stderr]   [ 27%] Building CXX object libbullet3/src/BulletCollision/CMakeFiles/BulletCollision.dir/CollisionDispatch/btCollisionObject.o
[INFO] [stderr]   [ 27%] Building CXX object libbullet3/src/BulletCollision/CMakeFiles/BulletCollision.dir/CollisionDispatch/btInternalEdgeUtility.o
[INFO] [stderr]   [ 27%] Building CXX object libbullet3/src/BulletDynamics/CMakeFiles/BulletDynamics.dir/ConstraintSolver/btHingeConstraint.o
[INFO] [stderr]   [ 27%] Building CXX object libbullet3/src/BulletCollision/CMakeFiles/BulletCollision.dir/CollisionDispatch/btManifoldResult.o
[INFO] [stderr]   [ 27%] Building CXX object libbullet3/src/BulletDynamics/CMakeFiles/BulletDynamics.dir/ConstraintSolver/btGeneric6DofSpring2Constraint.o
[INFO] [stderr]   [ 27%] Building CXX object libbullet3/src/BulletCollision/CMakeFiles/BulletCollision.dir/CollisionDispatch/btDefaultCollisionConfiguration.o
[INFO] [stderr]   [ 27%] Building CXX object libbullet3/src/BulletCollision/CMakeFiles/BulletCollision.dir/CollisionDispatch/btConvex2dConvex2dAlgorithm.o
[INFO] [stderr]   [ 27%] Building CXX object libbullet3/src/BulletCollision/CMakeFiles/BulletCollision.dir/CollisionDispatch/btConvexConcaveCollisionAlgorithm.o
[INFO] [stderr]   [ 27%] Building CXX object libbullet3/src/BulletCollision/CMakeFiles/BulletCollision.dir/CollisionDispatch/btSimulationIslandManager.o
[INFO] [stderr]   [ 27%] Building CXX object libbullet3/src/BulletCollision/CMakeFiles/BulletCollision.dir/CollisionDispatch/btGhostObject.o
[INFO] [stderr]   [ 27%] Building CXX object libbullet3/src/BulletCollision/CMakeFiles/BulletCollision.dir/CollisionDispatch/btSphereBoxCollisionAlgorithm.o
[INFO] [stderr]   [ 27%] Building CXX object libbullet3/src/BulletCollision/CMakeFiles/BulletCollision.dir/CollisionDispatch/btEmptyCollisionAlgorithm.o
[INFO] [stderr]   [ 27%] Building CXX object libbullet3/src/BulletCollision/CMakeFiles/BulletCollision.dir/CollisionDispatch/btSphereTriangleCollisionAlgorithm.o
[INFO] [stderr]   [ 27%] Building CXX object libbullet3/src/BulletCollision/CMakeFiles/BulletCollision.dir/CollisionDispatch/btUnionFind.o
[INFO] [stderr]   [ 28%] Building CXX object libbullet3/src/BulletCollision/CMakeFiles/BulletCollision.dir/CollisionShapes/btBoxShape.o
[INFO] [stderr]   [ 28%] Building CXX object libbullet3/src/BulletCollision/CMakeFiles/BulletCollision.dir/CollisionDispatch/btSphereSphereCollisionAlgorithm.o
[INFO] [stderr]   [ 28%] Building CXX object libbullet3/src/BulletCollision/CMakeFiles/BulletCollision.dir/CollisionDispatch/SphereTriangleDetector.o
[INFO] [stderr]   [ 28%] Linking CXX static library libclsocket.a
[INFO] [stderr]   [ 28%] Built target clsocket
[INFO] [stderr] 
[INFO] [stderr]   --- stderr
[INFO] [stderr]   Linux
[INFO] [stderr]   CMake Warning (dev) at /usr/share/cmake-3.16/Modules/FindOpenGL.cmake:275 (message):
[INFO] [stderr]     Policy CMP0072 is not set: FindOpenGL prefers GLVND by default when
[INFO] [stderr]     available.  Run "cmake --help-policy CMP0072" for policy details.  Use the
[INFO] [stderr]     cmake_policy command to set the policy and suppress this warning.
[INFO] [stderr] 
[INFO] [stderr]     FindOpenGL found both a legacy GL library:
[INFO] [stderr] 
[INFO] [stderr]       OPENGL_gl_LIBRARY: /usr/lib/x86_64-linux-gnu/libGL.so
[INFO] [stderr] 
[INFO] [stderr]     and GLVND libraries for OpenGL and GLX:
[INFO] [stderr] 
[INFO] [stderr]       OPENGL_opengl_LIBRARY: /usr/lib/x86_64-linux-gnu/libOpenGL.so
[INFO] [stderr]       OPENGL_glx_LIBRARY: /usr/lib/x86_64-linux-gnu/libGLX.so
[INFO] [stderr] 
[INFO] [stderr]     OpenGL_GL_PREFERENCE has not been set to "GLVND" or "LEGACY", so for
[INFO] [stderr]     compatibility with CMake 3.10 and below the legacy GL library will be used.
[INFO] [stderr]   Call Stack (most recent call first):
[INFO] [stderr]     libbullet3/CMakeLists.txt:309 (FIND_PACKAGE)
[INFO] [stderr]   This warning is for project developers.  Use -Wno-dev to suppress it.
[INFO] [stderr] 
[INFO] [stderr]   OPENGL FOUND
[INFO] [stderr]   /usr/lib/x86_64-linux-gnu/libGL.so/usr/lib/x86_64-linux-gnu/libGLU.so
[INFO] [stderr]   CMake Warning:
[INFO] [stderr]     Manually-specified variables were not used by the project:
[INFO] [stderr] 
[INFO] [stderr]       CMAKE_ASM_COMPILER
[INFO] [stderr]       CMAKE_ASM_FLAGS
[INFO] [stderr] 
[INFO] [stderr] 
[INFO] [stderr]   make: warning: -j128 forced in submake: resetting jobserver mode.
[INFO] [stderr]   In file included from /usr/include/string.h:495,
[INFO] [stderr]                    from /opt/rustwide/workdir/bullet3/libbullet3/examples/ThirdPartyLibs/glad/gl.c:3:
[INFO] [stderr]   In function 'strncpy',
[INFO] [stderr]       inlined from 'get_exts' at /opt/rustwide/workdir/bullet3/libbullet3/examples/ThirdPartyLibs/glad/gl.c:2271:5,
[INFO] [stderr]       inlined from 'find_extensionsGL' at /opt/rustwide/workdir/bullet3/libbullet3/examples/ThirdPartyLibs/glad/gl.c:2349:7,
[INFO] [stderr]       inlined from 'gladLoadGLUserPtr' at /opt/rustwide/workdir/bullet3/libbullet3/examples/ThirdPartyLibs/glad/gl.c:2432:7,
[INFO] [stderr]       inlined from 'gladLoadGLUserPtr' at /opt/rustwide/workdir/bullet3/libbullet3/examples/ThirdPartyLibs/glad/gl.c:2403:5:
[INFO] [stderr]   /usr/include/x86_64-linux-gnu/bits/string_fortified.h:106:10: warning: '__builtin_strncpy' specified bound depends on the length of the source argument [-Wstringop-overflow=]
[INFO] [stderr]     106 |   return __builtin___strncpy_chk (__dest, __src, __len, __bos (__dest));
[INFO] [stderr]         |          ^~~~~~~~~~~~~~~~~~~~~~~~~~~~~~~~~~~~~~~~~~~~~~~~~~~~~~~~~~~~~~
[INFO] [stderr]   /opt/rustwide/workdir/bullet3/libbullet3/examples/ThirdPartyLibs/glad/gl.c: In function 'gladLoadGLUserPtr':
[INFO] [stderr]   /opt/rustwide/workdir/bullet3/libbullet3/examples/ThirdPartyLibs/glad/gl.c:2266:17: note: length computed here
[INFO] [stderr]    2266 |    size_t len = strlen(gl_str_tmp) + 1;
[INFO] [stderr]         |                 ^~~~~~~~~~~~~~~~~~
[INFO] [stderr]   c++: fatal error: Killed signal terminated program cc1plus
[INFO] [stderr]   compilation terminated.
[INFO] [stderr]   make[2]: *** [libbullet3/examples/ExampleBrowser/CMakeFiles/BulletExampleBrowserLib.dir/build.make:63: libbullet3/examples/ExampleBrowser/CMakeFiles/BulletExampleBrowserLib.dir/OpenGLExampleBrowser.o] Error 1
[INFO] [stderr]   make[2]: *** Waiting for unfinished jobs....
[INFO] [stderr]   c++: fatal error: Killed signal terminated program cc1plus
[INFO] [stderr]   compilation terminated.
[INFO] [stderr]   make[2]: *** [libbullet3/Extras/InverseDynamics/CMakeFiles/BulletInverseDynamicsUtils.dir/build.make:76: libbullet3/Extras/InverseDynamics/CMakeFiles/BulletInverseDynamicsUtils.dir/CoilCreator.o] Error 1
[INFO] [stderr]   make[2]: *** Waiting for unfinished jobs....
[INFO] [stderr]   c++: fatal error: Killed signal terminated program cc1plus
[INFO] [stderr]   compilation terminated.
[INFO] [stderr]   c++: fatal error: Killed signal terminated program cc1plus
[INFO] [stderr]   compilation terminated.
[INFO] [stderr]   make[2]: *** [libbullet3/examples/ThirdPartyLibs/BussIK/CMakeFiles/BussIK.dir/build.make:167: libbullet3/examples/ThirdPartyLibs/BussIK/CMakeFiles/BussIK.dir/VectorRn.o] Error 1
[INFO] [stderr]   make[2]: *** Waiting for unfinished jobs....
[INFO] [stderr]   make[2]: *** [libbullet3/examples/ThirdPartyLibs/Gwen/CMakeFiles/gwen.dir/build.make:102: libbullet3/examples/ThirdPartyLibs/Gwen/CMakeFiles/gwen.dir/Controls/Button.o] Error 1
[INFO] [stderr]   make[2]: *** Waiting for unfinished jobs....
[INFO] [stderr]   c++: fatal error: Killed signal terminated program cc1plus
[INFO] [stderr]   compilation terminated.
[INFO] [stderr]   make[2]: *** [libbullet3/examples/ThirdPartyLibs/Gwen/CMakeFiles/gwen.dir/build.make:89: libbullet3/examples/ThirdPartyLibs/Gwen/CMakeFiles/gwen.dir/Controls/Base.o] Error 1
[INFO] [stderr]   c++: fatal error: Killed signal terminated program cc1plus
[INFO] [stderr]   compilation terminated.
[INFO] [stderr]   make[2]: *** [libbullet3/examples/OpenGLWindow/CMakeFiles/OpenGLWindow.dir/build.make:180: libbullet3/examples/OpenGLWindow/CMakeFiles/OpenGLWindow.dir/OpenSans.o] Error 1
[INFO] [stderr]   make[2]: *** Waiting for unfinished jobs....
[INFO] [stderr]   c++: fatal error: Killed signal terminated program cc1plus
[INFO] [stderr]   compilation terminated.
[INFO] [stderr]   make[2]: *** [libbullet3/examples/OpenGLWindow/CMakeFiles/OpenGLWindow.dir/build.make:128: libbullet3/examples/OpenGLWindow/CMakeFiles/OpenGLWindow.dir/GLInstancingRenderer.o] Error 1
[INFO] [stderr]   c++: fatal error: Killed signal terminated program cc1plus
[INFO] [stderr]   compilation terminated.
[INFO] [stderr]   c++: fatal error: Killed signal terminated program cc1plus
[INFO] [stderr]   compilation terminated.
[INFO] [stderr]   make[2]: *** [libbullet3/examples/ExampleBrowser/CMakeFiles/BulletExampleBrowserLib.dir/build.make:89: libbullet3/examples/ExampleBrowser/CMakeFiles/BulletExampleBrowserLib.dir/GL_ShapeDrawer.o] Error 1
[INFO] [stderr]   make[2]: *** [libbullet3/Extras/InverseDynamics/CMakeFiles/BulletInverseDynamicsUtils.dir/build.make:102: libbullet3/Extras/InverseDynamics/CMakeFiles/BulletInverseDynamicsUtils.dir/btMultiBodyTreeCreator.o] Error 1
[INFO] [stderr]   c++: fatal error: Killed signal terminated program cc1plus
[INFO] [stderr]   compilation terminated.
[INFO] [stderr]   c++: fatal error: Killed signal terminated program cc1plus
[INFO] [stderr]   compilation terminated.
[INFO] [stderr]   make[2]: *** [libbullet3/examples/ThirdPartyLibs/Gwen/CMakeFiles/gwen.dir/build.make:115: libbullet3/examples/ThirdPartyLibs/Gwen/CMakeFiles/gwen.dir/Controls/Canvas.o] Error 1
[INFO] [stderr]   make[2]: *** [libbullet3/Extras/InverseDynamics/CMakeFiles/BulletInverseDynamicsUtils.dir/build.make:89: libbullet3/Extras/InverseDynamics/CMakeFiles/BulletInverseDynamicsUtils.dir/MultiBodyTreeCreator.o] Error 1
[INFO] [stderr]   c++: fatal error: Killed signal terminated program cc1plus
[INFO] [stderr]   compilation terminated.
[INFO] [stderr]   make[2]: *** [libbullet3/examples/ThirdPartyLibs/Gwen/CMakeFiles/gwen.dir/build.make:141: libbullet3/examples/ThirdPartyLibs/Gwen/CMakeFiles/gwen.dir/Controls/ColorControls.o] Error 1
[INFO] [stderr]   c++: fatal error: Killed signal terminated program cc1plus
[INFO] [stderr]   compilation terminated.
[INFO] [stderr]   make[2]: *** [libbullet3/examples/ExampleBrowser/CMakeFiles/BulletExampleBrowserLib.dir/build.make:76: libbullet3/examples/ExampleBrowser/CMakeFiles/BulletExampleBrowserLib.dir/OpenGLGuiHelper.o] Error 1
[INFO] [stderr]   c++: fatal error: Killed signal terminated program cc1plus
[INFO] [stderr]   compilation terminated.
[INFO] [stderr]   make[2]: *** [libbullet3/examples/ThirdPartyLibs/Gwen/CMakeFiles/gwen.dir/build.make:154: libbullet3/examples/ThirdPartyLibs/Gwen/CMakeFiles/gwen.dir/Controls/ColorPicker.o] Error 1
[INFO] [stderr]   c++: fatal error: Killed signal terminated program cc1plus
[INFO] [stderr]   compilation terminated.
[INFO] [stderr]   c++: fatal error: Killed signal terminated program cc1plus
[INFO] [stderr]   compilation terminated.
[INFO] [stderr]   make[2]: *** [libbullet3/examples/ThirdPartyLibs/BussIK/CMakeFiles/BussIK.dir/build.make:115: libbullet3/examples/ThirdPartyLibs/BussIK/CMakeFiles/BussIK.dir/MatrixRmn.o] Error 1
[INFO] [stderr]   c++: fatal error: Killed signal terminated program cc1plus
[INFO] [stderr]   compilation terminated.
[INFO] [stderr]   make[2]: *** [libbullet3/examples/ThirdPartyLibs/Gwen/CMakeFiles/gwen.dir/build.make:128: libbullet3/examples/ThirdPartyLibs/Gwen/CMakeFiles/gwen.dir/Controls/CheckBox.o] Error 1
[INFO] [stderr]   make[2]: *** [libbullet3/examples/ThirdPartyLibs/Gwen/CMakeFiles/gwen.dir/build.make:76: libbullet3/examples/ThirdPartyLibs/Gwen/CMakeFiles/gwen.dir/BaseRender.o] Error 1
[INFO] [stderr]   c++: fatal error: Killed signal terminated program cc1plus
[INFO] [stderr]   compilation terminated.
[INFO] [stderr]   c++: fatal error: Killed signal terminated program cc1plus
[INFO] [stderr]   compilation terminated.
[INFO] [stderr]   make[2]: *** [libbullet3/Extras/InverseDynamics/CMakeFiles/BulletInverseDynamicsUtils.dir/build.make:63: libbullet3/Extras/InverseDynamics/CMakeFiles/BulletInverseDynamicsUtils.dir/CloneTreeCreator.o] Error 1
[INFO] [stderr]   make[2]: *** [libbullet3/examples/ThirdPartyLibs/Gwen/CMakeFiles/gwen.dir/build.make:63: libbullet3/examples/ThirdPartyLibs/Gwen/CMakeFiles/gwen.dir/Anim.o] Error 1
[INFO] [stderr]   c++: fatal error: Killed signal terminated program cc1plus
[INFO] [stderr]   compilation terminated.
[INFO] [stderr]   make[2]: *** [libbullet3/examples/ThirdPartyLibs/BussIK/CMakeFiles/BussIK.dir/build.make:76: libbullet3/examples/ThirdPartyLibs/BussIK/CMakeFiles/BussIK.dir/LinearR2.o] Error 1
[INFO] [stderr]   c++: fatal error: Killed signal terminated program cc1plus
[INFO] [stderr]   compilation terminated.
[INFO] [stderr]   c++: fatal error: Killed signal terminated program cc1plus
[INFO] [stderr]   compilation terminated.
[INFO] [stderr]   c++: fatal error: Killed signal terminated program cc1plus
[INFO] [stderr]   compilation terminated.
[INFO] [stderr]   make[2]: *** [libbullet3/Extras/BulletRoboticsGUI/CMakeFiles/BulletRoboticsGUI.dir/build.make:102: libbullet3/Extras/BulletRoboticsGUI/CMakeFiles/BulletRoboticsGUI.dir/__/__/examples/SharedMemory/plugins/stablePDPlugin/RBDModel.o] Error 1
[INFO] [stderr]   make[2]: *** Waiting for unfinished jobs....
[INFO] [stderr]   make[2]: *** [libbullet3/Extras/Serialize/BulletFileLoader/CMakeFiles/BulletFileLoader.dir/build.make:76: libbullet3/Extras/Serialize/BulletFileLoader/CMakeFiles/BulletFileLoader.dir/bDNA.o] Error 1
[INFO] [stderr]   make[2]: *** Waiting for unfinished jobs....
[INFO] [stderr]   make[2]: *** [libbullet3/Extras/Serialize/BulletFileLoader/CMakeFiles/BulletFileLoader.dir/build.make:89: libbullet3/Extras/Serialize/BulletFileLoader/CMakeFiles/BulletFileLoader.dir/bFile.o] Error 1
[INFO] [stderr]   c++: fatal error: Killed signal terminated program cc1plus
[INFO] [stderr]   compilation terminated.
[INFO] [stderr]   c++: fatal error: Killed signal terminated program cc1plus
[INFO] [stderr]   compilation terminated.
[INFO] [stderr]   c++: fatal error: Killed signal terminated program cc1plus
[INFO] [stderr]   compilation terminated.
[INFO] [stderr]   make[2]: *** [libbullet3/examples/ExampleBrowser/CMakeFiles/BulletExampleBrowserLib.dir/build.make:102: libbullet3/examples/ExampleBrowser/CMakeFiles/BulletExampleBrowserLib.dir/CollisionShape2TriangleMesh.o] Error 1
[INFO] [stderr]   c++: fatal error: Killed signal terminated program cc1plus
[INFO] [stderr]   compilation terminated.
[INFO] [stderr]   c++: fatal error: Killed signal terminated program cc1plus
[INFO] [stderr]   compilation terminated.
[INFO] [stderr]   c++: fatal error: Killed signal terminated program cc1plus
[INFO] [stderr]   compilation terminated.
[INFO] [stderr]   c++: fatal error: Killed signal terminated program cc1plus
[INFO] [stderr]   compilation terminated.
[INFO] [stderr]   c++: fatal error: Killed signal terminated program cc1plus
[INFO] [stderr]   compilation terminated.
[INFO] [stderr]   c++: fatal error: Killed signal terminated program cc1plus
[INFO] [stderr]   compilation terminated.
[INFO] [stderr]   c++: fatal error: Killed signal terminated program cc1plus
[INFO] [stderr]   compilation terminated.
[INFO] [stderr]   make[2]: *** [libbullet3/src/BulletSoftBody/CMakeFiles/BulletSoftBody.dir/build.make:102: libbullet3/src/BulletSoftBody/CMakeFiles/BulletSoftBody.dir/btSoftBodyRigidBodyCollisionConfiguration.o] Error 1
[INFO] [stderr]   make[2]: *** Waiting for unfinished jobs....
[INFO] [stderr]   make[2]: *** [libbullet3/examples/ThirdPartyLibs/Gwen/CMakeFiles/gwen.dir/build.make:180: libbullet3/examples/ThirdPartyLibs/Gwen/CMakeFiles/gwen.dir/Controls/CrossSplitter.o] Error 1
[INFO] [stderr]   make[2]: *** [libbullet3/examples/ThirdPartyLibs/BussIK/CMakeFiles/BussIK.dir/build.make:102: libbullet3/examples/ThirdPartyLibs/BussIK/CMakeFiles/BussIK.dir/LinearR4.o] Error 1
[INFO] [stderr]   make[2]: *** [libbullet3/examples/OpenGLWindow/CMakeFiles/OpenGLWindow.dir/build.make:219: libbullet3/examples/OpenGLWindow/CMakeFiles/OpenGLWindow.dir/SimpleOpenGL2Renderer.o] Error 1
[INFO] [stderr]   make[2]: *** [libbullet3/examples/OpenGLWindow/CMakeFiles/OpenGLWindow.dir/build.make:232: libbullet3/examples/OpenGLWindow/CMakeFiles/OpenGLWindow.dir/SimpleOpenGL3App.o] Error 1
[INFO] [stderr]   make[2]: *** [libbullet3/Extras/InverseDynamics/CMakeFiles/BulletInverseDynamicsUtils.dir/build.make:115: libbullet3/Extras/InverseDynamics/CMakeFiles/BulletInverseDynamicsUtils.dir/DillCreator.o] Error 1
[INFO] [stderr]   make[2]: *** [libbullet3/Extras/Serialize/BulletFileLoader/CMakeFiles/BulletFileLoader.dir/build.make:102: libbullet3/Extras/Serialize/BulletFileLoader/CMakeFiles/BulletFileLoader.dir/btBulletFile.o] Error 1
[INFO] [stderr]   c++: fatal error: Killed signal terminated program cc1plus
[INFO] [stderr]   compilation terminated.
[INFO] [stderr]   c++: fatal error: Killed signal terminated program cc1plus
[INFO] [stderr]   compilation terminated.
[INFO] [stderr]   c++: fatal error: Killed signal terminated program cc1plus
[INFO] [stderr]   compilation terminated.
[INFO] [stderr]   c++: fatal error: Killed signal terminated program cc1plus
[INFO] [stderr]   compilation terminated.
[INFO] [stderr]   c++: fatal error: Killed signal terminated program cc1plus
[INFO] [stderr]   compilation terminated.
[INFO] [stderr]   c++: fatal error: Killed signal terminated program cc1plus
[INFO] [stderr]   compilation terminated.
[INFO] [stderr]   make[2]: *** [libbullet3/examples/ExampleBrowser/CMakeFiles/BulletExampleBrowserLib.dir/build.make:167: libbullet3/examples/ExampleBrowser/CMakeFiles/BulletExampleBrowserLib.dir/GwenGUISupport/GwenParameterInterface.o] Error 1
[INFO] [stderr]   make[2]: *** [libbullet3/Extras/Serialize/BulletWorldImporter/CMakeFiles/BulletWorldImporter.dir/build.make:63: libbullet3/Extras/Serialize/BulletWorldImporter/CMakeFiles/BulletWorldImporter.dir/btMultiBodyWorldImporter.o] Error 1
[INFO] [stderr]   make[2]: *** Waiting for unfinished jobs....
[INFO] [stderr]   make[2]: *** [libbullet3/examples/OpenGLWindow/CMakeFiles/OpenGLWindow.dir/build.make:206: libbullet3/examples/OpenGLWindow/CMakeFiles/OpenGLWindow.dir/SimpleOpenGL2App.o] Error 1
[INFO] [stderr]   make[2]: *** [libbullet3/Extras/BulletRoboticsGUI/CMakeFiles/BulletRoboticsGUI.dir/build.make:128: libbullet3/Extras/BulletRoboticsGUI/CMakeFiles/BulletRoboticsGUI.dir/__/__/examples/SharedMemory/plugins/stablePDPlugin/KinTree.o] Error 1
[INFO] [stderr]   make[2]: *** [libbullet3/Extras/BulletRoboticsGUI/CMakeFiles/BulletRoboticsGUI.dir/build.make:141: libbullet3/Extras/BulletRoboticsGUI/CMakeFiles/BulletRoboticsGUI.dir/__/__/examples/SharedMemory/plugins/stablePDPlugin/BulletConversion.o] Error 1
[INFO] [stderr]   make[2]: *** [libbullet3/examples/OpenGLWindow/CMakeFiles/OpenGLWindow.dir/build.make:245: libbullet3/examples/OpenGLWindow/CMakeFiles/OpenGLWindow.dir/TwFonts.o] Error 1
[INFO] [stderr]   make[2]: *** [libbullet3/Extras/BulletRobotics/CMakeFiles/BulletRobotics.dir/build.make:102: libbullet3/Extras/BulletRobotics/CMakeFiles/BulletRobotics.dir/__/__/examples/TinyRenderer/tgaimage.o] Error 1
[INFO] [stderr]   make[2]: *** Waiting for unfinished jobs....
[INFO] [stderr]   c++: fatal error: Killed signal terminated program cc1plus
[INFO] [stderr]   compilation terminated.
[INFO] [stderr]   make[2]: *** [libbullet3/examples/ThirdPartyLibs/BussIK/CMakeFiles/BussIK.dir/build.make:89: libbullet3/examples/ThirdPartyLibs/BussIK/CMakeFiles/BussIK.dir/LinearR3.o] Error 1
[INFO] [stderr]   make[2]: *** [libbullet3/examples/ThirdPartyLibs/BussIK/CMakeFiles/BussIK.dir/build.make:63: libbullet3/examples/ThirdPartyLibs/BussIK/CMakeFiles/BussIK.dir/Jacobian.o] Error 1
[INFO] [stderr]   c++: fatal error: Killed signal terminated program cc1plus
[INFO] [stderr]   compilation terminated.
[INFO] [stderr]   make[2]: *** [libbullet3/examples/ThirdPartyLibs/Gwen/CMakeFiles/gwen.dir/build.make:219: libbullet3/examples/ThirdPartyLibs/Gwen/CMakeFiles/gwen.dir/Controls/Dialog/Query.o] Error 1
[INFO] [stderr]   c++: fatal error: Killed signal terminated program cc1plus
[INFO] [stderr]   compilation terminated.
[INFO] [stderr]   c++: fatal error: Killed signal terminated program cc1plus
[INFO] [stderr]   compilation terminated.
[INFO] [stderr]   make[2]: *** [libbullet3/Extras/BulletRoboticsGUI/CMakeFiles/BulletRoboticsGUI.dir/build.make:63: libbullet3/Extras/BulletRoboticsGUI/CMakeFiles/BulletRoboticsGUI.dir/__/__/examples/SharedMemory/plugins/stablePDPlugin/SpAlg.o] Error 1
[INFO] [stderr]   make[2]: *** [libbullet3/Extras/InverseDynamics/CMakeFiles/BulletInverseDynamicsUtils.dir/build.make:141: libbullet3/Extras/InverseDynamics/CMakeFiles/BulletInverseDynamicsUtils.dir/invdyn_bullet_comparison.o] Error 1
[INFO] [stderr]   c++: fatal error: Killed signal terminated program cc1plus
[INFO] [stderr]   compilation terminated.
[INFO] [stderr]   make[2]: *** [libbullet3/examples/ExampleBrowser/CMakeFiles/BulletExampleBrowserLib.dir/build.make:141: libbullet3/examples/ExampleBrowser/CMakeFiles/BulletExampleBrowserLib.dir/__/Utils/b3ResourcePath.o] Error 1
[INFO] [stderr]   c++: fatal error: Killed signal terminated program cc1plus
[INFO] [stderr]   compilation terminated.
[INFO] [stderr]   make[2]: *** [libbullet3/Extras/BulletRoboticsGUI/CMakeFiles/BulletRoboticsGUI.dir/build.make:89: libbullet3/Extras/BulletRoboticsGUI/CMakeFiles/BulletRoboticsGUI.dir/__/__/examples/SharedMemory/plugins/stablePDPlugin/RBDUtil.o] Error 1
[INFO] [stderr]   c++: fatal error: Killed signal terminated program cc1plus
[INFO] [stderr]   compilation terminated.
[INFO] [stderr]   make[2]: *** [libbullet3/Extras/InverseDynamics/CMakeFiles/BulletInverseDynamicsUtils.dir/build.make:128: libbullet3/Extras/InverseDynamics/CMakeFiles/BulletInverseDynamicsUtils.dir/MultiBodyTreeDebugGraph.o] Error 1
[INFO] [stderr]   c++: fatal error: Killed signal terminated program cc1plus
[INFO] [stderr]   compilation terminated.
[INFO] [stderr]   c++: fatal error: Killed signal terminated program cc1plus
[INFO] [stderr]   compilation terminated.
[INFO] [stderr]   make[2]: *** [libbullet3/examples/ThirdPartyLibs/Gwen/CMakeFiles/gwen.dir/build.make:232: libbullet3/examples/ThirdPartyLibs/Gwen/CMakeFiles/gwen.dir/Controls/DockBase.o] Error 1
[INFO] [stderr]   make[2]: *** [libbullet3/Extras/ConvexDecomposition/CMakeFiles/ConvexDecomposition.dir/build.make:141: libbullet3/Extras/ConvexDecomposition/CMakeFiles/ConvexDecomposition.dir/vlookup.o] Error 1
[INFO] [stderr]   make[2]: *** Waiting for unfinished jobs....
[INFO] [stderr]   c++: fatal error: Killed signal terminated program cc1plus
[INFO] [stderr]   compilation terminated.
[INFO] [stderr]   make[2]: *** [libbullet3/Extras/BulletRobotics/CMakeFiles/BulletRobotics.dir/build.make:115: libbullet3/Extras/BulletRobotics/CMakeFiles/BulletRobotics.dir/__/__/examples/TinyRenderer/our_gl.o] Error 1
[INFO] [stderr]   c++: fatal error: Killed signal terminated program cc1plus
[INFO] [stderr]   compilation terminated.
[INFO] [stderr]   make[2]: *** [libbullet3/src/BulletSoftBody/CMakeFiles/BulletSoftBody.dir/build.make:128: libbullet3/src/BulletSoftBody/CMakeFiles/BulletSoftBody.dir/btSoftRigidDynamicsWorld.o] Error 1
[INFO] [stderr]   c++: fatal error: Killed signal terminated program cc1plus
[INFO] [stderr]   compilation terminated.
[INFO] [stderr]   make[2]: *** [libbullet3/src/Bullet3OpenCL/CMakeFiles/Bullet3OpenCL_clew.dir/build.make:76: libbullet3/src/Bullet3OpenCL/CMakeFiles/Bullet3OpenCL_clew.dir/BroadphaseCollision/b3GpuGridBroadphase.o] Error 1
[INFO] [stderr]   make[2]: *** Waiting for unfinished jobs....
[INFO] [stderr]   c++: fatal error: Killed signal terminated program cc1plus
[INFO] [stderr]   compilation terminated.
[INFO] [stderr]   make[2]: *** [libbullet3/examples/ThirdPartyLibs/Gwen/CMakeFiles/gwen.dir/build.make:193: libbullet3/examples/ThirdPartyLibs/Gwen/CMakeFiles/gwen.dir/Controls/Dialog/FileOpen.o] Error 1
[INFO] [stderr]   c++: fatal error: Killed signal terminated program cc1plus
[INFO] [stderr]   compilation terminated.
[INFO] [stderr]   make[2]: *** [libbullet3/Extras/BulletRobotics/CMakeFiles/BulletRobotics.dir/build.make:89: libbullet3/Extras/BulletRobotics/CMakeFiles/BulletRobotics.dir/__/__/examples/TinyRenderer/model.o] Error 1
[INFO] [stderr]   c++: fatal error: Killed signal terminated program cc1plus
[INFO] [stderr]   compilation terminated.
[INFO] [stderr]   make[2]: *** [libbullet3/Extras/Serialize/BulletFileLoader/CMakeFiles/BulletFileLoader.dir/build.make:63: libbullet3/Extras/Serialize/BulletFileLoader/CMakeFiles/BulletFileLoader.dir/bChunk.o] Error 1
[INFO] [stderr]   make[1]: *** [CMakeFiles/Makefile2:1540: libbullet3/Extras/Serialize/BulletFileLoader/CMakeFiles/BulletFileLoader.dir/all] Error 2
[INFO] [stderr]   make[1]: *** Waiting for unfinished jobs....
[INFO] [stderr]   c++: fatal error: Killed signal terminated program cc1plus
[INFO] [stderr]   compilation terminated.
[INFO] [stderr]   c++: fatal error: Killed signal terminated program cc1plus
[INFO] [stderr]   compilation terminated.
[INFO] [stderr]   make[2]: *** [libbullet3/Extras/InverseDynamics/CMakeFiles/BulletInverseDynamicsUtils.dir/build.make:193: libbullet3/Extras/InverseDynamics/CMakeFiles/BulletInverseDynamicsUtils.dir/MultiBodyNameMap.o] Error 1
[INFO] [stderr]   make[2]: *** [libbullet3/src/BulletSoftBody/CMakeFiles/BulletSoftBody.dir/build.make:76: libbullet3/src/BulletSoftBody/CMakeFiles/BulletSoftBody.dir/btSoftBodyConcaveCollisionAlgorithm.o] Error 1
[INFO] [stderr]   c++: fatal error: Killed signal terminated program cc1plus
[INFO] [stderr]   compilation terminated.
[INFO] [stderr]   make[2]: *** [libbullet3/Extras/InverseDynamics/CMakeFiles/BulletInverseDynamicsUtils.dir/build.make:206: libbullet3/Extras/InverseDynamics/CMakeFiles/BulletInverseDynamicsUtils.dir/User2InternalIndex.o] Error 1
[INFO] [stderr]   c++: fatal error: Killed signal terminated program cc1plus
[INFO] [stderr]   compilation terminated.
[INFO] [stderr]   make[2]: *** [libbullet3/examples/ThirdPartyLibs/Gwen/CMakeFiles/gwen.dir/build.make:167: libbullet3/examples/ThirdPartyLibs/Gwen/CMakeFiles/gwen.dir/Controls/ComboBox.o] Error 1
[INFO] [stderr]   c++: fatal error: Killed signal terminated program cc1plus
[INFO] [stderr]   compilation terminated.
[INFO] [stderr]   make[2]: *** [libbullet3/src/BulletSoftBody/CMakeFiles/BulletSoftBody.dir/build.make:89: libbullet3/src/BulletSoftBody/CMakeFiles/BulletSoftBody.dir/btSoftBodyHelpers.o] Error 1
[INFO] [stderr]   c++: fatal error: Killed signal terminated program cc1plus
[INFO] [stderr]   compilation terminated.
[INFO] [stderr]   make[2]: *** [libbullet3/examples/ThirdPartyLibs/BussIK/CMakeFiles/BussIK.dir/build.make:154: libbullet3/examples/ThirdPartyLibs/BussIK/CMakeFiles/BussIK.dir/Tree.o] Error 1
[INFO] [stderr]   make[1]: *** [CMakeFiles/Makefile2:1231: libbullet3/examples/ThirdPartyLibs/BussIK/CMakeFiles/BussIK.dir/all] Error 2
[INFO] [stderr]   c++: fatal error: Killed signal terminated program cc1plus
[INFO] [stderr]   compilation terminated.
[INFO] [stderr]   make[2]: *** [libbullet3/examples/ExampleBrowser/CMakeFiles/BulletExampleBrowserLib.dir/build.make:206: libbullet3/examples/ExampleBrowser/CMakeFiles/BulletExampleBrowserLib.dir/GwenGUISupport/gwenUserInterface.o] Error 1
[INFO] [stderr]   c++: fatal error: Killed signal terminated program cc1plus
[INFO] [stderr]   compilation terminated.
[INFO] [stderr]   make[2]: *** [libbullet3/src/Bullet3OpenCL/CMakeFiles/Bullet3OpenCL_clew.dir/build.make:154: libbullet3/src/Bullet3OpenCL/CMakeFiles/Bullet3OpenCL_clew.dir/NarrowphaseCollision/b3ConvexHullContact.o] Error 1
[INFO] [stderr]   c++: fatal error: Killed signal terminated program cc1plus
[INFO] [stderr]   compilation terminated.
[INFO] [stderr]   make[2]: *** [libbullet3/examples/ThirdPartyLibs/Gwen/CMakeFiles/gwen.dir/build.make:284: libbullet3/examples/ThirdPartyLibs/Gwen/CMakeFiles/gwen.dir/Controls/HSVColorPicker.o] Error 1
[INFO] [stderr]   c++: fatal error: Killed signal terminated program cc1plus
[INFO] [stderr]   compilation terminated.
[INFO] [stderr]   make[2]: *** [libbullet3/src/BulletSoftBody/CMakeFiles/BulletSoftBody.dir/build.make:167: libbullet3/src/BulletSoftBody/CMakeFiles/BulletSoftBody.dir/btDefaultSoftBodySolver.o] Error 1
[INFO] [stderr]   c++: fatal error: Killed signal terminated program cc1plus
[INFO] [stderr]   compilation terminated.
[INFO] [stderr]   make[2]: *** [libbullet3/src/BulletSoftBody/CMakeFiles/BulletSoftBody.dir/build.make:63: libbullet3/src/BulletSoftBody/CMakeFiles/BulletSoftBody.dir/btSoftBody.o] Error 1
[INFO] [stderr]   In file included from /opt/rustwide/workdir/bullet3/libbullet3/src/Bullet3OpenCL/BroadphaseCollision/b3GpuParallelLinearBvh.cpp:17:
[INFO] [stderr]   /opt/rustwide/workdir/bullet3/libbullet3/src/Bullet3OpenCL/BroadphaseCollision/b3GpuParallelLinearBvh.h:88:23: warning: ignoring attributes on template argument 'cl_long' {aka 'long int'} [-Wignored-attributes]
[INFO] [stderr]      88 |  b3OpenCLArray<b3Int64> m_commonPrefixes;
[INFO] [stderr]         |                       ^
[INFO] [stderr]   c++: fatal error: Killed signal terminated program cc1plus
[INFO] [stderr]   compilation terminated.
[INFO] [stderr]   make[2]: *** [libbullet3/examples/ExampleBrowser/CMakeFiles/BulletExampleBrowserLib.dir/build.make:180: libbullet3/examples/ExampleBrowser/CMakeFiles/BulletExampleBrowserLib.dir/GwenGUISupport/GwenProfileWindow.o] Error 1
[INFO] [stderr]   c++: fatal error: Killed signal terminated program cc1plus
[INFO] [stderr]   compilation terminated.
[INFO] [stderr]   make[2]: *** [libbullet3/examples/ExampleBrowser/CMakeFiles/BulletExampleBrowserLib.dir/build.make:193: libbullet3/examples/ExampleBrowser/CMakeFiles/BulletExampleBrowserLib.dir/GwenGUISupport/GwenTextureWindow.o] Error 1
[INFO] [stderr]   c++: fatal error: Killed signal terminated program cc1plus
[INFO] [stderr]   compilation terminated.
[INFO] [stderr]   c++: fatal error: Killed signal terminated program cc1plus
[INFO] [stderr]   compilation terminated.
[INFO] [stderr]   make[2]: *** [libbullet3/src/LinearMath/CMakeFiles/LinearMath.dir/build.make:89: libbullet3/src/LinearMath/CMakeFiles/LinearMath.dir/btConvexHullComputer.o] Error 1
[INFO] [stderr]   make[2]: *** Waiting for unfinished jobs....
[INFO] [stderr]   make[2]: *** [libbullet3/Extras/HACD/CMakeFiles/HACD.dir/build.make:76: libbullet3/Extras/HACD/CMakeFiles/HACD.dir/hacdHACD.o] Error 1
[INFO] [stderr]   make[2]: *** Waiting for unfinished jobs....
[INFO] [stderr]   c++: fatal error: Killed signal terminated program cc1plus
[INFO] [stderr]   compilation terminated.
[INFO] [stderr]   make[2]: *** [libbullet3/src/BulletInverseDynamics/CMakeFiles/BulletInverseDynamics.dir/build.make:76: libbullet3/src/BulletInverseDynamics/CMakeFiles/BulletInverseDynamics.dir/MultiBodyTree.o] Error 1
[INFO] [stderr]   make[2]: *** Waiting for unfinished jobs....
[INFO] [stderr]   c++: fatal error: Killed signal terminated program cc1plus
[INFO] [stderr]   compilation terminated.
[INFO] [stderr]   make[2]: *** [libbullet3/src/BulletDynamics/CMakeFiles/BulletDynamics.dir/build.make:63: libbullet3/src/BulletDynamics/CMakeFiles/BulletDynamics.dir/Character/btKinematicCharacterController.o] Error 1
[INFO] [stderr]   make[2]: *** Waiting for unfinished jobs....
[INFO] [stderr]   c++: fatal error: Killed signal terminated program cc1plus
[INFO] [stderr]   compilation terminated.
[INFO] [stderr]   make[2]: *** [libbullet3/src/BulletInverseDynamics/CMakeFiles/BulletInverseDynamics.dir/build.make:89: libbullet3/src/BulletInverseDynamics/CMakeFiles/BulletInverseDynamics.dir/details/MultiBodyTreeInitCache.o] Error 1
[INFO] [stderr]   c++: fatal error: Killed signal terminated program cc1plus
[INFO] [stderr]   compilation terminated.
[INFO] [stderr]   make[2]: *** [libbullet3/Extras/InverseDynamics/CMakeFiles/BulletInverseDynamicsUtils.dir/build.make:180: libbullet3/Extras/InverseDynamics/CMakeFiles/BulletInverseDynamicsUtils.dir/SimpleTreeCreator.o] Error 1
[INFO] [stderr]   c++: fatal error: Killed signal terminated program cc1plus
[INFO] [stderr]   compilation terminated.
[INFO] [stderr]   make[2]: *** [libbullet3/Extras/Serialize/BulletWorldImporter/CMakeFiles/BulletWorldImporter.dir/build.make:76: libbullet3/Extras/Serialize/BulletWorldImporter/CMakeFiles/BulletWorldImporter.dir/btBulletWorldImporter.o] Error 1
[INFO] [stderr]   c++: fatal error: Killed signal terminated program cc1plus
[INFO] [stderr]   compilation terminated.
[INFO] [stderr]   make[2]: *** [libbullet3/examples/ThirdPartyLibs/Gwen/CMakeFiles/gwen.dir/build.make:258: libbullet3/examples/ThirdPartyLibs/Gwen/CMakeFiles/gwen.dir/Controls/Dragger.o] Error 1
[INFO] [stderr]   c++: fatal error: Killed signal terminated program cc1plus
[INFO] [stderr]   compilation terminated.
[INFO] [stderr]   make[2]: *** [libbullet3/Extras/BulletRoboticsGUI/CMakeFiles/BulletRoboticsGUI.dir/build.make:115: libbullet3/Extras/BulletRoboticsGUI/CMakeFiles/BulletRoboticsGUI.dir/__/__/examples/SharedMemory/plugins/stablePDPlugin/MathUtil.o] Error 1
[INFO] [stderr]   c++: fatal error: Killed signal terminated program cc1plus
[INFO] [stderr]   compilation terminated.
[INFO] [stderr]   make[2]: *** [libbullet3/src/Bullet3Collision/CMakeFiles/Bullet3Collision.dir/build.make:102: libbullet3/src/Bullet3Collision/CMakeFiles/Bullet3Collision.dir/NarrowPhaseCollision/b3ConvexUtility.o] Error 1
[INFO] [stderr]   make[2]: *** Waiting for unfinished jobs....
[INFO] [stderr]   c++: fatal error: Killed signal terminated program cc1plus
[INFO] [stderr]   compilation terminated.
[INFO] [stderr]   make[2]: *** [libbullet3/Extras/InverseDynamics/CMakeFiles/BulletInverseDynamicsUtils.dir/build.make:167: libbullet3/Extras/InverseDynamics/CMakeFiles/BulletInverseDynamicsUtils.dir/RandomTreeCreator.o] Error 1
[INFO] [stderr]   c++: fatal error: Killed signal terminated program cc1plus
[INFO] [stderr]   compilation terminated.
[INFO] [stderr]   make[2]: *** [libbullet3/Extras/BulletRobotics/CMakeFiles/BulletRobotics.dir/build.make:141: libbullet3/Extras/BulletRobotics/CMakeFiles/BulletRobotics.dir/__/__/examples/SharedMemory/plugins/collisionFilterPlugin/collisionFilterPlugin.o] Error 1
[INFO] [stderr]   c++: fatal error: Killed signal terminated program cc1plus
[INFO] [stderr]   compilation terminated.
[INFO] [stderr]   make[2]: *** [libbullet3/src/BulletCollision/CMakeFiles/BulletCollision.dir/build.make:115: libbullet3/src/BulletCollision/CMakeFiles/BulletCollision.dir/BroadphaseCollision/btDbvtBroadphase.o] Error 1
[INFO] [stderr]   make[2]: *** Waiting for unfinished jobs....
[INFO] [stderr]   c++: fatal error: Killed signal terminated program cc1plus
[INFO] [stderr]   compilation terminated.
[INFO] [stderr]   c++: fatal error: Killed signal terminated program cc1plus
[INFO] [stderr]   compilation terminated.
[INFO] [stderr]   make[2]: *** [libbullet3/examples/ThirdPartyLibs/Gwen/CMakeFiles/gwen.dir/build.make:271: libbullet3/examples/ThirdPartyLibs/Gwen/CMakeFiles/gwen.dir/Controls/GroupBox.o] Error 1
[INFO] [stderr]   make[2]: *** [libbullet3/src/Bullet3Dynamics/CMakeFiles/Bullet3Dynamics.dir/build.make:63: libbullet3/src/Bullet3Dynamics/CMakeFiles/Bullet3Dynamics.dir/b3CpuRigidBodyPipeline.o] Error 1
[INFO] [stderr]   make[2]: *** Waiting for unfinished jobs....
[INFO] [stderr]   c++: fatal error: Killed signal terminated program cc1plus
[INFO] [stderr]   compilation terminated.
[INFO] [stderr]   make[2]: *** [libbullet3/src/Bullet3Serialize/Bullet2FileLoader/CMakeFiles/Bullet2FileLoader.dir/build.make:63: libbullet3/src/Bullet3Serialize/Bullet2FileLoader/CMakeFiles/Bullet2FileLoader.dir/b3BulletFile.o] Error 1
[INFO] [stderr]   make[2]: *** Waiting for unfinished jobs....
[INFO] [stderr]   c++: fatal error: Killed signal terminated program cc1plus
[INFO] [stderr]   compilation terminated.
[INFO] [stderr]   make[2]: *** [libbullet3/Extras/Serialize/BulletXmlWorldImporter/CMakeFiles/BulletXmlWorldImporter.dir/build.make:63: libbullet3/Extras/Serialize/BulletXmlWorldImporter/CMakeFiles/BulletXmlWorldImporter.dir/btBulletXmlWorldImporter.o] Error 1
[INFO] [stderr]   make[2]: *** Waiting for unfinished jobs....
[INFO] [stderr]   In file included from /opt/rustwide/workdir/bullet3/libbullet3/src/Bullet3OpenCL/BroadphaseCollision/b3GpuParallelLinearBvhBroadphase.h:19,
[INFO] [stderr]                    from /opt/rustwide/workdir/bullet3/libbullet3/src/Bullet3OpenCL/BroadphaseCollision/b3GpuParallelLinearBvhBroadphase.cpp:14:
[INFO] [stderr]   /opt/rustwide/workdir/bullet3/libbullet3/src/Bullet3OpenCL/BroadphaseCollision/b3GpuParallelLinearBvh.h:88:23: warning: ignoring attributes on template argument 'cl_long' {aka 'long int'} [-Wignored-attributes]
[INFO] [stderr]      88 |  b3OpenCLArray<b3Int64> m_commonPrefixes;
[INFO] [stderr]         |                       ^
[INFO] [stderr]   c++: fatal error: Killed signal terminated program cc1plus
[INFO] [stderr]   compilation terminated.
[INFO] [stderr]   make[2]: *** [libbullet3/examples/ThirdPartyLibs/Gwen/CMakeFiles/gwen.dir/build.make:245: libbullet3/examples/ThirdPartyLibs/Gwen/CMakeFiles/gwen.dir/Controls/DockedTabControl.o] Error 1
[INFO] [stderr]   c++: fatal error: Killed signal terminated program cc1plus
[INFO] [stderr]   compilation terminated.
[INFO] [stderr]   make[2]: *** [libbullet3/Extras/HACD/CMakeFiles/HACD.dir/build.make:102: libbullet3/Extras/HACD/CMakeFiles/HACD.dir/hacdManifoldMesh.o] Error 1
[INFO] [stderr]   c++: fatal error: Killed signal terminated program cc1plus
[INFO] [stderr]   compilation terminated.
[INFO] [stderr]   make[2]: *** [libbullet3/Extras/obj2sdf/CMakeFiles/App_obj2sdf.dir/build.make:89: libbullet3/Extras/obj2sdf/CMakeFiles/App_obj2sdf.dir/__/__/examples/ThirdPartyLibs/Wavefront/tiny_obj_loader.o] Error 1
[INFO] [stderr]   make[2]: *** Waiting for unfinished jobs....
[INFO] [stderr]   c++: fatal error: Killed signal terminated program cc1plus
[INFO] [stderr]   compilation terminated.
[INFO] [stderr]   make[2]: *** [libbullet3/src/BulletInverseDynamics/CMakeFiles/BulletInverseDynamics.dir/build.make:102: libbullet3/src/BulletInverseDynamics/CMakeFiles/BulletInverseDynamics.dir/details/MultiBodyTreeImpl.o] Error 1
[INFO] [stderr]   c++: fatal error: Killed signal terminated program cc1plus
[INFO] [stderr]   compilation terminated.
[INFO] [stderr]   make[2]: *** [libbullet3/src/LinearMath/CMakeFiles/LinearMath.dir/build.make:141: libbullet3/src/LinearMath/CMakeFiles/LinearMath.dir/btReducedVector.o] Error 1
[INFO] [stderr]   c++: fatal error: Killed signal terminated program cc1plus
[INFO] [stderr]   compilation terminated.
[INFO] [stderr]   make[2]: *** [libbullet3/Extras/obj2sdf/CMakeFiles/App_obj2sdf.dir/build.make:76: libbullet3/Extras/obj2sdf/CMakeFiles/App_obj2sdf.dir/__/__/examples/Utils/b3ResourcePath.o] Error 1
[INFO] [stderr]   c++: fatal error: Killed signal terminated program cc1plus
[INFO] [stderr]   compilation terminated.
[INFO] [stderr]   make[2]: *** [libbullet3/src/BulletCollision/CMakeFiles/BulletCollision.dir/build.make:63: libbullet3/src/BulletCollision/CMakeFiles/BulletCollision.dir/BroadphaseCollision/btAxisSweep3.o] Error 1
[INFO] [stderr]   c++: fatal error: Killed signal terminated program cc1plus
[INFO] [stderr]   compilation terminated.
[INFO] [stderr]   make[2]: *** [libbullet3/src/Bullet3Collision/CMakeFiles/Bullet3Collision.dir/build.make:76: libbullet3/src/Bullet3Collision/CMakeFiles/Bullet3Collision.dir/BroadPhaseCollision/b3DynamicBvhBroadphase.o] Error 1
[INFO] [stderr]   c++: fatal error: Killed signal terminated program cc1plus
[INFO] [stderr]   compilation terminated.
[INFO] [stderr]   make[2]: *** [libbullet3/Extras/BulletRobotics/CMakeFiles/BulletRobotics.dir/build.make:128: libbullet3/Extras/BulletRobotics/CMakeFiles/BulletRobotics.dir/__/__/examples/TinyRenderer/TinyRenderer.o] Error 1
[INFO] [stderr]   c++: fatal error: Killed signal terminated program cc1plus
[INFO] [stderr]   compilation terminated.
[INFO] [stderr]   c++: fatal error: Killed signal terminated program cc1plus
[INFO] [stderr]   compilation terminated.
[INFO] [stderr]   make[2]: *** [libbullet3/src/BulletSoftBody/CMakeFiles/BulletSoftBody.dir/build.make:115: libbullet3/src/BulletSoftBody/CMakeFiles/BulletSoftBody.dir/btSoftRigidCollisionAlgorithm.o] Error 1
[INFO] [stderr]   make[2]: *** [libbullet3/Extras/Serialize/BulletWorldImporter/CMakeFiles/BulletWorldImporter.dir/build.make:89: libbullet3/Extras/Serialize/BulletWorldImporter/CMakeFiles/BulletWorldImporter.dir/btWorldImporter.o] Error 1
[INFO] [stderr]   make[1]: *** [CMakeFiles/Makefile2:1594: libbullet3/Extras/Serialize/BulletWorldImporter/CMakeFiles/BulletWorldImporter.dir/all] Error 2
[INFO] [stderr]   c++: fatal error: Killed signal terminated program cc1plus
[INFO] [stderr]   compilation terminated.
[INFO] [stderr]   make[2]: *** [libbullet3/src/BulletSoftBody/CMakeFiles/BulletSoftBody.dir/build.make:154: libbullet3/src/BulletSoftBody/CMakeFiles/BulletSoftBody.dir/btSoftSoftCollisionAlgorithm.o] Error 1
[INFO] [stderr]   c++: fatal error: Killed signal terminated program cc1plus
[INFO] [stderr]   compilation terminated.
[INFO] [stderr]   c++: fatal error: Killed signal terminated program cc1plus
[INFO] [stderr]   compilation terminated.
[INFO] [stderr]   make[2]: *** [libbullet3/src/LinearMath/CMakeFiles/LinearMath.dir/build.make:76: libbullet3/src/LinearMath/CMakeFiles/LinearMath.dir/btConvexHull.o] Error 1
[INFO] [stderr]   make[2]: *** [libbullet3/src/Bullet3OpenCL/CMakeFiles/Bullet3OpenCL_clew.dir/build.make:89: libbullet3/src/Bullet3OpenCL/CMakeFiles/Bullet3OpenCL_clew.dir/BroadphaseCollision/b3GpuSapBroadphase.o] Error 1
[INFO] [stderr]   c++: fatal error: Killed signal terminated program cc1plus
[INFO] [stderr]   compilation terminated.
[INFO] [stderr]   make[2]: *** [libbullet3/examples/ThirdPartyLibs/Gwen/CMakeFiles/gwen.dir/build.make:206: libbullet3/examples/ThirdPartyLibs/Gwen/CMakeFiles/gwen.dir/Controls/Dialog/FileSave.o] Error 1
[INFO] [stderr]   make[1]: *** [CMakeFiles/Makefile2:1204: libbullet3/examples/ThirdPartyLibs/Gwen/CMakeFiles/gwen.dir/all] Error 2
[INFO] [stderr]   c++: fatal error: Killed signal terminated program cc1plus
[INFO] [stderr]   compilation terminated.
[INFO] [stderr]   make[2]: *** [libbullet3/src/BulletCollision/CMakeFiles/BulletCollision.dir/build.make:141: libbullet3/src/BulletCollision/CMakeFiles/BulletCollision.dir/BroadphaseCollision/btOverlappingPairCache.o] Error 1
[INFO] [stderr]   c++: fatal error: Killed signal terminated program cc1plus
[INFO] [stderr]   compilation terminated.
[INFO] [stderr]   c++: fatal error: Killed signal terminated program cc1plus
[INFO] [stderr]   compilation terminated.
[INFO] [stderr]   make[2]: *** [libbullet3/Extras/BulletRoboticsGUI/CMakeFiles/BulletRoboticsGUI.dir/build.make:154: libbullet3/Extras/BulletRoboticsGUI/CMakeFiles/BulletRoboticsGUI.dir/__/__/examples/ExampleBrowser/InProcessExampleBrowser.o] Error 1
[INFO] [stderr]   make[1]: *** [CMakeFiles/Makefile2:1378: libbullet3/Extras/BulletRoboticsGUI/CMakeFiles/BulletRoboticsGUI.dir/all] Error 2
[INFO] [stderr]   make[2]: *** [libbullet3/src/Bullet3OpenCL/CMakeFiles/Bullet3OpenCL_clew.dir/build.make:193: libbullet3/src/Bullet3OpenCL/CMakeFiles/Bullet3OpenCL_clew.dir/NarrowphaseCollision/b3QuantizedBvh.o] Error 1
[INFO] [stderr]   c++: fatal error: Killed signal terminated program cc1plus
[INFO] [stderr]   compilation terminated.
[INFO] [stderr]   make[2]: *** [libbullet3/Extras/ConvexDecomposition/CMakeFiles/ConvexDecomposition.dir/build.make:89: libbullet3/Extras/ConvexDecomposition/CMakeFiles/ConvexDecomposition.dir/cd_wavefront.o] Error 1
[INFO] [stderr]   c++: fatal error: Killed signal terminated program cc1plus
[INFO] [stderr]   compilation terminated.
[INFO] [stderr]   make[2]: *** [libbullet3/src/BulletInverseDynamics/CMakeFiles/BulletInverseDynamics.dir/build.make:63: libbullet3/src/BulletInverseDynamics/CMakeFiles/BulletInverseDynamics.dir/IDMath.o] Error 1
[INFO] [stderr]   make[1]: *** [CMakeFiles/Makefile2:1756: libbullet3/src/BulletInverseDynamics/CMakeFiles/BulletInverseDynamics.dir/all] Error 2
[INFO] [stderr]   c++: fatal error: Killed signal terminated program cc1plus
[INFO] [stderr]   compilation terminated.
[INFO] [stderr]   make[2]: *** [libbullet3/src/BulletDynamics/CMakeFiles/BulletDynamics.dir/build.make:76: libbullet3/src/BulletDynamics/CMakeFiles/BulletDynamics.dir/ConstraintSolver/btConeTwistConstraint.o] Error 1
[INFO] [stderr]   c++: fatal error: Killed signal terminated program cc1plus
[INFO] [stderr]   compilation terminated.
[INFO] [stderr]   make[2]: *** [libbullet3/src/Bullet3Geometry/CMakeFiles/Bullet3Geometry.dir/build.make:63: libbullet3/src/Bullet3Geometry/CMakeFiles/Bullet3Geometry.dir/b3ConvexHullComputer.o] Error 1
[INFO] [stderr]   make[2]: *** Waiting for unfinished jobs....
[INFO] [stderr]   c++: fatal error: Killed signal terminated program cc1plus
[INFO] [stderr]   compilation terminated.
[INFO] [stderr]   make[2]: *** [libbullet3/src/BulletSoftBody/CMakeFiles/BulletSoftBody.dir/build.make:180: libbullet3/src/BulletSoftBody/CMakeFiles/BulletSoftBody.dir/btDeformableBackwardEulerObjective.o] Error 1
[INFO] [stderr]   c++: fatal error: Killed signal terminated program cc1plus
[INFO] [stderr]   compilation terminated.
[INFO] [stderr]   make[2]: *** [libbullet3/src/Bullet3Serialize/Bullet2FileLoader/CMakeFiles/Bullet2FileLoader.dir/build.make:76: libbullet3/src/Bullet3Serialize/Bullet2FileLoader/CMakeFiles/Bullet2FileLoader.dir/b3Chunk.o] Error 1
[INFO] [stderr]   c++: fatal error: Killed signal terminated program cc1plus
[INFO] [stderr]   compilation terminated.
[INFO] [stderr]   make[2]: *** [libbullet3/Extras/GIMPACTUtils/CMakeFiles/GIMPACTUtils.dir/build.make:63: libbullet3/Extras/GIMPACTUtils/CMakeFiles/GIMPACTUtils.dir/btGImpactConvexDecompositionShape.o] Error 1
[INFO] [stderr]   make[1]: *** [CMakeFiles/Makefile2:1513: libbullet3/Extras/GIMPACTUtils/CMakeFiles/GIMPACTUtils.dir/all] Error 2
[INFO] [stderr]   c++: fatal error: Killed signal terminated program cc1plus
[INFO] [stderr]   compilation terminated.
[INFO] [stderr]   make[2]: *** [libbullet3/src/Bullet3Collision/CMakeFiles/Bullet3Collision.dir/build.make:63: libbullet3/src/Bullet3Collision/CMakeFiles/Bullet3Collision.dir/BroadPhaseCollision/b3DynamicBvh.o] Error 1
[INFO] [stderr]   c++: fatal error: Killed signal terminated program cc1plus
[INFO] [stderr]   compilation terminated.
[INFO] [stderr]   c++: fatal error: Killed signal terminated program cc1plus
[INFO] [stderr]   compilation terminated.
[INFO] [stderr]   make[2]: *** [libbullet3/Extras/ConvexDecomposition/CMakeFiles/ConvexDecomposition.dir/build.make:180: libbullet3/Extras/ConvexDecomposition/CMakeFiles/ConvexDecomposition.dir/ConvexDecomposition.o] Error 1
[INFO] [stderr]   make[2]: *** [libbullet3/src/Bullet3OpenCL/CMakeFiles/Bullet3OpenCL_clew.dir/build.make:115: libbullet3/src/Bullet3OpenCL/CMakeFiles/Bullet3OpenCL_clew.dir/BroadphaseCollision/b3GpuParallelLinearBvh.o] Error 1
[INFO] [stderr]   c++: fatal error: Killed signal terminated program cc1plus
[INFO] [stderr]   compilation terminated.
[INFO] [stderr]   make[2]: *** [libbullet3/Extras/HACD/CMakeFiles/HACD.dir/build.make:63: libbullet3/Extras/HACD/CMakeFiles/HACD.dir/hacdGraph.o] Error 1
[INFO] [stderr]   c++: fatal error: Killed signal terminated program cc1plus
[INFO] [stderr]   compilation terminated.
[INFO] [stderr]   make[2]: *** [libbullet3/Extras/obj2sdf/CMakeFiles/App_obj2sdf.dir/build.make:63: libbullet3/Extras/obj2sdf/CMakeFiles/App_obj2sdf.dir/obj2sdf.o] Error 1
[INFO] [stderr]   make[1]: *** [CMakeFiles/Makefile2:1432: libbullet3/Extras/obj2sdf/CMakeFiles/App_obj2sdf.dir/all] Error 2
[INFO] [stderr]   c++: fatal error: Killed signal terminated program cc1plus
[INFO] [stderr]   compilation terminated.
[INFO] [stderr]   c++: fatal error: Killed signal terminated program cc1plus
[INFO] [stderr]   compilation terminated.
[INFO] [stderr]   make[2]: *** [libbullet3/src/BulletCollision/CMakeFiles/BulletCollision.dir/build.make:102: libbullet3/src/BulletCollision/CMakeFiles/BulletCollision.dir/BroadphaseCollision/btDbvt.o] Error 1
[INFO] [stderr]   c++: fatal error: Killed signal terminated program cc1plus
[INFO] [stderr]   compilation terminated.
[INFO] [stderr]   make[2]: *** [libbullet3/src/Bullet3Collision/CMakeFiles/Bullet3Collision.dir/build.make:89: libbullet3/src/Bullet3Collision/CMakeFiles/Bullet3Collision.dir/BroadPhaseCollision/b3OverlappingPairCache.o] Error 1
[INFO] [stderr]   make[2]: *** [libbullet3/Extras/InverseDynamics/CMakeFiles/BulletInverseDynamicsUtils.dir/build.make:154: libbullet3/Extras/InverseDynamics/CMakeFiles/BulletInverseDynamicsUtils.dir/IDRandomUtil.o] Error 1
[INFO] [stderr]   make[1]: *** [CMakeFiles/Makefile2:1351: libbullet3/Extras/InverseDynamics/CMakeFiles/BulletInverseDynamicsUtils.dir/all] Error 2
[INFO] [stderr]   c++: fatal error: Killed signal terminated program cc1plus
[INFO] [stderr]   compilation terminated.
[INFO] [stderr]   make[2]: *** [libbullet3/Extras/Serialize/BulletXmlWorldImporter/CMakeFiles/BulletXmlWorldImporter.dir/build.make:76: libbullet3/Extras/Serialize/BulletXmlWorldImporter/CMakeFiles/BulletXmlWorldImporter.dir/string_split.o] Error 1
[INFO] [stderr]   c++: fatal error: Killed signal terminated program cc1plus
[INFO] [stderr]   compilation terminated.
[INFO] [stderr]   make[2]: *** [libbullet3/src/BulletSoftBody/CMakeFiles/BulletSoftBody.dir/build.make:141: libbullet3/src/BulletSoftBody/CMakeFiles/BulletSoftBody.dir/btSoftMultiBodyDynamicsWorld.o] Error 1
[INFO] [stderr]   make[1]: *** [CMakeFiles/Makefile2:1783: libbullet3/src/BulletSoftBody/CMakeFiles/BulletSoftBody.dir/all] Error 2
[INFO] [stderr]   c++: fatal error: Killed signal terminated program cc1plus
[INFO] [stderr]   compilation terminated.
[INFO] [stderr]   make[2]: *** [libbullet3/Extras/HACD/CMakeFiles/HACD.dir/build.make:89: libbullet3/Extras/HACD/CMakeFiles/HACD.dir/hacdICHull.o] Error 1
[INFO] [stderr]   make[1]: *** [CMakeFiles/Makefile2:1486: libbullet3/Extras/HACD/CMakeFiles/HACD.dir/all] Error 2
[INFO] [stderr]   c++: fatal error: Killed signal terminated program cc1plus
[INFO] [stderr]   compilation terminated.
[INFO] [stderr]   make[2]: *** [libbullet3/src/Bullet3OpenCL/CMakeFiles/Bullet3OpenCL_clew.dir/build.make:102: libbullet3/src/Bullet3OpenCL/CMakeFiles/Bullet3OpenCL_clew.dir/BroadphaseCollision/b3GpuParallelLinearBvhBroadphase.o] Error 1
[INFO] [stderr]   make[1]: *** [CMakeFiles/Makefile2:993: libbullet3/examples/ExampleBrowser/CMakeFiles/BulletExampleBrowserLib.dir/all] Error 2
[INFO] [stderr]   c++: fatal error: Killed signal terminated program cc1plus
[INFO] [stderr]   compilation terminated.
[INFO] [stderr]   make[2]: *** [libbullet3/src/BulletDynamics/CMakeFiles/BulletDynamics.dir/build.make:89: libbullet3/src/BulletDynamics/CMakeFiles/BulletDynamics.dir/ConstraintSolver/btContactConstraint.o] Error 1
[INFO] [stderr]   c++: fatal error: Killed signal terminated program cc1plus
[INFO] [stderr]   compilation terminated.
[INFO] [stderr]   make[2]: *** [libbullet3/Extras/ConvexDecomposition/CMakeFiles/ConvexDecomposition.dir/build.make:167: libbullet3/Extras/ConvexDecomposition/CMakeFiles/ConvexDecomposition.dir/cd_hull.o] Error 1
[INFO] [stderr]   c++: fatal error: Killed signal terminated program cc1plus
[INFO] [stderr]   compilation terminated.
[INFO] [stderr]   make[2]: *** [libbullet3/src/Bullet3Serialize/Bullet2FileLoader/CMakeFiles/Bullet2FileLoader.dir/build.make:89: libbullet3/src/Bullet3Serialize/Bullet2FileLoader/CMakeFiles/Bullet2FileLoader.dir/b3DNA.o] Error 1
[INFO] [stderr]   c++: fatal error: Killed signal terminated program cc1plus
[INFO] [stderr]   compilation terminated.
[INFO] [stderr]   make[2]: *** [libbullet3/src/BulletCollision/CMakeFiles/BulletCollision.dir/build.make:336: libbullet3/src/BulletCollision/CMakeFiles/BulletCollision.dir/CollisionDispatch/btConvexConvexAlgorithm.o] Error 1
[INFO] [stderr]   c++: fatal error: Killed signal terminated program cc1plus
[INFO] [stderr]   compilation terminated.
[INFO] [stderr]   make[2]: *** [libbullet3/src/BulletCollision/CMakeFiles/BulletCollision.dir/build.make:427: libbullet3/src/BulletCollision/CMakeFiles/BulletCollision.dir/CollisionDispatch/btInternalEdgeUtility.o] Error 1
[INFO] [stderr]   c++: fatal error: Killed signal terminated program cc1plus
[INFO] [stderr]   compilation terminated.
[INFO] [stderr]   make[2]: *** [libbullet3/src/BulletCollision/CMakeFiles/BulletCollision.dir/build.make:284: libbullet3/src/BulletCollision/CMakeFiles/BulletCollision.dir/CollisionDispatch/btCollisionWorldImporter.o] Error 1
[INFO] [stderr]   c++: fatal error: Killed signal terminated program cc1plus
[INFO] [stderr]   compilation terminated.
[INFO] [stderr]   make[2]: *** [libbullet3/src/Bullet3Serialize/Bullet2FileLoader/CMakeFiles/Bullet2FileLoader.dir/build.make:102: libbullet3/src/Bullet3Serialize/Bullet2FileLoader/CMakeFiles/Bullet2FileLoader.dir/b3File.o] Error 1
[INFO] [stderr]   make[1]: *** [CMakeFiles/Makefile2:1648: libbullet3/src/Bullet3Serialize/Bullet2FileLoader/CMakeFiles/Bullet2FileLoader.dir/all] Error 2
[INFO] [stderr]   c++: fatal error: Killed signal terminated program cc1plus
[INFO] [stderr]   compilation terminated.
[INFO] [stderr]   make[2]: *** [libbullet3/src/BulletCollision/CMakeFiles/BulletCollision.dir/build.make:154: libbullet3/src/BulletCollision/CMakeFiles/BulletCollision.dir/BroadphaseCollision/btQuantizedBvh.o] Error 1
[INFO] [stderr]   c++: fatal error: Killed signal terminated program cc1plus
[INFO] [stderr]   compilation terminated.
[INFO] [stderr]   make[2]: *** [libbullet3/src/BulletCollision/CMakeFiles/BulletCollision.dir/build.make:310: libbullet3/src/BulletCollision/CMakeFiles/BulletCollision.dir/CollisionDispatch/btCompoundCompoundCollisionAlgorithm.o] Error 1
[INFO] [stderr]   make[1]: *** [CMakeFiles/Makefile2:1729: libbullet3/src/Bullet3Geometry/CMakeFiles/Bullet3Geometry.dir/all] Error 2
[INFO] [stderr]   make[1]: *** [CMakeFiles/Makefile2:1864: libbullet3/src/LinearMath/CMakeFiles/LinearMath.dir/all] Error 2
[INFO] [stderr]   make[1]: *** [CMakeFiles/Makefile2:1405: libbullet3/Extras/BulletRobotics/CMakeFiles/BulletRobotics.dir/all] Error 2
[INFO] [stderr]   make[1]: *** [CMakeFiles/Makefile2:1459: libbullet3/Extras/ConvexDecomposition/CMakeFiles/ConvexDecomposition.dir/all] Error 2
[INFO] [stderr]   make[1]: *** [CMakeFiles/Makefile2:1837: libbullet3/src/BulletDynamics/CMakeFiles/BulletDynamics.dir/all] Error 2
[INFO] [stderr]   make[1]: *** [CMakeFiles/Makefile2:1285: libbullet3/examples/OpenGLWindow/CMakeFiles/OpenGLWindow.dir/all] Error 2
[INFO] [stderr]   make[1]: *** [CMakeFiles/Makefile2:1702: libbullet3/src/Bullet3Collision/CMakeFiles/Bullet3Collision.dir/all] Error 2
[INFO] [stderr]   make[1]: *** [CMakeFiles/Makefile2:1567: libbullet3/Extras/Serialize/BulletXmlWorldImporter/CMakeFiles/BulletXmlWorldImporter.dir/all] Error 2
[INFO] [stderr]   make[1]: *** [CMakeFiles/Makefile2:1675: libbullet3/src/Bullet3Dynamics/CMakeFiles/Bullet3Dynamics.dir/all] Error 2
[INFO] [stderr]   make[1]: *** [CMakeFiles/Makefile2:1621: libbullet3/src/Bullet3OpenCL/CMakeFiles/Bullet3OpenCL_clew.dir/all] Error 2
[INFO] [stderr]   make[1]: *** [CMakeFiles/Makefile2:1810: libbullet3/src/BulletCollision/CMakeFiles/BulletCollision.dir/all] Error 2
[INFO] [stderr]   make: *** [Makefile:130: all] Error 2
[INFO] [stderr]   thread 'main' panicked at '
[INFO] [stderr]   command did not execute successfully, got: exit status: 2
[INFO] [stderr] 
[INFO] [stderr]   build script failed, must exit now', /opt/rustwide/cargo-home/registry/src/github.com-1ecc6299db9ec823/cmake-0.1.46/src/lib.rs:974:5
[INFO] [stderr]   stack backtrace:
[INFO] [stderr]      0:     0x55862dc2b270 - std::backtrace_rs::backtrace::libunwind::trace::ha0ad43e8a952bfe7
[INFO] [stderr]                                  at /rustc/c8dfcfe046a7680554bf4eb612bad840e7631c4b/library/std/src/../../backtrace/src/backtrace/libunwind.rs:90:5
[INFO] [stderr]      1:     0x55862dc2b270 - std::backtrace_rs::backtrace::trace_unsynchronized::h6830419c0c4130dc
[INFO] [stderr]                                  at /rustc/c8dfcfe046a7680554bf4eb612bad840e7631c4b/library/std/src/../../backtrace/src/backtrace/mod.rs:66:5
[INFO] [stderr]      2:     0x55862dc2b270 - std::sys_common::backtrace::_print_fmt::h8f3516631ffa1ef5
[INFO] [stderr]                                  at /rustc/c8dfcfe046a7680554bf4eb612bad840e7631c4b/library/std/src/sys_common/backtrace.rs:67:5
[INFO] [stderr]      3:     0x55862dc2b270 - <std::sys_common::backtrace::_print::DisplayBacktrace as core::fmt::Display>::fmt::he1640d5f0d93f618
[INFO] [stderr]                                  at /rustc/c8dfcfe046a7680554bf4eb612bad840e7631c4b/library/std/src/sys_common/backtrace.rs:46:22
[INFO] [stderr]      4:     0x55862dc4b08c - core::fmt::write::h88012e1f01caeebf
[INFO] [stderr]                                  at /rustc/c8dfcfe046a7680554bf4eb612bad840e7631c4b/library/core/src/fmt/mod.rs:1115:17
[INFO] [stderr]      5:     0x55862dc27f35 - std::io::Write::write_fmt::h360fa85b30182555
[INFO] [stderr]                                  at /rustc/c8dfcfe046a7680554bf4eb612bad840e7631c4b/library/std/src/io/mod.rs:1665:15
[INFO] [stderr]      6:     0x55862dc2d89b - std::sys_common::backtrace::_print::ha1f00492f406a015
[INFO] [stderr]                                  at /rustc/c8dfcfe046a7680554bf4eb612bad840e7631c4b/library/std/src/sys_common/backtrace.rs:49:5
[INFO] [stderr]      7:     0x55862dc2d89b - std::sys_common::backtrace::print::hd54561b13feb6af3
[INFO] [stderr]                                  at /rustc/c8dfcfe046a7680554bf4eb612bad840e7631c4b/library/std/src/sys_common/backtrace.rs:36:9
[INFO] [stderr]      8:     0x55862dc2d89b - std::panicking::default_hook::{{closure}}::h84fe124cd0864662
[INFO] [stderr]                                  at /rustc/c8dfcfe046a7680554bf4eb612bad840e7631c4b/library/std/src/panicking.rs:208:50
[INFO] [stderr]      9:     0x55862dc2d371 - std::panicking::default_hook::h5a8e74a76ce290a7
[INFO] [stderr]                                  at /rustc/c8dfcfe046a7680554bf4eb612bad840e7631c4b/library/std/src/panicking.rs:225:9
[INFO] [stderr]     10:     0x55862dc2df64 - std::panicking::rust_panic_with_hook::h67c812a4fe9d4c91
[INFO] [stderr]                                  at /rustc/c8dfcfe046a7680554bf4eb612bad840e7631c4b/library/std/src/panicking.rs:622:17
[INFO] [stderr]     11:     0x55862dc2da47 - std::panicking::begin_panic_handler::{{closure}}::h33f9c1b96af300d7
[INFO] [stderr]                                  at /rustc/c8dfcfe046a7680554bf4eb612bad840e7631c4b/library/std/src/panicking.rs:519:13
[INFO] [stderr]     12:     0x55862dc2b76c - std::sys_common::backtrace::__rust_end_short_backtrace::h51bae64be5921f0e
[INFO] [stderr]                                  at /rustc/c8dfcfe046a7680554bf4eb612bad840e7631c4b/library/std/src/sys_common/backtrace.rs:141:18
[INFO] [stderr]     13:     0x55862dc2d9a9 - rust_begin_unwind
[INFO] [stderr]                                  at /rustc/c8dfcfe046a7680554bf4eb612bad840e7631c4b/library/std/src/panicking.rs:515:5
[INFO] [stderr]     14:     0x55862dba3bbb - std::panicking::begin_panic_fmt::h7ab3d84aa4ae32a2
[INFO] [stderr]                                  at /rustc/c8dfcfe046a7680554bf4eb612bad840e7631c4b/library/std/src/panicking.rs:457:5
[INFO] [stderr]     15:     0x55862dbae613 - cmake::fail::h37563b42d1514194
[INFO] [stderr]                                  at /opt/rustwide/cargo-home/registry/src/github.com-1ecc6299db9ec823/cmake-0.1.46/src/lib.rs:974:5
[INFO] [stderr]     16:     0x55862dbae021 - cmake::run::h2ba85cd35f2f4643
[INFO] [stderr]                                  at /opt/rustwide/cargo-home/registry/src/github.com-1ecc6299db9ec823/cmake-0.1.46/src/lib.rs:952:9
[INFO] [stderr]     17:     0x55862dbaaecb - cmake::Config::build::h3ffb65ac826e8246
[INFO] [stderr]                                  at /opt/rustwide/cargo-home/registry/src/github.com-1ecc6299db9ec823/cmake-0.1.46/src/lib.rs:832:9
[INFO] [stderr]     18:     0x55862dba5ed6 - build_script_build::main::h1c1f320418fd3cca
[INFO] [stderr]                                  at /opt/rustwide/workdir/build.rs:9:15
[INFO] [stderr]     19:     0x55862dba55db - core::ops::function::FnOnce::call_once::h571ab3a86f5a189f
[INFO] [stderr]                                  at /rustc/c8dfcfe046a7680554bf4eb612bad840e7631c4b/library/core/src/ops/function.rs:227:5
[INFO] [stderr]     20:     0x55862dba4b2e - std::sys_common::backtrace::__rust_begin_short_backtrace::hb33ae6b67d81efab
[INFO] [stderr]                                  at /rustc/c8dfcfe046a7680554bf4eb612bad840e7631c4b/library/std/src/sys_common/backtrace.rs:125:18
[INFO] [stderr]     21:     0x55862dba5cc1 - std::rt::lang_start::{{closure}}::h16d3c980d901ff4a
[INFO] [stderr]                                  at /rustc/c8dfcfe046a7680554bf4eb612bad840e7631c4b/library/std/src/rt.rs:63:18
[INFO] [stderr]     22:     0x55862dc2e46a - core::ops::function::impls::<impl core::ops::function::FnOnce<A> for &F>::call_once::ha9408abe89f69dc4
[INFO] [stderr]                                  at /rustc/c8dfcfe046a7680554bf4eb612bad840e7631c4b/library/core/src/ops/function.rs:259:13
[INFO] [stderr]     23:     0x55862dc2e46a - std::panicking::try::do_call::h5b0cc9e9102acb65
[INFO] [stderr]                                  at /rustc/c8dfcfe046a7680554bf4eb612bad840e7631c4b/library/std/src/panicking.rs:401:40
[INFO] [stderr]     24:     0x55862dc2e46a - std::panicking::try::hddc7f8229138b3ba
[INFO] [stderr]                                  at /rustc/c8dfcfe046a7680554bf4eb612bad840e7631c4b/library/std/src/panicking.rs:365:19
[INFO] [stderr]     25:     0x55862dc2e46a - std::panic::catch_unwind::hfa401ff8bab2986e
[INFO] [stderr]                                  at /rustc/c8dfcfe046a7680554bf4eb612bad840e7631c4b/library/std/src/panic.rs:434:14
[INFO] [stderr]     26:     0x55862dc2e46a - std::rt::lang_start_internal::{{closure}}::h8163422320d11405
[INFO] [stderr]                                  at /rustc/c8dfcfe046a7680554bf4eb612bad840e7631c4b/library/std/src/rt.rs:45:48
[INFO] [stderr]     27:     0x55862dc2e46a - std::panicking::try::do_call::hc742cc7bb4f0fb20
[INFO] [stderr]                                  at /rustc/c8dfcfe046a7680554bf4eb612bad840e7631c4b/library/std/src/panicking.rs:401:40
[INFO] [stderr]     28:     0x55862dc2e46a - std::panicking::try::ha37d8d2dd1acf7d3
[INFO] [stderr]                                  at /rustc/c8dfcfe046a7680554bf4eb612bad840e7631c4b/library/std/src/panicking.rs:365:19
[INFO] [stderr]     29:     0x55862dc2e46a - std::panic::catch_unwind::h8a5381d5ecf437bc
[INFO] [stderr]                                  at /rustc/c8dfcfe046a7680554bf4eb612bad840e7631c4b/library/std/src/panic.rs:434:14
[INFO] [stderr]     30:     0x55862dc2e46a - std::rt::lang_start_internal::h7e2cee8c90d4a4d3
[INFO] [stderr]                                  at /rustc/c8dfcfe046a7680554bf4eb612bad840e7631c4b/library/std/src/rt.rs:45:20
[INFO] [stderr]     31:     0x55862dba5c90 - std::rt::lang_start::h7ace3753e1027318
[INFO] [stderr]                                  at /rustc/c8dfcfe046a7680554bf4eb612bad840e7631c4b/library/std/src/rt.rs:62:5
[INFO] [stderr]     32:     0x55862dba642c - main
[INFO] [stderr]     33:     0x7fd664bae0b3 - __libc_start_main
[INFO] [stderr]     34:     0x55862dba4a5e - _start
[INFO] [stderr]     35:                0x0 - <unknown>
[INFO] running `Command { std: "docker" "inspect" "26aae064b478be34121951ea64db08a7d0d938672f53cea84697592c50b01c43", kill_on_drop: false }`
[INFO] running `Command { std: "docker" "rm" "-f" "26aae064b478be34121951ea64db08a7d0d938672f53cea84697592c50b01c43", kill_on_drop: false }`
[INFO] [stdout] 26aae064b478be34121951ea64db08a7d0d938672f53cea84697592c50b01c43
