[INFO] fetching crate rp2040-hal 0.2.0...
[INFO] checking rp2040-hal-0.2.0 against 1.55.0 for beta-1.56-3
[INFO] extracting crate rp2040-hal 0.2.0 into /workspace/builds/worker-20/source
[INFO] validating manifest of crates.io crate rp2040-hal 0.2.0 on toolchain 1.55.0
[INFO] running `Command { std: "/workspace/cargo-home/bin/cargo" "+1.55.0" "metadata" "--manifest-path" "Cargo.toml" "--no-deps", kill_on_drop: false }`
[INFO] started tweaking crates.io crate rp2040-hal 0.2.0
[INFO] finished tweaking crates.io crate rp2040-hal 0.2.0
[INFO] tweaked toml for crates.io crate rp2040-hal 0.2.0 written to /workspace/builds/worker-20/source/Cargo.toml
[INFO] crate crates.io crate rp2040-hal 0.2.0 already has a lockfile, it will not be regenerated
[INFO] running `Command { std: "/workspace/cargo-home/bin/cargo" "+1.55.0" "fetch" "--manifest-path" "Cargo.toml", kill_on_drop: false }`
[INFO] [stderr]     Blocking waiting for file lock on package cache
[INFO] [stderr]  Downloading crates ...
[INFO] [stderr]   Downloaded embedded-time v0.12.0
[INFO] [stderr]   Downloaded hd44780-driver v0.4.0
[INFO] [stderr]   Downloaded panic-halt v0.2.0
[INFO] [stderr]   Downloaded rp2040-pac v0.1.4
[INFO] running `Command { std: "docker" "create" "-v" "/var/lib/crater-agent-workspace/builds/worker-20/target:/opt/rustwide/target:rw,Z" "-v" "/var/lib/crater-agent-workspace/builds/worker-20/source:/opt/rustwide/workdir:ro,Z" "-v" "/var/lib/crater-agent-workspace/cargo-home:/opt/rustwide/cargo-home:ro,Z" "-v" "/var/lib/crater-agent-workspace/rustup-home:/opt/rustwide/rustup-home:ro,Z" "-e" "SOURCE_DIR=/opt/rustwide/workdir" "-e" "CARGO_TARGET_DIR=/opt/rustwide/target" "-e" "CARGO_HOME=/opt/rustwide/cargo-home" "-e" "RUSTUP_HOME=/opt/rustwide/rustup-home" "-w" "/opt/rustwide/workdir" "-m" "1610612736" "--user" "0:0" "--network" "none" "ghcr.io/rust-lang/crates-build-env/linux@sha256:a89201d6b5b9fd45c15d5952ece0a0129e7e80cb26ec023fd59cf09bc26f1604" "/opt/rustwide/cargo-home/bin/cargo" "+1.55.0" "metadata" "--no-deps" "--format-version=1", kill_on_drop: false }`
[INFO] [stdout] d5df725716b5f6f086be26b5ab6cf29092a0e407ae82313208bb8bcc73ef1aa3
[INFO] running `Command { std: "docker" "start" "-a" "d5df725716b5f6f086be26b5ab6cf29092a0e407ae82313208bb8bcc73ef1aa3", kill_on_drop: false }`
[INFO] running `Command { std: "docker" "inspect" "d5df725716b5f6f086be26b5ab6cf29092a0e407ae82313208bb8bcc73ef1aa3", kill_on_drop: false }`
[INFO] running `Command { std: "docker" "rm" "-f" "d5df725716b5f6f086be26b5ab6cf29092a0e407ae82313208bb8bcc73ef1aa3", kill_on_drop: false }`
[INFO] [stdout] d5df725716b5f6f086be26b5ab6cf29092a0e407ae82313208bb8bcc73ef1aa3
[INFO] running `Command { std: "docker" "create" "-v" "/var/lib/crater-agent-workspace/builds/worker-20/target:/opt/rustwide/target:rw,Z" "-v" "/var/lib/crater-agent-workspace/builds/worker-20/source:/opt/rustwide/workdir:ro,Z" "-v" "/var/lib/crater-agent-workspace/cargo-home:/opt/rustwide/cargo-home:ro,Z" "-v" "/var/lib/crater-agent-workspace/rustup-home:/opt/rustwide/rustup-home:ro,Z" "-e" "SOURCE_DIR=/opt/rustwide/workdir" "-e" "CARGO_TARGET_DIR=/opt/rustwide/target" "-e" "CARGO_INCREMENTAL=0" "-e" "RUST_BACKTRACE=full" "-e" "RUSTFLAGS=--cap-lints=warn" "-e" "CARGO_HOME=/opt/rustwide/cargo-home" "-e" "RUSTUP_HOME=/opt/rustwide/rustup-home" "-w" "/opt/rustwide/workdir" "-m" "1610612736" "--user" "0:0" "--network" "none" "ghcr.io/rust-lang/crates-build-env/linux@sha256:a89201d6b5b9fd45c15d5952ece0a0129e7e80cb26ec023fd59cf09bc26f1604" "/opt/rustwide/cargo-home/bin/cargo" "+1.55.0" "check" "--frozen" "--all" "--all-targets" "--message-format=json", kill_on_drop: false }`
[INFO] [stdout] a6fb4968ab491cd654a07d4b6273f84ecdde82a9626bf47902e2d3539d574feb
[INFO] running `Command { std: "docker" "start" "-a" "a6fb4968ab491cd654a07d4b6273f84ecdde82a9626bf47902e2d3539d574feb", kill_on_drop: false }`
[INFO] [stderr]    Compiling semver-parser v0.7.0
[INFO] [stderr]     Checking nb v1.0.0
[INFO] [stderr]     Checking void v1.0.2
[INFO] [stderr]    Compiling cortex-m v0.7.3
[INFO] [stderr]     Checking vcell v0.1.3
[INFO] [stderr]    Compiling syn v1.0.74
[INFO] [stderr]    Compiling rp2040-pac v0.1.4
[INFO] [stderr]     Checking bitfield v0.13.2
[INFO] [stderr]    Compiling cortex-m-rt v0.6.15
[INFO] [stderr]     Checking r0 v0.2.2
[INFO] [stderr]    Compiling paste v1.0.5
[INFO] [stderr]     Checking panic-halt v0.2.0
[INFO] [stderr]    Compiling num-traits v0.2.14
[INFO] [stderr]    Compiling num-integer v0.1.44
[INFO] [stderr]    Compiling num-iter v0.1.42
[INFO] [stderr]    Compiling num-rational v0.3.2
[INFO] [stderr]     Checking nb v0.1.3
[INFO] [stderr]    Compiling semver v0.9.0
[INFO] [stderr]     Checking volatile-register v0.2.1
[INFO] [stderr]     Checking embedded-hal v0.2.6
[INFO] [stderr]    Compiling rustc_version v0.2.3
[INFO] [stderr]     Checking hd44780-driver v0.4.0
[INFO] [stderr]    Compiling bare-metal v0.2.5
[INFO] [stderr]     Checking num-complex v0.3.1
[INFO] [stderr]     Checking num v0.3.1
[INFO] [stderr]     Checking embedded-time v0.12.0
[INFO] [stderr]    Compiling cortex-m-rt-macros v0.6.15
[INFO] [stderr]     Checking rp2040-hal v0.2.0 (/opt/rustwide/workdir)
[INFO] [stdout] error[E0433]: failed to resolve: use of undeclared crate or module `rp2040_boot2`
[INFO] [stdout]   --> examples/gpio_in_out.rs:18:31
[INFO] [stdout]    |
[INFO] [stdout] 18 | pub static BOOT2: [u8; 256] = rp2040_boot2::BOOT_LOADER;
[INFO] [stdout]    |                               ^^^^^^^^^^^^ use of undeclared crate or module `rp2040_boot2`
[INFO] [stdout] 
[INFO] [stdout] 
[INFO] [stdout] error: language item required, but not found: `eh_personality`
[INFO] [stdout] 
[INFO] [stdout] 
[INFO] [stdout] error: aborting due to 2 previous errors
[INFO] [stdout] 
[INFO] [stdout] 
[INFO] [stdout] For more information about this error, try `rustc --explain E0433`.
[INFO] [stdout] 
[INFO] [stderr] error: could not compile `rp2040-hal` due to 3 previous errors
[INFO] [stderr] warning: build failed, waiting for other jobs to finish...
[INFO] [stdout] error[E0433]: failed to resolve: use of undeclared crate or module `rp2040_boot2`
[INFO] [stdout]   --> examples/lcd_display.rs:13:31
[INFO] [stdout]    |
[INFO] [stdout] 13 | pub static BOOT2: [u8; 256] = rp2040_boot2::BOOT_LOADER;
[INFO] [stdout]    |                               ^^^^^^^^^^^^ use of undeclared crate or module `rp2040_boot2`
[INFO] [stdout] 
[INFO] [stdout] 
[INFO] [stdout] error: language item required, but not found: `eh_personality`
[INFO] [stdout] 
[INFO] [stdout] 
[INFO] [stdout] error: aborting due to 2 previous errors
[INFO] [stdout] 
[INFO] [stdout] 
[INFO] [stdout] For more information about this error, try `rustc --explain E0433`.
[INFO] [stdout] 
[INFO] [stdout] error[E0433]: failed to resolve: use of undeclared crate or module `rp2040_boot2`
[INFO] [stdout]   --> examples/uart.rs:18:31
[INFO] [stdout]    |
[INFO] [stdout] 18 | pub static BOOT2: [u8; 256] = rp2040_boot2::BOOT_LOADER;
[INFO] [stdout]    |                               ^^^^^^^^^^^^ use of undeclared crate or module `rp2040_boot2`
[INFO] [stdout] 
[INFO] [stdout] 
[INFO] [stdout] error[E0433]: failed to resolve: use of undeclared crate or module `rp2040_boot2`
[INFO] [stdout]   --> examples/i2c.rs:17:31
[INFO] [stdout]    |
[INFO] [stdout] 17 | pub static BOOT2: [u8; 256] = rp2040_boot2::BOOT_LOADER;
[INFO] [stdout]    |                               ^^^^^^^^^^^^ use of undeclared crate or module `rp2040_boot2`
[INFO] [stdout] 
[INFO] [stdout] 
[INFO] [stdout] error: language item required, but not found: `eh_personality`
[INFO] [stdout] 
[INFO] [stdout] 
[INFO] [stdout] error[E0433]: failed to resolve: use of undeclared crate or module `rp2040_boot2`
[INFO] [stdout]   --> examples/pwm_blink.rs:11:31
[INFO] [stdout]    |
[INFO] [stdout] 11 | pub static BOOT2: [u8; 256] = rp2040_boot2::BOOT_LOADER;
[INFO] [stdout]    |                               ^^^^^^^^^^^^ use of undeclared crate or module `rp2040_boot2`
[INFO] [stdout] 
[INFO] [stdout] 
[INFO] [stdout] error: language item required, but not found: `eh_personality`
[INFO] [stdout] 
[INFO] [stdout] 
[INFO] [stdout] error: aborting due to 2 previous errors
[INFO] [stdout] 
[INFO] [stdout] 
[INFO] [stdout] For more information about this error, try `rustc --explain E0433`.
[INFO] [stdout] 
[INFO] [stdout] error: language item required, but not found: `eh_personality`
[INFO] [stdout] 
[INFO] [stdout] 
[INFO] [stdout] error: aborting due to 2 previous errors
[INFO] [stdout] 
[INFO] [stdout] 
[INFO] [stdout] For more information about this error, try `rustc --explain E0433`.
[INFO] [stdout] 
[INFO] [stdout] error[E0433]: failed to resolve: use of undeclared crate or module `rp2040_boot2`
[INFO] [stdout]   --> examples/blinky.rs:16:31
[INFO] [stdout]    |
[INFO] [stdout] 16 | pub static BOOT2: [u8; 256] = rp2040_boot2::BOOT_LOADER;
[INFO] [stdout]    |                               ^^^^^^^^^^^^ use of undeclared crate or module `rp2040_boot2`
[INFO] [stdout] 
[INFO] [stdout] 
[INFO] [stdout] error: language item required, but not found: `eh_personality`
[INFO] [stdout] 
[INFO] [stdout] 
[INFO] [stdout] error: aborting due to 2 previous errors
[INFO] [stdout] 
[INFO] [stdout] 
[INFO] [stdout] For more information about this error, try `rustc --explain E0433`.
[INFO] [stdout] 
[INFO] [stdout] error: aborting due to 2 previous errors
[INFO] [stdout] 
[INFO] [stdout] 
[INFO] [stdout] For more information about this error, try `rustc --explain E0433`.
[INFO] [stdout] 
[INFO] [stderr] error: build failed
[INFO] running `Command { std: "docker" "inspect" "a6fb4968ab491cd654a07d4b6273f84ecdde82a9626bf47902e2d3539d574feb", kill_on_drop: false }`
[INFO] running `Command { std: "docker" "rm" "-f" "a6fb4968ab491cd654a07d4b6273f84ecdde82a9626bf47902e2d3539d574feb", kill_on_drop: false }`
[INFO] [stdout] a6fb4968ab491cd654a07d4b6273f84ecdde82a9626bf47902e2d3539d574feb
