[INFO] fetching crate robusta_jni 0.2.0...
[INFO] checking robusta_jni-0.2.0 against 1.55.0 for beta-1.56-3
[INFO] extracting crate robusta_jni 0.2.0 into /workspace/builds/worker-41/source
[INFO] validating manifest of crates.io crate robusta_jni 0.2.0 on toolchain 1.55.0
[INFO] running `Command { std: "/workspace/cargo-home/bin/cargo" "+1.55.0" "metadata" "--manifest-path" "Cargo.toml" "--no-deps", kill_on_drop: false }`
[INFO] started tweaking crates.io crate robusta_jni 0.2.0
[INFO] finished tweaking crates.io crate robusta_jni 0.2.0
[INFO] tweaked toml for crates.io crate robusta_jni 0.2.0 written to /workspace/builds/worker-41/source/Cargo.toml
[INFO] running `Command { std: "/workspace/cargo-home/bin/cargo" "+1.55.0" "generate-lockfile" "--manifest-path" "Cargo.toml" "-Zno-index-update", kill_on_drop: false }`
[INFO] [stderr]     Blocking waiting for file lock on package cache
[INFO] running `Command { std: "/workspace/cargo-home/bin/cargo" "+1.55.0" "fetch" "--manifest-path" "Cargo.toml", kill_on_drop: false }`
[INFO] [stderr]  Downloading crates ...
[INFO] [stderr]   Downloaded jni v0.17.0
[INFO] [stderr]   Downloaded robusta-codegen v0.2.0
[INFO] running `Command { std: "docker" "create" "-v" "/var/lib/crater-agent-workspace/builds/worker-41/target:/opt/rustwide/target:rw,Z" "-v" "/var/lib/crater-agent-workspace/builds/worker-41/source:/opt/rustwide/workdir:ro,Z" "-v" "/var/lib/crater-agent-workspace/cargo-home:/opt/rustwide/cargo-home:ro,Z" "-v" "/var/lib/crater-agent-workspace/rustup-home:/opt/rustwide/rustup-home:ro,Z" "-e" "SOURCE_DIR=/opt/rustwide/workdir" "-e" "CARGO_TARGET_DIR=/opt/rustwide/target" "-e" "CARGO_HOME=/opt/rustwide/cargo-home" "-e" "RUSTUP_HOME=/opt/rustwide/rustup-home" "-w" "/opt/rustwide/workdir" "-m" "1610612736" "--user" "0:0" "--network" "none" "ghcr.io/rust-lang/crates-build-env/linux@sha256:a89201d6b5b9fd45c15d5952ece0a0129e7e80cb26ec023fd59cf09bc26f1604" "/opt/rustwide/cargo-home/bin/cargo" "+1.55.0" "metadata" "--no-deps" "--format-version=1", kill_on_drop: false }`
[INFO] [stdout] 7dfaae042b824e2268c3442aba9978421b1d5c1f00f5434520e620a7d4c7c31d
[INFO] running `Command { std: "docker" "start" "-a" "7dfaae042b824e2268c3442aba9978421b1d5c1f00f5434520e620a7d4c7c31d", kill_on_drop: false }`
[INFO] running `Command { std: "docker" "inspect" "7dfaae042b824e2268c3442aba9978421b1d5c1f00f5434520e620a7d4c7c31d", kill_on_drop: false }`
[INFO] running `Command { std: "docker" "rm" "-f" "7dfaae042b824e2268c3442aba9978421b1d5c1f00f5434520e620a7d4c7c31d", kill_on_drop: false }`
[INFO] [stdout] 7dfaae042b824e2268c3442aba9978421b1d5c1f00f5434520e620a7d4c7c31d
[INFO] running `Command { std: "docker" "create" "-v" "/var/lib/crater-agent-workspace/builds/worker-41/target:/opt/rustwide/target:rw,Z" "-v" "/var/lib/crater-agent-workspace/builds/worker-41/source:/opt/rustwide/workdir:ro,Z" "-v" "/var/lib/crater-agent-workspace/cargo-home:/opt/rustwide/cargo-home:ro,Z" "-v" "/var/lib/crater-agent-workspace/rustup-home:/opt/rustwide/rustup-home:ro,Z" "-e" "SOURCE_DIR=/opt/rustwide/workdir" "-e" "CARGO_TARGET_DIR=/opt/rustwide/target" "-e" "CARGO_INCREMENTAL=0" "-e" "RUST_BACKTRACE=full" "-e" "RUSTFLAGS=--cap-lints=warn" "-e" "CARGO_HOME=/opt/rustwide/cargo-home" "-e" "RUSTUP_HOME=/opt/rustwide/rustup-home" "-w" "/opt/rustwide/workdir" "-m" "1610612736" "--user" "0:0" "--network" "none" "ghcr.io/rust-lang/crates-build-env/linux@sha256:a89201d6b5b9fd45c15d5952ece0a0129e7e80cb26ec023fd59cf09bc26f1604" "/opt/rustwide/cargo-home/bin/cargo" "+1.55.0" "check" "--frozen" "--all" "--all-targets" "--message-format=json", kill_on_drop: false }`
[INFO] [stdout] f97a5f8cbdcfc0bcdd51331ff5c8ad2eb14504b2269403433121044e2663efbe
[INFO] running `Command { std: "docker" "start" "-a" "f97a5f8cbdcfc0bcdd51331ff5c8ad2eb14504b2269403433121044e2663efbe", kill_on_drop: false }`
[INFO] [stderr]    Compiling libc v0.2.103
[INFO] [stderr]    Compiling proc-macro2 v1.0.30
[INFO] [stderr]    Compiling getrandom v0.1.16
[INFO] [stderr]    Compiling syn v1.0.80
[INFO] [stderr]    Compiling ident_case v1.0.1
[INFO] [stderr]    Compiling strsim v0.9.3
[INFO] [stderr]    Compiling same-file v1.0.6
[INFO] [stderr]    Compiling ppv-lite86 v0.2.14
[INFO] [stderr]     Checking bytes v1.1.0
[INFO] [stderr]     Checking jni-sys v0.3.0
[INFO] [stderr]     Checking cesu8 v1.1.0
[INFO] [stderr]    Compiling paste v1.0.5
[INFO] [stderr]    Compiling proc-macro-error-attr v1.0.4
[INFO] [stderr]    Compiling error-chain v0.12.4
[INFO] [stderr]    Compiling proc-macro-error v1.0.4
[INFO] [stderr]    Compiling Inflector v0.11.4
[INFO] [stderr]    Compiling walkdir v2.3.2
[INFO] [stderr]     Checking combine v4.6.1
[INFO] [stderr]    Compiling jni v0.17.0
[INFO] [stderr]    Compiling quote v1.0.10
[INFO] [stderr]     Checking backtrace v0.3.61
[INFO] [stderr]    Compiling rand_core v0.5.1
[INFO] [stderr]    Compiling rand_chacha v0.2.2
[INFO] [stderr]    Compiling rand v0.7.3
[INFO] [stderr]    Compiling darling_core v0.10.2
[INFO] [stderr]    Compiling darling_macro v0.10.2
[INFO] [stderr]    Compiling darling v0.10.2
[INFO] [stderr]    Compiling robusta-codegen v0.2.0
[INFO] [stderr]     Checking robusta_jni v0.2.0 (/opt/rustwide/workdir)
[INFO] [stdout] error[E0433]: failed to resolve: use of undeclared crate or module `native`
[INFO] [stdout]  --> tests/mod.rs:3:5
[INFO] [stdout]   |
[INFO] [stdout] 3 | use native::jni::User;
[INFO] [stdout]   |     ^^^^^^ use of undeclared crate or module `native`
[INFO] [stdout] 
[INFO] [stdout] 
[INFO] [stdout] error[E0433]: failed to resolve: use of undeclared type `User`
[INFO] [stdout]   --> tests/mod.rs:51:5
[INFO] [stdout]    |
[INFO] [stdout] 51 |     User::initNative();
[INFO] [stdout]    |     ^^^^ use of undeclared type `User`
[INFO] [stdout] 
[INFO] [stdout] 
[INFO] [stdout] error[E0433]: failed to resolve: use of undeclared type `User`
[INFO] [stdout]   --> tests/mod.rs:53:17
[INFO] [stdout]    |
[INFO] [stdout] 53 |     let count = User::getTotalUsersCount(&env)
[INFO] [stdout]    |                 ^^^^ use of undeclared type `User`
[INFO] [stdout] 
[INFO] [stdout] 
[INFO] [stdout] error[E0433]: failed to resolve: use of undeclared type `User`
[INFO] [stdout]   --> tests/mod.rs:62:13
[INFO] [stdout]    |
[INFO] [stdout] 62 |     let u = User::new(&env, "user".into(), "password".into()).expect("can't create user instance");
[INFO] [stdout]    |             ^^^^ use of undeclared type `User`
[INFO] [stdout] 
[INFO] [stdout] 
[INFO] [stdout] error[E0433]: failed to resolve: use of undeclared type `User`
[INFO] [stdout]   --> tests/mod.rs:64:17
[INFO] [stdout]    |
[INFO] [stdout] 64 |     let count = User::getTotalUsersCount(&env)
[INFO] [stdout]    |                 ^^^^ use of undeclared type `User`
[INFO] [stdout] 
[INFO] [stdout] 
[INFO] [stdout] error: aborting due to 5 previous errors
[INFO] [stdout] 
[INFO] [stdout] 
[INFO] [stderr] error: could not compile `robusta_jni` due to 6 previous errors
[INFO] [stdout] For more information about this error, try `rustc --explain E0433`.
[INFO] [stdout] 
[INFO] running `Command { std: "docker" "inspect" "f97a5f8cbdcfc0bcdd51331ff5c8ad2eb14504b2269403433121044e2663efbe", kill_on_drop: false }`
[INFO] running `Command { std: "docker" "rm" "-f" "f97a5f8cbdcfc0bcdd51331ff5c8ad2eb14504b2269403433121044e2663efbe", kill_on_drop: false }`
[INFO] [stdout] f97a5f8cbdcfc0bcdd51331ff5c8ad2eb14504b2269403433121044e2663efbe
