[INFO] fetching crate rlink-connector-files 0.5.0...
[INFO] checking rlink-connector-files-0.5.0 against beta-2021-10-15 for beta-1.56-3
[INFO] extracting crate rlink-connector-files 0.5.0 into /workspace/builds/worker-6/source
[INFO] validating manifest of crates.io crate rlink-connector-files 0.5.0 on toolchain beta-2021-10-15
[INFO] running `Command { std: "/workspace/cargo-home/bin/cargo" "+beta-2021-10-15" "metadata" "--manifest-path" "Cargo.toml" "--no-deps", kill_on_drop: false }`
[INFO] started tweaking crates.io crate rlink-connector-files 0.5.0
[INFO] finished tweaking crates.io crate rlink-connector-files 0.5.0
[INFO] tweaked toml for crates.io crate rlink-connector-files 0.5.0 written to /workspace/builds/worker-6/source/Cargo.toml
[INFO] running `Command { std: "/workspace/cargo-home/bin/cargo" "+beta-2021-10-15" "generate-lockfile" "--manifest-path" "Cargo.toml" "-Zno-index-update", kill_on_drop: false }`
[INFO] [stderr]     Blocking waiting for file lock on package cache
[INFO] running `Command { std: "/workspace/cargo-home/bin/cargo" "+beta-2021-10-15" "fetch" "--manifest-path" "Cargo.toml", kill_on_drop: false }`
[INFO] [stderr]     Blocking waiting for file lock on package cache
[INFO] [stderr]     Blocking waiting for file lock on package cache
[INFO] [stderr]  Downloading crates ...
[INFO] [stderr]   Downloaded ordered-float v1.1.1
[INFO] [stderr]   Downloaded thrift v0.13.0
[INFO] [stderr]   Downloaded parquet-format v2.6.1
[INFO] [stderr]   Downloaded multiversion-macros v0.6.1
[INFO] [stderr]   Downloaded lz4 v1.23.2
[INFO] [stderr]   Downloaded multiversion v0.6.1
[INFO] [stderr]   Downloaded lz4-sys v1.9.2
[INFO] [stderr]   Downloaded flatbuffers v0.8.4
[INFO] [stderr]   Downloaded zstd v0.8.3+zstd.1.5.0
[INFO] [stderr]   Downloaded snap v1.0.5
[INFO] [stderr]   Downloaded arrow v4.4.0
[INFO] [stderr]   Downloaded zstd-safe v4.1.0+zstd.1.5.0
[INFO] [stderr]   Downloaded integer-encoding v1.1.7
[INFO] [stderr]   Downloaded parquet v4.4.0
[INFO] [stderr]   Downloaded zstd-sys v1.6.0+zstd.1.5.0
[INFO] [stderr]   Downloaded rlink v0.5.12
[INFO] running `Command { std: "docker" "create" "-v" "/var/lib/crater-agent-workspace/builds/worker-6/target:/opt/rustwide/target:rw,Z" "-v" "/var/lib/crater-agent-workspace/builds/worker-6/source:/opt/rustwide/workdir:ro,Z" "-v" "/var/lib/crater-agent-workspace/cargo-home:/opt/rustwide/cargo-home:ro,Z" "-v" "/var/lib/crater-agent-workspace/rustup-home:/opt/rustwide/rustup-home:ro,Z" "-e" "SOURCE_DIR=/opt/rustwide/workdir" "-e" "CARGO_TARGET_DIR=/opt/rustwide/target" "-e" "CARGO_HOME=/opt/rustwide/cargo-home" "-e" "RUSTUP_HOME=/opt/rustwide/rustup-home" "-w" "/opt/rustwide/workdir" "-m" "1610612736" "--user" "0:0" "--network" "none" "ghcr.io/rust-lang/crates-build-env/linux@sha256:a89201d6b5b9fd45c15d5952ece0a0129e7e80cb26ec023fd59cf09bc26f1604" "/opt/rustwide/cargo-home/bin/cargo" "+beta-2021-10-15" "metadata" "--no-deps" "--format-version=1", kill_on_drop: false }`
[INFO] [stdout] d63d7070f9a160b786b80b55272f0ab4478aace95a58d8ee2e0001abb5c0006e
[INFO] [stderr] WARNING: Your kernel does not support swap limit capabilities or the cgroup is not mounted. Memory limited without swap.
[INFO] running `Command { std: "docker" "start" "-a" "d63d7070f9a160b786b80b55272f0ab4478aace95a58d8ee2e0001abb5c0006e", kill_on_drop: false }`
[INFO] running `Command { std: "docker" "inspect" "d63d7070f9a160b786b80b55272f0ab4478aace95a58d8ee2e0001abb5c0006e", kill_on_drop: false }`
[INFO] running `Command { std: "docker" "rm" "-f" "d63d7070f9a160b786b80b55272f0ab4478aace95a58d8ee2e0001abb5c0006e", kill_on_drop: false }`
[INFO] [stdout] d63d7070f9a160b786b80b55272f0ab4478aace95a58d8ee2e0001abb5c0006e
[INFO] running `Command { std: "docker" "create" "-v" "/var/lib/crater-agent-workspace/builds/worker-6/target:/opt/rustwide/target:rw,Z" "-v" "/var/lib/crater-agent-workspace/builds/worker-6/source:/opt/rustwide/workdir:ro,Z" "-v" "/var/lib/crater-agent-workspace/cargo-home:/opt/rustwide/cargo-home:ro,Z" "-v" "/var/lib/crater-agent-workspace/rustup-home:/opt/rustwide/rustup-home:ro,Z" "-e" "SOURCE_DIR=/opt/rustwide/workdir" "-e" "CARGO_TARGET_DIR=/opt/rustwide/target" "-e" "CARGO_INCREMENTAL=0" "-e" "RUST_BACKTRACE=full" "-e" "RUSTFLAGS=--cap-lints=warn" "-e" "CARGO_HOME=/opt/rustwide/cargo-home" "-e" "RUSTUP_HOME=/opt/rustwide/rustup-home" "-w" "/opt/rustwide/workdir" "-m" "1610612736" "--user" "0:0" "--network" "none" "ghcr.io/rust-lang/crates-build-env/linux@sha256:a89201d6b5b9fd45c15d5952ece0a0129e7e80cb26ec023fd59cf09bc26f1604" "/opt/rustwide/cargo-home/bin/cargo" "+beta-2021-10-15" "check" "--frozen" "--all" "--all-targets" "--message-format=json", kill_on_drop: false }`
[INFO] [stderr] WARNING: Your kernel does not support swap limit capabilities or the cgroup is not mounted. Memory limited without swap.
[INFO] [stdout] 47ea2d460263226c27af31fcbf8da5719e409d619d6f2fdc98466c30c6e90e9a
[INFO] running `Command { std: "docker" "start" "-a" "47ea2d460263226c27af31fcbf8da5719e409d619d6f2fdc98466c30c6e90e9a", kill_on_drop: false }`
[INFO] [stderr]    Compiling libc v0.2.103
[INFO] [stderr]    Compiling log v0.4.14
[INFO] [stderr]    Compiling crossbeam-epoch v0.9.5
[INFO] [stderr]    Compiling metrics v0.14.2
[INFO] [stderr]    Compiling zstd-safe v4.1.0+zstd.1.5.0
[INFO] [stderr]    Compiling mysql v20.1.0
[INFO] [stderr]    Compiling sysinfo v0.17.5
[INFO] [stderr]     Checking atomic-shim v0.1.0
[INFO] [stderr]     Checking bufstream v0.1.4
[INFO] [stderr]     Checking sketches-ddsketch v0.1.2
[INFO] [stderr]    Compiling parquet v4.4.0
[INFO] [stderr]     Checking murmur3 v0.5.1
[INFO] [stderr]    Compiling num-bigint v0.2.6
[INFO] [stderr]    Compiling io-enum v0.2.6
[INFO] [stderr]    Compiling time v0.2.27
[INFO] [stderr]     Checking raw-cpuid v9.1.1
[INFO] [stderr]     Checking serbuffer v1.3.3
[INFO] [stderr]     Checking ordered-float v2.8.0
[INFO] [stderr]     Checking ordered-float v1.1.1
[INFO] [stderr]     Checking lexical v5.2.2
[INFO] [stderr]     Checking num-bigint v0.4.2
[INFO] [stderr]    Compiling derive_utils v0.11.2
[INFO] [stderr]    Compiling multiversion-macros v0.6.1
[INFO] [stderr]    Compiling derivative v2.2.0
[INFO] [stderr]    Compiling rlink-derive v0.3.0
[INFO] [stderr]     Checking pem v0.8.3
[INFO] [stderr]    Compiling metrics-macros v0.2.0
[INFO] [stderr]     Checking serde v1.0.130
[INFO] [stderr]     Checking flatbuffers v0.8.4
[INFO] [stderr]     Checking crossbeam-deque v0.8.1
[INFO] [stderr]     Checking crossbeam v0.8.1
[INFO] [stderr]     Checking num-rational v0.4.0
[INFO] [stderr]     Checking num v0.4.0
[INFO] [stderr]    Compiling jobserver v0.1.24
[INFO] [stderr]     Checking multiversion v0.6.1
[INFO] [stderr]     Checking getrandom v0.2.3
[INFO] [stderr]     Checking num_cpus v1.13.0
[INFO] [stderr]     Checking getrandom v0.1.16
[INFO] [stderr]     Checking time v0.1.43
[INFO] [stderr]     Checking parking_lot_core v0.8.5
[INFO] [stderr]     Checking socket2 v0.4.2
[INFO] [stderr]     Checking nix v0.19.1
[INFO] [stderr]     Checking quanta v0.7.2
[INFO] [stderr]     Checking socket2 v0.3.19
[INFO] [stderr]     Checking thread-id v3.3.0
[INFO] [stderr]     Checking thread-id v4.0.0
[INFO] [stderr]     Checking hostname v0.3.1
[INFO] [stderr]     Checking rayon-core v1.9.1
[INFO] [stderr]     Checking threadpool v1.8.1
[INFO] [stderr]     Checking dashmap v4.0.2
[INFO] [stderr]    Compiling cc v1.0.71
[INFO] [stderr]     Checking rand_core v0.5.1
[INFO] [stderr]     Checking ahash v0.7.6
[INFO] [stderr]     Checking rand_core v0.6.3
[INFO] [stderr]     Checking dns-lookup v1.0.8
[INFO] [stderr]     Checking parking_lot v0.11.2
[INFO] [stderr]     Checking rand_chacha v0.2.2
[INFO] [stderr]     Checking hashbrown v0.11.2
[INFO] [stderr]     Checking rand_chacha v0.3.1
[INFO] [stderr]     Checking rand v0.7.3
[INFO] [stderr]     Checking rayon v1.5.1
[INFO] [stderr]     Checking rand v0.8.4
[INFO] [stderr]     Checking chrono v0.4.19
[INFO] [stderr]     Checking rust_decimal v1.16.0
[INFO] [stderr]     Checking bigdecimal v0.1.2
[INFO] [stderr]     Checking bstr v0.2.17
[INFO] [stderr]     Checking serde-value v0.7.0
[INFO] [stderr]     Checking indexmap v1.7.0
[INFO] [stderr]     Checking lru v0.6.6
[INFO] [stderr]    Compiling openssl-sys v0.9.67
[INFO] [stderr]    Compiling libz-sys v1.1.3
[INFO] [stderr]    Compiling zstd-sys v1.6.0+zstd.1.5.0
[INFO] [stderr]    Compiling lz4-sys v1.9.2
[INFO] [stderr]    Compiling backtrace v0.3.61
[INFO] [stderr]     Checking mio v0.7.13
[INFO] [stderr]     Checking want v0.3.0
[INFO] [stderr]     Checking thrift v0.13.0
[INFO] [stderr]     Checking csv v1.1.6
[INFO] [stderr]     Checking serde_json v1.0.68
[INFO] [stderr]     Checking petgraph v0.5.1
[INFO] [stderr]     Checking serde_yaml v0.8.21
[INFO] [stderr]     Checking metrics-util v0.6.2
[INFO] [stderr]     Checking twox-hash v1.6.1
[INFO] [stderr]     Checking tokio v1.12.0
[INFO] [stderr]     Checking parquet-format v2.6.1
[INFO] [stderr]     Checking flate2 v1.0.22
[INFO] [stderr]    Compiling openssl v0.10.36
[INFO] [stderr]    Compiling native-tls v0.2.8
[INFO] [stderr]     Checking arrow v4.4.0
[INFO] [stderr]     Checking log4rs v1.0.0
[INFO] [stderr]     Checking mysql_common v0.24.1
[INFO] [stderr]     Checking daggy v0.7.0
[INFO] [stderr]     Checking tokio-util v0.6.8
[INFO] [stderr]     Checking hyper v0.14.13
[INFO] [stderr]     Checking lz4 v1.23.2
[INFO] [stderr]     Checking rlink v0.5.12
[INFO] [stdout] error[E0531]: cannot find unit struct, unit variant or constant `BYTES` in module `types`
[INFO] [stdout]   --> /opt/rustwide/cargo-home/registry/src/github.com-1ecc6299db9ec823/rlink-0.5.12/src/functions/schema_base/print_output_format.rs:50:24
[INFO] [stdout]    |
[INFO] [stdout] 50 |                 types::BYTES => match reader.get_str(i) {
[INFO] [stdout]    |                        ^^^^^ not found in `types`
[INFO] [stdout] 
[INFO] [stdout] 
[INFO] [stdout] error[E0425]: cannot find value `BYTES` in module `types`
[INFO] [stdout]    --> /opt/rustwide/cargo-home/registry/src/github.com-1ecc6299db9ec823/rlink-0.5.12/src/functions/schema_base/reduce.rs:340:16
[INFO] [stdout]     |
[INFO] [stdout] 340 |         types::BYTES
[INFO] [stdout]     |                ^^^^^ not found in `types`
[INFO] [stdout] 
[INFO] [stdout] 
[INFO] [stdout] error[E0425]: cannot find value `BYTES` in module `types`
[INFO] [stdout]    --> /opt/rustwide/cargo-home/registry/src/github.com-1ecc6299db9ec823/rlink-0.5.12/src/functions/schema_base/reduce.rs:395:45
[INFO] [stdout]     |
[INFO] [stdout] 395 |                 if agg.agg_type() != types::BYTES
[INFO] [stdout]     |                                             ^^^^^ not found in `types`
[INFO] [stdout] 
[INFO] [stdout] 
[INFO] [stdout] error[E0624]: associated function `get_bytes` is private
[INFO] [stdout]    --> /opt/rustwide/cargo-home/registry/src/github.com-1ecc6299db9ec823/rlink-0.5.12/src/functions/schema_base/print_output_format.rs:52:55
[INFO] [stdout]     |
[INFO] [stdout] 52  |                     Err(_e) => format!("{:?}", reader.get_bytes(i).unwrap()),
[INFO] [stdout]     |                                                       ^^^^^^^^^ private associated function
[INFO] [stdout]     |
[INFO] [stdout]    ::: /opt/rustwide/cargo-home/registry/src/github.com-1ecc6299db9ec823/serbuffer-1.3.3/src/reader.rs:207:5
[INFO] [stdout]     |
[INFO] [stdout] 207 |     fn get_bytes(&self, index: usize, data_type_id: u8) -> Result<&'a [u8], std::io::Error> {
[INFO] [stdout]     |     --------------------------------------------------------------------------------------- private associated function defined here
[INFO] [stdout] 
[INFO] [stdout] 
[INFO] [stdout] error[E0624]: associated function `get_bytes_mut` is private
[INFO] [stdout]    --> /opt/rustwide/cargo-home/registry/src/github.com-1ecc6299db9ec823/rlink-0.5.12/src/functions/schema_base/reduce.rs:361:47
[INFO] [stdout]     |
[INFO] [stdout] 361 |                   let stat_value = value_reader.get_bytes_mut(value_index).unwrap();
[INFO] [stdout]     |                                                 ^^^^^^^^^^^^^ private associated function
[INFO] [stdout]     |
[INFO] [stdout]    ::: /opt/rustwide/cargo-home/registry/src/github.com-1ecc6299db9ec823/serbuffer-1.3.3/src/reader.rs:454:5
[INFO] [stdout]     |
[INFO] [stdout] 454 | /     fn get_bytes_mut(
[INFO] [stdout] 455 | |         &mut self,
[INFO] [stdout] 456 | |         index: usize,
[INFO] [stdout] 457 | |         data_type_id: u8,
[INFO] [stdout] 458 | |     ) -> Result<&mut [u8], std::io::Error> {
[INFO] [stdout]     | |__________________________________________- private associated function defined here
[INFO] [stdout] 
[INFO] [stdout] 
[INFO] [stdout] error[E0624]: associated function `set_bytes` is private
[INFO] [stdout]    --> /opt/rustwide/cargo-home/registry/src/github.com-1ecc6299db9ec823/rlink-0.5.12/src/functions/schema_base/reduce.rs:366:24
[INFO] [stdout]     |
[INFO] [stdout] 366 |                 writer.set_bytes(stat_value).unwrap();
[INFO] [stdout]     |                        ^^^^^^^^^ private associated function
[INFO] [stdout]     |
[INFO] [stdout]    ::: /opt/rustwide/cargo-home/registry/src/github.com-1ecc6299db9ec823/serbuffer-1.3.3/src/writer.rs:149:5
[INFO] [stdout]     |
[INFO] [stdout] 149 |     fn set_bytes(&mut self, value: &[u8], data_type_id: u8) -> Result<(), std::io::Error> {
[INFO] [stdout]     |     ------------------------------------------------------------------------------------- private associated function defined here
[INFO] [stdout] 
[INFO] [stdout] 
[INFO] [stdout] error[E0624]: associated function `set_bytes` is private
[INFO] [stdout]    --> /opt/rustwide/cargo-home/registry/src/github.com-1ecc6299db9ec823/rlink-0.5.12/src/functions/schema_base/reduce.rs:374:24
[INFO] [stdout]     |
[INFO] [stdout] 374 |                 writer.set_bytes(count_container.as_slice()).unwrap();
[INFO] [stdout]     |                        ^^^^^^^^^ private associated function
[INFO] [stdout]     |
[INFO] [stdout]    ::: /opt/rustwide/cargo-home/registry/src/github.com-1ecc6299db9ec823/serbuffer-1.3.3/src/writer.rs:149:5
[INFO] [stdout]     |
[INFO] [stdout] 149 |     fn set_bytes(&mut self, value: &[u8], data_type_id: u8) -> Result<(), std::io::Error> {
[INFO] [stdout]     |     ------------------------------------------------------------------------------------- private associated function defined here
[INFO] [stdout] 
[INFO] [stdout] 
[INFO] [stdout] error: aborting due to 7 previous errors
[INFO] [stdout] 
[INFO] [stdout] 
[INFO] [stdout] Some errors have detailed explanations: E0425, E0531, E0624.
[INFO] [stdout] 
[INFO] [stdout] For more information about an error, try `rustc --explain E0425`.
[INFO] [stdout] 
[INFO] [stderr] error: could not compile `rlink` due to 8 previous errors
[INFO] [stderr] warning: build failed, waiting for other jobs to finish...
[INFO] [stderr] error: build failed
[INFO] running `Command { std: "docker" "inspect" "47ea2d460263226c27af31fcbf8da5719e409d619d6f2fdc98466c30c6e90e9a", kill_on_drop: false }`
[INFO] running `Command { std: "docker" "rm" "-f" "47ea2d460263226c27af31fcbf8da5719e409d619d6f2fdc98466c30c6e90e9a", kill_on_drop: false }`
[INFO] [stdout] 47ea2d460263226c27af31fcbf8da5719e409d619d6f2fdc98466c30c6e90e9a
