[INFO] fetching crate rlink-connector-elasticsearch 0.6.1...
[INFO] checking rlink-connector-elasticsearch-0.6.1 against 1.55.0 for beta-1.56-3
[INFO] extracting crate rlink-connector-elasticsearch 0.6.1 into /workspace/builds/worker-2/source
[INFO] validating manifest of crates.io crate rlink-connector-elasticsearch 0.6.1 on toolchain 1.55.0
[INFO] running `Command { std: "/workspace/cargo-home/bin/cargo" "+1.55.0" "metadata" "--manifest-path" "Cargo.toml" "--no-deps", kill_on_drop: false }`
[INFO] started tweaking crates.io crate rlink-connector-elasticsearch 0.6.1
[INFO] finished tweaking crates.io crate rlink-connector-elasticsearch 0.6.1
[INFO] tweaked toml for crates.io crate rlink-connector-elasticsearch 0.6.1 written to /workspace/builds/worker-2/source/Cargo.toml
[INFO] running `Command { std: "/workspace/cargo-home/bin/cargo" "+1.55.0" "generate-lockfile" "--manifest-path" "Cargo.toml" "-Zno-index-update", kill_on_drop: false }`
[INFO] running `Command { std: "/workspace/cargo-home/bin/cargo" "+1.55.0" "fetch" "--manifest-path" "Cargo.toml", kill_on_drop: false }`
[INFO] [stderr]     Blocking waiting for file lock on package cache
[INFO] running `Command { std: "docker" "create" "-v" "/var/lib/crater-agent-workspace/builds/worker-2/target:/opt/rustwide/target:rw,Z" "-v" "/var/lib/crater-agent-workspace/builds/worker-2/source:/opt/rustwide/workdir:ro,Z" "-v" "/var/lib/crater-agent-workspace/cargo-home:/opt/rustwide/cargo-home:ro,Z" "-v" "/var/lib/crater-agent-workspace/rustup-home:/opt/rustwide/rustup-home:ro,Z" "-e" "SOURCE_DIR=/opt/rustwide/workdir" "-e" "CARGO_TARGET_DIR=/opt/rustwide/target" "-e" "CARGO_HOME=/opt/rustwide/cargo-home" "-e" "RUSTUP_HOME=/opt/rustwide/rustup-home" "-w" "/opt/rustwide/workdir" "-m" "1610612736" "--user" "0:0" "--network" "none" "ghcr.io/rust-lang/crates-build-env/linux@sha256:a89201d6b5b9fd45c15d5952ece0a0129e7e80cb26ec023fd59cf09bc26f1604" "/opt/rustwide/cargo-home/bin/cargo" "+1.55.0" "metadata" "--no-deps" "--format-version=1", kill_on_drop: false }`
[INFO] [stdout] 28e7667d62c86f7e7e04116d964e672b5c9364039799ba04f98453308d408ddc
[INFO] [stderr] WARNING: Your kernel does not support swap limit capabilities or the cgroup is not mounted. Memory limited without swap.
[INFO] running `Command { std: "docker" "start" "-a" "28e7667d62c86f7e7e04116d964e672b5c9364039799ba04f98453308d408ddc", kill_on_drop: false }`
[INFO] running `Command { std: "docker" "inspect" "28e7667d62c86f7e7e04116d964e672b5c9364039799ba04f98453308d408ddc", kill_on_drop: false }`
[INFO] running `Command { std: "docker" "rm" "-f" "28e7667d62c86f7e7e04116d964e672b5c9364039799ba04f98453308d408ddc", kill_on_drop: false }`
[INFO] [stdout] 28e7667d62c86f7e7e04116d964e672b5c9364039799ba04f98453308d408ddc
[INFO] running `Command { std: "docker" "create" "-v" "/var/lib/crater-agent-workspace/builds/worker-2/target:/opt/rustwide/target:rw,Z" "-v" "/var/lib/crater-agent-workspace/builds/worker-2/source:/opt/rustwide/workdir:ro,Z" "-v" "/var/lib/crater-agent-workspace/cargo-home:/opt/rustwide/cargo-home:ro,Z" "-v" "/var/lib/crater-agent-workspace/rustup-home:/opt/rustwide/rustup-home:ro,Z" "-e" "SOURCE_DIR=/opt/rustwide/workdir" "-e" "CARGO_TARGET_DIR=/opt/rustwide/target" "-e" "CARGO_INCREMENTAL=0" "-e" "RUST_BACKTRACE=full" "-e" "RUSTFLAGS=--cap-lints=warn" "-e" "CARGO_HOME=/opt/rustwide/cargo-home" "-e" "RUSTUP_HOME=/opt/rustwide/rustup-home" "-w" "/opt/rustwide/workdir" "-m" "1610612736" "--user" "0:0" "--network" "none" "ghcr.io/rust-lang/crates-build-env/linux@sha256:a89201d6b5b9fd45c15d5952ece0a0129e7e80cb26ec023fd59cf09bc26f1604" "/opt/rustwide/cargo-home/bin/cargo" "+1.55.0" "check" "--frozen" "--all" "--all-targets" "--message-format=json", kill_on_drop: false }`
[INFO] [stdout] a167277f7927b00fe8e0b117ba2d74434ee5efff9f6700768bed657a9023a958
[INFO] [stderr] WARNING: Your kernel does not support swap limit capabilities or the cgroup is not mounted. Memory limited without swap.
[INFO] running `Command { std: "docker" "start" "-a" "a167277f7927b00fe8e0b117ba2d74434ee5efff9f6700768bed657a9023a958", kill_on_drop: false }`
[INFO] [stderr]    Compiling libc v0.2.103
[INFO] [stderr]    Compiling log v0.4.14
[INFO] [stderr]    Compiling crossbeam-epoch v0.9.5
[INFO] [stderr]    Compiling lexical-core v0.7.6
[INFO] [stderr]    Compiling metrics v0.14.2
[INFO] [stderr]    Compiling mysql v20.1.0
[INFO] [stderr]    Compiling sysinfo v0.17.5
[INFO] [stderr]     Checking atomic-shim v0.1.0
[INFO] [stderr]     Checking sketches-ddsketch v0.1.2
[INFO] [stderr]     Checking murmur3 v0.5.1
[INFO] [stderr]    Compiling tokio v1.12.0
[INFO] [stderr]    Compiling num-bigint v0.2.6
[INFO] [stderr]    Compiling io-enum v0.2.6
[INFO] [stderr]    Compiling libz-sys v1.1.3
[INFO] [stderr]     Checking raw-cpuid v9.1.1
[INFO] [stderr]     Checking serbuffer v1.3.3
[INFO] [stderr]    Compiling elasticsearch v7.12.1-alpha.1
[INFO] [stderr]     Checking ordered-float v2.8.0
[INFO] [stderr]    Compiling tokio-macros v1.5.0
[INFO] [stderr]    Compiling futures-macro v0.3.17
[INFO] [stderr]    Compiling time-macros-impl v0.1.2
[INFO] [stderr]    Compiling derive_utils v0.11.2
[INFO] [stderr]    Compiling rlink-derive v0.3.0
[INFO] [stderr]     Checking pem v0.8.3
[INFO] [stderr]    Compiling metrics-macros v0.2.0
[INFO] [stderr]     Checking rust_decimal v1.16.0
[INFO] [stderr]     Checking serde-value v0.7.0
[INFO] [stderr]     Checking crossbeam-deque v0.8.1
[INFO] [stderr]     Checking want v0.3.0
[INFO] [stderr]     Checking crossbeam v0.8.1
[INFO] [stderr]     Checking time-macros v0.1.1
[INFO] [stderr]     Checking bigdecimal v0.1.2
[INFO] [stderr]     Checking futures-util v0.3.17
[INFO] [stderr]     Checking lexical v5.2.2
[INFO] [stderr]     Checking getrandom v0.2.3
[INFO] [stderr]     Checking num_cpus v1.13.0
[INFO] [stderr]     Checking mio v0.7.13
[INFO] [stderr]     Checking openssl-sys v0.9.67
[INFO] [stderr]     Checking flate2 v1.0.22
[INFO] [stderr]     Checking getrandom v0.1.16
[INFO] [stderr]     Checking socket2 v0.4.2
[INFO] [stderr]     Checking time v0.1.43
[INFO] [stderr]     Checking parking_lot_core v0.8.5
[INFO] [stderr]     Checking time v0.2.27
[INFO] [stderr]     Checking nix v0.19.1
[INFO] [stderr]     Checking thread-id v3.3.0
[INFO] [stderr]     Checking quanta v0.7.2
[INFO] [stderr]     Checking socket2 v0.3.19
[INFO] [stderr]     Checking backtrace v0.3.61
[INFO] [stderr]     Checking hostname v0.3.1
[INFO] [stderr]     Checking thread-id v4.0.0
[INFO] [stderr]     Checking ahash v0.7.6
[INFO] [stderr]     Checking rand_core v0.6.3
[INFO] [stderr]     Checking rayon-core v1.9.1
[INFO] [stderr]     Checking dashmap v4.0.2
[INFO] [stderr]     Checking rand_core v0.5.1
[INFO] [stderr]     Checking dns-lookup v1.0.8
[INFO] [stderr]     Checking parking_lot v0.11.2
[INFO] [stderr]     Checking chrono v0.4.19
[INFO] [stderr]     Checking hashbrown v0.11.2
[INFO] [stderr]     Checking rand_chacha v0.3.1
[INFO] [stderr]     Checking rand_chacha v0.2.2
[INFO] [stderr]     Checking rand v0.7.3
[INFO] [stderr]     Checking openssl v0.10.36
[INFO] [stderr]     Checking rand v0.8.4
[INFO] [stderr]     Checking rayon v1.5.1
[INFO] [stderr]     Checking indexmap v1.7.0
[INFO] [stderr]     Checking lru v0.6.6
[INFO] [stderr]     Checking serde_yaml v0.8.21
[INFO] [stderr]     Checking petgraph v0.5.1
[INFO] [stderr]     Checking metrics-util v0.6.2
[INFO] [stderr]     Checking twox-hash v1.6.1
[INFO] [stderr]     Checking mysql_common v0.24.1
[INFO] [stderr]     Checking log4rs v1.0.0
[INFO] [stderr]     Checking futures-executor v0.3.17
[INFO] [stderr]     Checking daggy v0.7.0
[INFO] [stderr]     Checking futures v0.3.17
[INFO] [stderr]     Checking native-tls v0.2.8
[INFO] [stderr]     Checking tokio-util v0.6.8
[INFO] [stderr]     Checking tokio-native-tls v0.3.0
[INFO] [stderr]     Checking async-compression v0.3.8
[INFO] [stderr]     Checking h2 v0.3.6
[INFO] [stderr]     Checking hyper v0.14.13
[INFO] [stderr]     Checking hyper-tls v0.5.0
[INFO] [stderr]     Checking rlink v0.6.16
[INFO] [stderr]     Checking reqwest v0.11.5
[INFO] [stderr]     Checking rlink-connector-elasticsearch v0.6.1 (/opt/rustwide/workdir)
[INFO] [stdout] error[E0433]: failed to resolve: could not find `types` in `element`
[INFO] [stdout]   --> src/lib.rs:12:27
[INFO] [stdout]    |
[INFO] [stdout] 12 |     rlink::core::element::types::BYTES,
[INFO] [stdout]    |                           ^^^^^ could not find `types` in `element`
[INFO] [stdout] 
[INFO] [stdout] 
[INFO] [stdout] error[E0433]: failed to resolve: could not find `types` in `element`
[INFO] [stdout]   --> src/lib.rs:14:27
[INFO] [stdout]    |
[INFO] [stdout] 14 |     rlink::core::element::types::BYTES,
[INFO] [stdout]    |                           ^^^^^ could not find `types` in `element`
[INFO] [stdout] 
[INFO] [stdout] 
[INFO] [stdout] error[E0433]: failed to resolve: could not find `types` in `element`
[INFO] [stdout]   --> src/lib.rs:12:27
[INFO] [stdout]    |
[INFO] [stdout] 12 |     rlink::core::element::types::BYTES,
[INFO] [stdout]    |                           ^^^^^ could not find `types` in `element`
[INFO] [stdout] 
[INFO] [stdout] 
[INFO] [stdout] error[E0433]: failed to resolve: could not find `types` in `element`
[INFO] [stdout]   --> src/lib.rs:14:27
[INFO] [stdout]    |
[INFO] [stdout] 14 |     rlink::core::element::types::BYTES,
[INFO] [stdout]    |                           ^^^^^ could not find `types` in `element`
[INFO] [stdout] 
[INFO] [stdout] 
[INFO] [stdout] error[E0277]: `Handover` doesn't implement `std::fmt::Debug`
[INFO] [stdout]   --> src/elasticsearch_sink.rs:63:5
[INFO] [stdout]    |
[INFO] [stdout] 57 | #[derive(Debug, NamedFunction)]
[INFO] [stdout]    |          ----- in this derive macro expansion
[INFO] [stdout] ...
[INFO] [stdout] 63 |     handover: Option<Handover>,
[INFO] [stdout]    |     ^^^^^^^^^^^^^^^^^^^^^^^^^^ `Handover` cannot be formatted using `{:?}` because it doesn't implement `std::fmt::Debug`
[INFO] [stdout]    |
[INFO] [stdout]    = help: the trait `std::fmt::Debug` is not implemented for `Handover`
[INFO] [stdout]    = note: this error originates in the derive macro `Debug` (in Nightly builds, run with -Z macro-backtrace for more info)
[INFO] [stdout] 
[INFO] [stdout] 
[INFO] [stdout] error: aborting due to 3 previous errors
[INFO] [stdout] 
[INFO] [stdout] 
[INFO] [stdout] Some errors have detailed explanations: E0277, E0433.
[INFO] [stdout] 
[INFO] [stdout] For more information about an error, try `rustc --explain E0277`.
[INFO] [stdout] 
[INFO] [stderr] error: could not compile `rlink-connector-elasticsearch` due to 4 previous errors
[INFO] [stderr] warning: build failed, waiting for other jobs to finish...
[INFO] [stdout] error[E0277]: `Handover` doesn't implement `std::fmt::Debug`
[INFO] [stdout]   --> src/elasticsearch_sink.rs:63:5
[INFO] [stdout]    |
[INFO] [stdout] 57 | #[derive(Debug, NamedFunction)]
[INFO] [stdout]    |          ----- in this derive macro expansion
[INFO] [stdout] ...
[INFO] [stdout] 63 |     handover: Option<Handover>,
[INFO] [stdout]    |     ^^^^^^^^^^^^^^^^^^^^^^^^^^ `Handover` cannot be formatted using `{:?}` because it doesn't implement `std::fmt::Debug`
[INFO] [stdout]    |
[INFO] [stdout]    = help: the trait `std::fmt::Debug` is not implemented for `Handover`
[INFO] [stdout]    = note: this error originates in the derive macro `Debug` (in Nightly builds, run with -Z macro-backtrace for more info)
[INFO] [stdout] 
[INFO] [stdout] 
[INFO] [stdout] error: aborting due to 3 previous errors
[INFO] [stdout] 
[INFO] [stdout] 
[INFO] [stdout] Some errors have detailed explanations: E0277, E0433.
[INFO] [stdout] 
[INFO] [stdout] For more information about an error, try `rustc --explain E0277`.
[INFO] [stdout] 
[INFO] [stderr] error: build failed
[INFO] running `Command { std: "docker" "inspect" "a167277f7927b00fe8e0b117ba2d74434ee5efff9f6700768bed657a9023a958", kill_on_drop: false }`
[INFO] running `Command { std: "docker" "rm" "-f" "a167277f7927b00fe8e0b117ba2d74434ee5efff9f6700768bed657a9023a958", kill_on_drop: false }`
[INFO] [stdout] a167277f7927b00fe8e0b117ba2d74434ee5efff9f6700768bed657a9023a958
