[INFO] fetching crate rips-packets 0.1.0...
[INFO] checking rips-packets-0.1.0 against beta-2021-10-15 for beta-1.56-3
[INFO] extracting crate rips-packets 0.1.0 into /workspace/builds/worker-6/source
[INFO] validating manifest of crates.io crate rips-packets 0.1.0 on toolchain beta-2021-10-15
[INFO] running `Command { std: "/workspace/cargo-home/bin/cargo" "+beta-2021-10-15" "metadata" "--manifest-path" "Cargo.toml" "--no-deps", kill_on_drop: false }`
[INFO] started tweaking crates.io crate rips-packets 0.1.0
[INFO] finished tweaking crates.io crate rips-packets 0.1.0
[INFO] tweaked toml for crates.io crate rips-packets 0.1.0 written to /workspace/builds/worker-6/source/Cargo.toml
[INFO] running `Command { std: "/workspace/cargo-home/bin/cargo" "+beta-2021-10-15" "generate-lockfile" "--manifest-path" "Cargo.toml" "-Zno-index-update", kill_on_drop: false }`
[INFO] running `Command { std: "/workspace/cargo-home/bin/cargo" "+beta-2021-10-15" "fetch" "--manifest-path" "Cargo.toml", kill_on_drop: false }`
[INFO] running `Command { std: "docker" "create" "-v" "/var/lib/crater-agent-workspace/builds/worker-6/target:/opt/rustwide/target:rw,Z" "-v" "/var/lib/crater-agent-workspace/builds/worker-6/source:/opt/rustwide/workdir:ro,Z" "-v" "/var/lib/crater-agent-workspace/cargo-home:/opt/rustwide/cargo-home:ro,Z" "-v" "/var/lib/crater-agent-workspace/rustup-home:/opt/rustwide/rustup-home:ro,Z" "-e" "SOURCE_DIR=/opt/rustwide/workdir" "-e" "CARGO_TARGET_DIR=/opt/rustwide/target" "-e" "CARGO_HOME=/opt/rustwide/cargo-home" "-e" "RUSTUP_HOME=/opt/rustwide/rustup-home" "-w" "/opt/rustwide/workdir" "-m" "1610612736" "--user" "0:0" "--network" "none" "ghcr.io/rust-lang/crates-build-env/linux@sha256:a89201d6b5b9fd45c15d5952ece0a0129e7e80cb26ec023fd59cf09bc26f1604" "/opt/rustwide/cargo-home/bin/cargo" "+beta-2021-10-15" "metadata" "--no-deps" "--format-version=1", kill_on_drop: false }`
[INFO] [stdout] 3b859ff08bc5680f120319b3542e7c715ce9ecbe146d6636b520d60a7c7ac984
[INFO] [stderr] WARNING: Your kernel does not support swap limit capabilities or the cgroup is not mounted. Memory limited without swap.
[INFO] running `Command { std: "docker" "start" "-a" "3b859ff08bc5680f120319b3542e7c715ce9ecbe146d6636b520d60a7c7ac984", kill_on_drop: false }`
[INFO] running `Command { std: "docker" "inspect" "3b859ff08bc5680f120319b3542e7c715ce9ecbe146d6636b520d60a7c7ac984", kill_on_drop: false }`
[INFO] running `Command { std: "docker" "rm" "-f" "3b859ff08bc5680f120319b3542e7c715ce9ecbe146d6636b520d60a7c7ac984", kill_on_drop: false }`
[INFO] [stdout] 3b859ff08bc5680f120319b3542e7c715ce9ecbe146d6636b520d60a7c7ac984
[INFO] running `Command { std: "docker" "create" "-v" "/var/lib/crater-agent-workspace/builds/worker-6/target:/opt/rustwide/target:rw,Z" "-v" "/var/lib/crater-agent-workspace/builds/worker-6/source:/opt/rustwide/workdir:ro,Z" "-v" "/var/lib/crater-agent-workspace/cargo-home:/opt/rustwide/cargo-home:ro,Z" "-v" "/var/lib/crater-agent-workspace/rustup-home:/opt/rustwide/rustup-home:ro,Z" "-e" "SOURCE_DIR=/opt/rustwide/workdir" "-e" "CARGO_TARGET_DIR=/opt/rustwide/target" "-e" "CARGO_INCREMENTAL=0" "-e" "RUST_BACKTRACE=full" "-e" "RUSTFLAGS=--cap-lints=warn" "-e" "CARGO_HOME=/opt/rustwide/cargo-home" "-e" "RUSTUP_HOME=/opt/rustwide/rustup-home" "-w" "/opt/rustwide/workdir" "-m" "1610612736" "--user" "0:0" "--network" "none" "ghcr.io/rust-lang/crates-build-env/linux@sha256:a89201d6b5b9fd45c15d5952ece0a0129e7e80cb26ec023fd59cf09bc26f1604" "/opt/rustwide/cargo-home/bin/cargo" "+beta-2021-10-15" "check" "--frozen" "--all" "--all-targets" "--message-format=json", kill_on_drop: false }`
[INFO] [stdout] 401cae695a9ca5b3f6ba4fe4d53143daf75b13e7a071be840ec7d85678cc3f61
[INFO] [stderr] WARNING: Your kernel does not support swap limit capabilities or the cgroup is not mounted. Memory limited without swap.
[INFO] running `Command { std: "docker" "start" "-a" "401cae695a9ca5b3f6ba4fe4d53143daf75b13e7a071be840ec7d85678cc3f61", kill_on_drop: false }`
[INFO] [stderr]     Checking rips-packets v0.1.0 (/opt/rustwide/workdir)
[INFO] [stdout] warning: trait objects without an explicit `dyn` are deprecated
[INFO] [stdout]    --> src/ethernet/macaddr.rs:115:19
[INFO] [stdout]     |
[INFO] [stdout] 115 |         (self as &fmt::Display).fmt(f)
[INFO] [stdout]     |                   ^^^^^^^^^^^^ help: use `dyn`: `dyn fmt::Display`
[INFO] [stdout]     |
[INFO] [stdout]     = note: `#[warn(bare_trait_objects)]` on by default
[INFO] [stdout]     = warning: this is accepted in the current edition (Rust 2015) but is a hard error in Rust 2021!
[INFO] [stdout]     = note: for more information, see <https://doc.rust-lang.org/nightly/edition-guide/rust-2021/warnings-promoted-to-error.html>
[INFO] [stdout] 
[INFO] [stdout] 
[INFO] [stdout] warning: trait objects without an explicit `dyn` are deprecated
[INFO] [stdout]    --> src/ethernet/macaddr.rs:115:19
[INFO] [stdout]     |
[INFO] [stdout] 115 |         (self as &fmt::Display).fmt(f)
[INFO] [stdout]     |                   ^^^^^^^^^^^^ help: use `dyn`: `dyn fmt::Display`
[INFO] [stdout]     |
[INFO] [stdout]     = note: `#[warn(bare_trait_objects)]` on by default
[INFO] [stdout]     = warning: this is accepted in the current edition (Rust 2015) but is a hard error in Rust 2021!
[INFO] [stdout]     = note: for more information, see <https://doc.rust-lang.org/nightly/edition-guide/rust-2021/warnings-promoted-to-error.html>
[INFO] [stdout] 
[INFO] [stdout] 
[INFO] [stdout] warning: use of deprecated associated function `std::error::Error::description`: use the Display impl or to_string()
[INFO] [stdout]   --> src/ethernet/macaddr.rs:10:14
[INFO] [stdout]    |
[INFO] [stdout] 10 |         self.description().fmt(f)
[INFO] [stdout]    |              ^^^^^^^^^^^
[INFO] [stdout]    |
[INFO] [stdout]    = note: `#[warn(deprecated)]` on by default
[INFO] [stdout] 
[INFO] [stdout] 
[INFO] [stdout] warning: use of deprecated associated function `std::error::Error::description`: use the Display impl or to_string()
[INFO] [stdout]   --> src/ethernet/macaddr.rs:10:14
[INFO] [stdout]    |
[INFO] [stdout] 10 |         self.description().fmt(f)
[INFO] [stdout]    |              ^^^^^^^^^^^
[INFO] [stdout]    |
[INFO] [stdout]    = note: `#[warn(deprecated)]` on by default
[INFO] [stdout] 
[INFO] [stdout] 
[INFO] [stdout] warning: 2 warnings emitted
[INFO] [stdout] 
[INFO] [stdout] 
[INFO] [stdout] error[E0432]: unresolved import `rips_packets::ethernet::ether_types`
[INFO] [stdout]  --> benches/packet_headers.rs:6:49
[INFO] [stdout]   |
[INFO] [stdout] 6 | use rips_packets::ethernet::{MutEthernetPacket, ether_types};
[INFO] [stdout]   |                                                 ^^^^^^^^^^^ no `ether_types` in `ethernet`
[INFO] [stdout] 
[INFO] [stdout] 
[INFO] [stdout] error[E0432]: unresolved import `rips_packets::macaddr`
[INFO] [stdout]  --> benches/packet_headers.rs:8:19
[INFO] [stdout]   |
[INFO] [stdout] 8 | use rips_packets::macaddr::MacAddr;
[INFO] [stdout]   |                   ^^^^^^^ could not find `macaddr` in `rips_packets`
[INFO] [stdout] 
[INFO] [stdout] 
[INFO] [stdout] error[E0433]: failed to resolve: could not find `protocols` in `ipv4`
[INFO] [stdout]   --> benches/packet_headers.rs:41:45
[INFO] [stdout]    |
[INFO] [stdout] 41 |         packet.set_protocol(black_box(ipv4::protocols::UDP));
[INFO] [stdout]    |                                             ^^^^^^^^^ could not find `protocols` in `ipv4`
[INFO] [stdout] 
[INFO] [stdout] 
[INFO] [stdout] error[E0554]: `#![feature]` may not be used on the beta release channel
[INFO] [stdout]  --> benches/packet_headers.rs:1:1
[INFO] [stdout]   |
[INFO] [stdout] 1 | #![feature(test)]
[INFO] [stdout]   | ^^^^^^^^^^^^^^^^^
[INFO] [stdout] 
[INFO] [stdout] 
[INFO] [stdout] error[E0308]: mismatched types
[INFO] [stdout]   --> benches/packet_headers.rs:38:36
[INFO] [stdout]    |
[INFO] [stdout] 38 |         packet.set_flags(black_box(0b011));
[INFO] [stdout]    |                                    ^^^^^ expected struct `Flags`, found integer
[INFO] [stdout] 
[INFO] [stdout] 
[INFO] [stdout] error: aborting due to 5 previous errors
[INFO] [stdout] 
[INFO] [stdout] 
[INFO] [stdout] Some errors have detailed explanations: E0308, E0432, E0433, E0554.
[INFO] [stdout] 
[INFO] [stdout] For more information about an error, try `rustc --explain E0308`.
[INFO] [stdout] 
[INFO] [stderr] error: could not compile `rips-packets` due to 6 previous errors
[INFO] [stderr] warning: build failed, waiting for other jobs to finish...
[INFO] [stdout] warning: 2 warnings emitted
[INFO] [stdout] 
[INFO] [stdout] 
[INFO] [stderr] error: build failed
[INFO] running `Command { std: "docker" "inspect" "401cae695a9ca5b3f6ba4fe4d53143daf75b13e7a071be840ec7d85678cc3f61", kill_on_drop: false }`
[INFO] running `Command { std: "docker" "rm" "-f" "401cae695a9ca5b3f6ba4fe4d53143daf75b13e7a071be840ec7d85678cc3f61", kill_on_drop: false }`
[INFO] [stdout] 401cae695a9ca5b3f6ba4fe4d53143daf75b13e7a071be840ec7d85678cc3f61
