[INFO] fetching crate rfw-backend-wgpu 0.2.0...
[INFO] checking rfw-backend-wgpu-0.2.0 against beta-2021-10-15 for beta-1.56-3
[INFO] extracting crate rfw-backend-wgpu 0.2.0 into /workspace/builds/worker-8/source
[INFO] validating manifest of crates.io crate rfw-backend-wgpu 0.2.0 on toolchain beta-2021-10-15
[INFO] running `Command { std: "/workspace/cargo-home/bin/cargo" "+beta-2021-10-15" "metadata" "--manifest-path" "Cargo.toml" "--no-deps", kill_on_drop: false }`
[INFO] started tweaking crates.io crate rfw-backend-wgpu 0.2.0
[INFO] finished tweaking crates.io crate rfw-backend-wgpu 0.2.0
[INFO] tweaked toml for crates.io crate rfw-backend-wgpu 0.2.0 written to /workspace/builds/worker-8/source/Cargo.toml
[INFO] running `Command { std: "/workspace/cargo-home/bin/cargo" "+beta-2021-10-15" "generate-lockfile" "--manifest-path" "Cargo.toml" "-Zno-index-update", kill_on_drop: false }`
[INFO] [stderr]     Blocking waiting for file lock on package cache
[INFO] running `Command { std: "/workspace/cargo-home/bin/cargo" "+beta-2021-10-15" "fetch" "--manifest-path" "Cargo.toml", kill_on_drop: false }`
[INFO] [stderr]     Blocking waiting for file lock on package cache
[INFO] [stderr]     Blocking waiting for file lock on package cache
[INFO] [stderr]  Downloading crates ...
[INFO] [stderr]   Downloaded wgpu v0.9.0
[INFO] [stderr]   Downloaded wgpu-types v0.9.0
[INFO] [stderr]   Downloaded spirv_headers v1.5.0
[INFO] [stderr]   Downloaded gfx-backend-vulkan v0.9.0
[INFO] [stderr]   Downloaded renderdoc-sys v0.7.1
[INFO] [stderr]   Downloaded range-alloc v0.1.2
[INFO] [stderr]   Downloaded glow v0.9.0
[INFO] [stderr]   Downloaded d3d12 v0.4.1
[INFO] [stderr]   Downloaded shaderc v0.7.3
[INFO] [stderr]   Downloaded gfx-backend-dx11 v0.9.0
[INFO] [stderr]   Downloaded spirv-compiler v0.1.0
[INFO] [stderr]   Downloaded gfx-backend-empty v0.9.0
[INFO] [stderr]   Downloaded gfx-backend-dx12 v0.9.1
[INFO] [stderr]   Downloaded inplace_it v0.3.3
[INFO] [stderr]   Downloaded codespan-reporting v0.11.1
[INFO] [stderr]   Downloaded spirv_cross v0.23.1
[INFO] [stderr]   Downloaded rose_tree v0.2.0
[INFO] [stderr]   Downloaded thunderdome v0.4.2
[INFO] [stderr]   Downloaded slotmap v0.4.3
[INFO] [stderr]   Downloaded gfx-auxil v0.10.0
[INFO] [stderr]   Downloaded khronos-egl v4.1.0
[INFO] [stderr]   Downloaded gfx-backend-gl v0.9.0
[INFO] [stderr]   Downloaded storage-map v0.3.0
[INFO] [stderr]   Downloaded gfx-renderdoc v0.1.0
[INFO] [stderr]   Downloaded gfx-backend-metal v0.9.1
[INFO] [stderr]   Downloaded gpu-alloc-types v0.2.0
[INFO] [stderr]   Downloaded drm-fourcc v2.2.0
[INFO] [stderr]   Downloaded external-memory v0.0.1
[INFO] [stderr]   Downloaded gfx-hal v0.9.0
[INFO] [stderr]   Downloaded gpu-alloc v0.4.7
[INFO] [stderr]   Downloaded gpu-descriptor-types v0.1.1
[INFO] [stderr]   Downloaded gpu-descriptor v0.1.1
[INFO] [stderr]   Downloaded wgpu-core v0.9.2
[INFO] [stderr]   Downloaded naga v0.5.0
[INFO] [stderr]   Downloaded metal v0.23.1
[INFO] [stderr]   Downloaded shaderc-sys v0.7.3
[INFO] [stderr]   Downloaded profiling v1.0.3
[INFO] running `Command { std: "docker" "create" "-v" "/var/lib/crater-agent-workspace/builds/worker-8/target:/opt/rustwide/target:rw,Z" "-v" "/var/lib/crater-agent-workspace/builds/worker-8/source:/opt/rustwide/workdir:ro,Z" "-v" "/var/lib/crater-agent-workspace/cargo-home:/opt/rustwide/cargo-home:ro,Z" "-v" "/var/lib/crater-agent-workspace/rustup-home:/opt/rustwide/rustup-home:ro,Z" "-e" "SOURCE_DIR=/opt/rustwide/workdir" "-e" "CARGO_TARGET_DIR=/opt/rustwide/target" "-e" "CARGO_HOME=/opt/rustwide/cargo-home" "-e" "RUSTUP_HOME=/opt/rustwide/rustup-home" "-w" "/opt/rustwide/workdir" "-m" "1610612736" "--user" "0:0" "--network" "none" "ghcr.io/rust-lang/crates-build-env/linux@sha256:a89201d6b5b9fd45c15d5952ece0a0129e7e80cb26ec023fd59cf09bc26f1604" "/opt/rustwide/cargo-home/bin/cargo" "+beta-2021-10-15" "metadata" "--no-deps" "--format-version=1", kill_on_drop: false }`
[INFO] [stdout] e4caf0c20e9925c72b6d134ef87b0efb151155fef34be1fde13ffdf6b098b74b
[INFO] [stderr] WARNING: Your kernel does not support swap limit capabilities or the cgroup is not mounted. Memory limited without swap.
[INFO] running `Command { std: "docker" "start" "-a" "e4caf0c20e9925c72b6d134ef87b0efb151155fef34be1fde13ffdf6b098b74b", kill_on_drop: false }`
[INFO] running `Command { std: "docker" "inspect" "e4caf0c20e9925c72b6d134ef87b0efb151155fef34be1fde13ffdf6b098b74b", kill_on_drop: false }`
[INFO] running `Command { std: "docker" "rm" "-f" "e4caf0c20e9925c72b6d134ef87b0efb151155fef34be1fde13ffdf6b098b74b", kill_on_drop: false }`
[INFO] [stdout] e4caf0c20e9925c72b6d134ef87b0efb151155fef34be1fde13ffdf6b098b74b
[INFO] running `Command { std: "docker" "create" "-v" "/var/lib/crater-agent-workspace/builds/worker-8/target:/opt/rustwide/target:rw,Z" "-v" "/var/lib/crater-agent-workspace/builds/worker-8/source:/opt/rustwide/workdir:ro,Z" "-v" "/var/lib/crater-agent-workspace/cargo-home:/opt/rustwide/cargo-home:ro,Z" "-v" "/var/lib/crater-agent-workspace/rustup-home:/opt/rustwide/rustup-home:ro,Z" "-e" "SOURCE_DIR=/opt/rustwide/workdir" "-e" "CARGO_TARGET_DIR=/opt/rustwide/target" "-e" "CARGO_INCREMENTAL=0" "-e" "RUST_BACKTRACE=full" "-e" "RUSTFLAGS=--cap-lints=warn" "-e" "CARGO_HOME=/opt/rustwide/cargo-home" "-e" "RUSTUP_HOME=/opt/rustwide/rustup-home" "-w" "/opt/rustwide/workdir" "-m" "1610612736" "--user" "0:0" "--network" "none" "ghcr.io/rust-lang/crates-build-env/linux@sha256:a89201d6b5b9fd45c15d5952ece0a0129e7e80cb26ec023fd59cf09bc26f1604" "/opt/rustwide/cargo-home/bin/cargo" "+beta-2021-10-15" "check" "--frozen" "--all" "--all-targets" "--message-format=json", kill_on_drop: false }`
[INFO] [stdout] a13a6ea2c5db555789967096508cfe6b87eb4937098baca6d429148916e334d8
[INFO] [stderr] WARNING: Your kernel does not support swap limit capabilities or the cgroup is not mounted. Memory limited without swap.
[INFO] running `Command { std: "docker" "start" "-a" "a13a6ea2c5db555789967096508cfe6b87eb4937098baca6d429148916e334d8", kill_on_drop: false }`
[INFO] [stderr]     Blocking waiting for file lock on package cache
[INFO] [stderr]     Blocking waiting for file lock on package cache
[INFO] [stderr]    Compiling drm-fourcc v2.2.0
[INFO] [stderr]    Compiling futures-sink v0.3.17
[INFO] [stderr]    Compiling inflections v1.1.1
[INFO] [stderr]     Checking funty v1.2.0
[INFO] [stderr]     Checking xml-rs v0.8.4
[INFO] [stderr]     Checking terminal_color_builder v0.1.1
[INFO] [stderr]     Checking fixedbitset v0.4.0
[INFO] [stderr]    Compiling num-iter v0.1.42
[INFO] [stderr]     Checking lock_api v0.4.5
[INFO] [stderr]     Checking gpu-descriptor-types v0.1.1
[INFO] [stderr]     Checking gpu-alloc-types v0.2.0
[INFO] [stderr]     Checking wgpu-types v0.9.0
[INFO] [stderr]    Compiling wayland-sys v0.28.6
[INFO] [stderr]     Checking codespan-reporting v0.11.1
[INFO] [stderr]     Checking wyz v0.4.0
[INFO] [stderr]    Compiling erased-serde v0.3.16
[INFO] [stderr]    Compiling wgpu-core v0.9.2
[INFO] [stderr]     Checking dlib v0.5.0
[INFO] [stderr]     Checking ash v0.32.1
[INFO] [stderr]    Compiling radium v0.6.2
[INFO] [stderr]     Checking gpu-alloc v0.4.7
[INFO] [stderr]     Checking gpu-descriptor v0.1.1
[INFO] [stderr]     Checking getrandom v0.2.3
[INFO] [stderr]     Checking raw-window-handle v0.3.3
[INFO] [stderr]     Checking parking_lot_core v0.8.5
[INFO] [stderr]     Checking nix v0.20.0
[INFO] [stderr]     Checking time v0.1.43
[INFO] [stderr]     Checking memmap2 v0.1.0
[INFO] [stderr]     Checking khronos-egl v4.1.0
[INFO] [stderr]    Compiling jobserver v0.1.24
[INFO] [stderr]    Compiling crossbeam-queue v0.3.2
[INFO] [stderr]     Checking gfx-renderdoc v0.1.0
[INFO] [stderr]     Checking mio v0.7.13
[INFO] [stderr]    Compiling futures-channel v0.3.17
[INFO] [stderr]     Checking x11-dl v2.19.1
[INFO] [stderr]     Checking spirv_headers v1.5.0
[INFO] [stderr]    Compiling num-complex v0.4.0
[INFO] [stderr]    Compiling crossbeam-epoch v0.9.5
[INFO] [stderr]     Checking petgraph v0.5.1
[INFO] [stderr]    Compiling wayland-scanner v0.28.6
[INFO] [stderr]     Checking threadpool v1.8.1
[INFO] [stderr]     Checking bitvec v0.22.3
[INFO] [stderr]     Checking dirs v3.0.2
[INFO] [stderr]     Checking colored v1.9.3
[INFO] [stderr]     Checking calloop v0.6.5
[INFO] [stderr]     Checking ahash v0.7.6
[INFO] [stderr]     Checking rand_core v0.6.3
[INFO] [stderr]     Checking regex v1.5.4
[INFO] [stderr]     Checking parking_lot v0.11.2
[INFO] [stderr]     Checking xcursor v0.3.4
[INFO] [stderr]    Compiling cc v1.0.71
[INFO] [stderr]    Compiling num-bigint v0.4.2
[INFO] [stderr]     Checking chrono v0.4.19
[INFO] [stderr]    Compiling gltf-derive v0.16.0
[INFO] [stderr]     Checking xdg v2.4.0
[INFO] [stderr]    Compiling crossbeam-deque v0.8.1
[INFO] [stderr]     Checking rand_chacha v0.3.1
[INFO] [stderr]     Checking bevy_tasks v0.5.0
[INFO] [stderr]     Checking tobj v3.2.0
[INFO] [stderr]     Checking crossbeam v0.8.1
[INFO] [stderr]    Compiling serde v1.0.130
[INFO] [stderr]    Compiling futures-util v0.3.17
[INFO] [stderr]     Checking tracing v0.1.29
[INFO] [stderr]     Checking andrew v0.3.1
[INFO] [stderr]    Compiling cmake v0.1.46
[INFO] [stderr]     Checking rand v0.8.4
[INFO] [stderr]     Checking num v0.4.0
[INFO] [stderr]     Checking env_logger v0.8.4
[INFO] [stderr]     Checking glam v0.19.0
[INFO] [stderr]     Checking serde_json v1.0.68
[INFO] [stderr]     Checking uuid v0.8.2
[INFO] [stderr]     Checking rose_tree v0.2.0
[INFO] [stderr]     Checking mio-misc v1.2.1
[INFO] [stderr]     Checking simple_logger v1.13.0
[INFO] [stderr]    Compiling wayland-client v0.28.6
[INFO] [stderr]    Compiling wayland-protocols v0.28.6
[INFO] [stderr]     Checking jpeg-decoder v0.1.22
[INFO] [stderr]    Compiling num-rational v0.4.0
[INFO] [stderr]    Compiling shaderc-sys v0.7.3
[INFO] [stderr]    Compiling spirv_cross v0.23.1
[INFO] [stderr]     Checking naga v0.5.0
[INFO] [stderr]     Checking external-memory v0.0.1
[INFO] [stderr]     Checking wayland-commons v0.28.6
[INFO] [stderr]     Checking bevy_utils v0.5.0
[INFO] [stderr]     Checking gltf-json v0.16.0
[INFO] [stderr]     Checking tiff v0.6.1
[INFO] [stderr]     Checking rtbvh v0.6.2
[INFO] [stderr]     Checking rfw-math v0.2.0
[INFO] [stderr] error: could not compile `ash`
[INFO] [stderr] 
[INFO] [stderr] Caused by:
[INFO] [stderr]   process didn't exit successfully: `rustc --crate-name ash --edition=2018 /opt/rustwide/cargo-home/registry/src/github.com-1ecc6299db9ec823/ash-0.32.1/src/lib.rs --error-format=json --json=diagnostic-rendered-ansi --crate-type lib --emit=dep-info,metadata -C embed-bitcode=no -C debuginfo=2 --cfg 'feature="default"' --cfg 'feature="libloading"' -C metadata=541e119ebd25387a -C extra-filename=-541e119ebd25387a --out-dir /opt/rustwide/target/debug/deps -L dependency=/opt/rustwide/target/debug/deps --extern libloading=/opt/rustwide/target/debug/deps/liblibloading-8755ff1452322f59.rmeta --cap-lints allow --cap-lints=warn` (signal: 9, SIGKILL: kill)
[INFO] [stderr] warning: build failed, waiting for other jobs to finish...
[INFO] [stderr] The following warnings were emitted during compilation:
[INFO] [stderr] 
[INFO] [stderr] warning: src/wrapper.cpp:2: warning: ignoring #pragma warning  [-Wunknown-pragmas]
[INFO] [stderr] warning:     2 | #pragma warning(disable : 4996 4101)
[INFO] [stderr] warning:       | 
[INFO] [stderr] warning: c++: fatal error: Killed signal terminated program cc1plus
[INFO] [stderr] warning: compilation terminated.
[INFO] [stderr] warning: c++: fatal error: Killed signal terminated program cc1plus
[INFO] [stderr] warning: compilation terminated.
[INFO] [stderr] warning: c++: fatal error: Killed signal terminated program cc1plus
[INFO] [stderr] warning: compilation terminated.
[INFO] [stderr] warning: c++: fatal error: Killed signal terminated program cc1plus
[INFO] [stderr] warning: compilation terminated.
[INFO] [stderr] warning: c++: fatal error: Killed signal terminated program cc1plus
[INFO] [stderr] warning: compilation terminated.
[INFO] [stderr] warning: c++: fatal error: Killed signal terminated program cc1plus
[INFO] [stderr] warning: compilation terminated.
[INFO] [stderr] warning: c++: fatal error: Killed signal terminated program cc1plus
[INFO] [stderr] warning: compilation terminated.
[INFO] [stderr] warning: c++: fatal error: Killed signal terminated program cc1plus
[INFO] [stderr] warning: compilation terminated.
[INFO] [stderr] 
[INFO] [stderr] The following warnings were emitted during compilation:
[INFO] [stderr] 
[INFO] [stderr] warning: shaderc: searching for native shaderc libraries on system;  use '--features build-from-source' to force building from source code
[INFO] [stderr] warning: shaderc: cannot find native shaderc library on system; falling back to build from source
[INFO] [stderr] 
[INFO] [stderr] error: build failed
[INFO] running `Command { std: "docker" "inspect" "a13a6ea2c5db555789967096508cfe6b87eb4937098baca6d429148916e334d8", kill_on_drop: false }`
[INFO] running `Command { std: "docker" "rm" "-f" "a13a6ea2c5db555789967096508cfe6b87eb4937098baca6d429148916e334d8", kill_on_drop: false }`
[INFO] [stdout] a13a6ea2c5db555789967096508cfe6b87eb4937098baca6d429148916e334d8
