[INFO] fetching crate restruct 0.1.1...
[INFO] checking restruct-0.1.1 against 1.55.0 for beta-1.56-3
[INFO] extracting crate restruct 0.1.1 into /workspace/builds/worker-7/source
[INFO] validating manifest of crates.io crate restruct 0.1.1 on toolchain 1.55.0
[INFO] running `Command { std: "/workspace/cargo-home/bin/cargo" "+1.55.0" "metadata" "--manifest-path" "Cargo.toml" "--no-deps", kill_on_drop: false }`
[INFO] started tweaking crates.io crate restruct 0.1.1
[INFO] finished tweaking crates.io crate restruct 0.1.1
[INFO] tweaked toml for crates.io crate restruct 0.1.1 written to /workspace/builds/worker-7/source/Cargo.toml
[INFO] running `Command { std: "/workspace/cargo-home/bin/cargo" "+1.55.0" "generate-lockfile" "--manifest-path" "Cargo.toml" "-Zno-index-update", kill_on_drop: false }`
[INFO] running `Command { std: "/workspace/cargo-home/bin/cargo" "+1.55.0" "fetch" "--manifest-path" "Cargo.toml", kill_on_drop: false }`
[INFO] running `Command { std: "docker" "create" "-v" "/var/lib/crater-agent-workspace/builds/worker-7/target:/opt/rustwide/target:rw,Z" "-v" "/var/lib/crater-agent-workspace/builds/worker-7/source:/opt/rustwide/workdir:ro,Z" "-v" "/var/lib/crater-agent-workspace/cargo-home:/opt/rustwide/cargo-home:ro,Z" "-v" "/var/lib/crater-agent-workspace/rustup-home:/opt/rustwide/rustup-home:ro,Z" "-e" "SOURCE_DIR=/opt/rustwide/workdir" "-e" "CARGO_TARGET_DIR=/opt/rustwide/target" "-e" "CARGO_HOME=/opt/rustwide/cargo-home" "-e" "RUSTUP_HOME=/opt/rustwide/rustup-home" "-w" "/opt/rustwide/workdir" "-m" "1610612736" "--user" "0:0" "--network" "none" "ghcr.io/rust-lang/crates-build-env/linux@sha256:a89201d6b5b9fd45c15d5952ece0a0129e7e80cb26ec023fd59cf09bc26f1604" "/opt/rustwide/cargo-home/bin/cargo" "+1.55.0" "metadata" "--no-deps" "--format-version=1", kill_on_drop: false }`
[INFO] [stdout] ae09ae738e84b7a331a64ea0846e654df4b6a0722882e023fe04f858c53be3e5
[INFO] [stderr] WARNING: Your kernel does not support swap limit capabilities or the cgroup is not mounted. Memory limited without swap.
[INFO] running `Command { std: "docker" "start" "-a" "ae09ae738e84b7a331a64ea0846e654df4b6a0722882e023fe04f858c53be3e5", kill_on_drop: false }`
[INFO] running `Command { std: "docker" "inspect" "ae09ae738e84b7a331a64ea0846e654df4b6a0722882e023fe04f858c53be3e5", kill_on_drop: false }`
[INFO] running `Command { std: "docker" "rm" "-f" "ae09ae738e84b7a331a64ea0846e654df4b6a0722882e023fe04f858c53be3e5", kill_on_drop: false }`
[INFO] [stdout] ae09ae738e84b7a331a64ea0846e654df4b6a0722882e023fe04f858c53be3e5
[INFO] running `Command { std: "docker" "create" "-v" "/var/lib/crater-agent-workspace/builds/worker-7/target:/opt/rustwide/target:rw,Z" "-v" "/var/lib/crater-agent-workspace/builds/worker-7/source:/opt/rustwide/workdir:ro,Z" "-v" "/var/lib/crater-agent-workspace/cargo-home:/opt/rustwide/cargo-home:ro,Z" "-v" "/var/lib/crater-agent-workspace/rustup-home:/opt/rustwide/rustup-home:ro,Z" "-e" "SOURCE_DIR=/opt/rustwide/workdir" "-e" "CARGO_TARGET_DIR=/opt/rustwide/target" "-e" "CARGO_INCREMENTAL=0" "-e" "RUST_BACKTRACE=full" "-e" "RUSTFLAGS=--cap-lints=warn" "-e" "CARGO_HOME=/opt/rustwide/cargo-home" "-e" "RUSTUP_HOME=/opt/rustwide/rustup-home" "-w" "/opt/rustwide/workdir" "-m" "1610612736" "--user" "0:0" "--network" "none" "ghcr.io/rust-lang/crates-build-env/linux@sha256:a89201d6b5b9fd45c15d5952ece0a0129e7e80cb26ec023fd59cf09bc26f1604" "/opt/rustwide/cargo-home/bin/cargo" "+1.55.0" "check" "--frozen" "--all" "--all-targets" "--message-format=json", kill_on_drop: false }`
[INFO] [stdout] 577c9e44b7434aaddda94115ccf089cdbd702008c1177222d3de751d5e8b3a9f
[INFO] [stderr] WARNING: Your kernel does not support swap limit capabilities or the cgroup is not mounted. Memory limited without swap.
[INFO] running `Command { std: "docker" "start" "-a" "577c9e44b7434aaddda94115ccf089cdbd702008c1177222d3de751d5e8b3a9f", kill_on_drop: false }`
[INFO] [stderr]    Compiling pest_generator v2.1.3
[INFO] [stderr]    Compiling pest_derive v2.1.0
[INFO] [stderr]     Checking restruct v0.1.1 (/opt/rustwide/workdir)
[INFO] [stdout] error[E0557]: feature has been removed
[INFO] [stdout]   --> src/lib.rs:31:12
[INFO] [stdout]    |
[INFO] [stdout] 31 | #![feature(external_doc)]
[INFO] [stdout]    |            ^^^^^^^^^^^^ feature has been removed
[INFO] [stdout]    |
[INFO] [stdout]    = note: use #[doc = include_str!("filename")] instead, which handles macro invocations
[INFO] [stdout] 
[INFO] [stdout] 
[INFO] [stdout] error[E0557]: feature has been removed
[INFO] [stdout]   --> src/lib.rs:31:12
[INFO] [stdout]    |
[INFO] [stdout] 31 | #![feature(external_doc)]
[INFO] [stdout]    |            ^^^^^^^^^^^^ feature has been removed
[INFO] [stdout]    |
[INFO] [stdout]    = note: use #[doc = include_str!("filename")] instead, which handles macro invocations
[INFO] [stdout] 
[INFO] [stdout] 
[INFO] [stdout] error[E0554]: `#![feature]` may not be used on the stable release channel
[INFO] [stdout]   --> src/lib.rs:31:1
[INFO] [stdout]    |
[INFO] [stdout] 31 | #![feature(external_doc)]
[INFO] [stdout]    | ^^^^^^^^^^^^^^^^^^^^^^^^^
[INFO] [stdout] 
[INFO] [stdout] 
[INFO] [stdout] warning: unnecessary trailing semicolon
[INFO] [stdout]    --> src/generator.rs:494:10
[INFO] [stdout]     |
[INFO] [stdout] 494 |         };
[INFO] [stdout]     |          ^ help: remove this semicolon
[INFO] [stdout]     |
[INFO] [stdout]     = note: `#[warn(redundant_semicolons)]` on by default
[INFO] [stdout] 
[INFO] [stdout] 
[INFO] [stdout] warning: unknown `doc` attribute `include`
[INFO] [stdout]   --> src/lib.rs:33:7
[INFO] [stdout]    |
[INFO] [stdout] 33 | #[doc(include = "../README.md")]
[INFO] [stdout]    | ------^^^^^^^^^^^^^^^^^^^^^^^^-- help: use `doc = include_str!` instead: `#[doc = include_str!("../README.md")]`
[INFO] [stdout]    |
[INFO] [stdout]    = note: `#[warn(invalid_doc_attributes)]` on by default
[INFO] [stdout]    = warning: this was previously accepted by the compiler but is being phased out; it will become a hard error in a future release!
[INFO] [stdout]    = note: for more information, see issue #82730 <https://github.com/rust-lang/rust/issues/82730>
[INFO] [stdout] 
[INFO] [stdout] 
[INFO] [stdout] error[E0554]: `#![feature]` may not be used on the stable release channel
[INFO] [stdout]   --> src/lib.rs:31:1
[INFO] [stdout]    |
[INFO] [stdout] 31 | #![feature(external_doc)]
[INFO] [stdout]    | ^^^^^^^^^^^^^^^^^^^^^^^^^
[INFO] [stdout] 
[INFO] [stdout] 
[INFO] [stdout] warning: unnecessary trailing semicolon
[INFO] [stdout]    --> src/generator.rs:494:10
[INFO] [stdout]     |
[INFO] [stdout] 494 |         };
[INFO] [stdout]     |          ^ help: remove this semicolon
[INFO] [stdout]     |
[INFO] [stdout]     = note: `#[warn(redundant_semicolons)]` on by default
[INFO] [stdout] 
[INFO] [stdout] 
[INFO] [stdout] warning: unknown `doc` attribute `include`
[INFO] [stdout]   --> src/lib.rs:33:7
[INFO] [stdout]    |
[INFO] [stdout] 33 | #[doc(include = "../README.md")]
[INFO] [stdout]    | ------^^^^^^^^^^^^^^^^^^^^^^^^-- help: use `doc = include_str!` instead: `#[doc = include_str!("../README.md")]`
[INFO] [stdout]    |
[INFO] [stdout]    = note: `#[warn(invalid_doc_attributes)]` on by default
[INFO] [stdout]    = warning: this was previously accepted by the compiler but is being phased out; it will become a hard error in a future release!
[INFO] [stdout]    = note: for more information, see issue #82730 <https://github.com/rust-lang/rust/issues/82730>
[INFO] [stdout] 
[INFO] [stdout] 
[INFO] [stdout] error: aborting due to 2 previous errors; 2 warnings emitted
[INFO] [stdout] 
[INFO] [stdout] 
[INFO] [stdout] Some errors have detailed explanations: E0554, E0557.
[INFO] [stdout] 
[INFO] [stdout] For more information about an error, try `rustc --explain E0554`.
[INFO] [stdout] 
[INFO] [stderr] error: could not compile `restruct` due to 3 previous errors; 2 warnings emitted
[INFO] [stderr] warning: build failed, waiting for other jobs to finish...
[INFO] [stdout] error: aborting due to 2 previous errors; 2 warnings emitted
[INFO] [stdout] 
[INFO] [stdout] 
[INFO] [stderr] error: build failed
[INFO] [stdout] Some errors have detailed explanations: E0554, E0557.
[INFO] [stdout] 
[INFO] [stdout] For more information about an error, try `rustc --explain E0554`.
[INFO] [stdout] 
[INFO] running `Command { std: "docker" "inspect" "577c9e44b7434aaddda94115ccf089cdbd702008c1177222d3de751d5e8b3a9f", kill_on_drop: false }`
[INFO] running `Command { std: "docker" "rm" "-f" "577c9e44b7434aaddda94115ccf089cdbd702008c1177222d3de751d5e8b3a9f", kill_on_drop: false }`
[INFO] [stdout] 577c9e44b7434aaddda94115ccf089cdbd702008c1177222d3de751d5e8b3a9f
