[INFO] fetching crate reqwest-wasm 0.11.0...
[INFO] checking reqwest-wasm-0.11.0 against 1.55.0 for beta-1.56-3
[INFO] extracting crate reqwest-wasm 0.11.0 into /workspace/builds/worker-3/source
[INFO] validating manifest of crates.io crate reqwest-wasm 0.11.0 on toolchain 1.55.0
[INFO] running `Command { std: "/workspace/cargo-home/bin/cargo" "+1.55.0" "metadata" "--manifest-path" "Cargo.toml" "--no-deps", kill_on_drop: false }`
[INFO] started tweaking crates.io crate reqwest-wasm 0.11.0
[INFO] removed 0 missing examples
[INFO] removed 0 missing tests
[INFO] finished tweaking crates.io crate reqwest-wasm 0.11.0
[INFO] tweaked toml for crates.io crate reqwest-wasm 0.11.0 written to /workspace/builds/worker-3/source/Cargo.toml
[INFO] crate crates.io crate reqwest-wasm 0.11.0 already has a lockfile, it will not be regenerated
[INFO] running `Command { std: "/workspace/cargo-home/bin/cargo" "+1.55.0" "fetch" "--manifest-path" "Cargo.toml", kill_on_drop: false }`
[INFO] [stderr]     Blocking waiting for file lock on package cache
[INFO] running `Command { std: "docker" "create" "-v" "/var/lib/crater-agent-workspace/builds/worker-3/target:/opt/rustwide/target:rw,Z" "-v" "/var/lib/crater-agent-workspace/builds/worker-3/source:/opt/rustwide/workdir:ro,Z" "-v" "/var/lib/crater-agent-workspace/cargo-home:/opt/rustwide/cargo-home:ro,Z" "-v" "/var/lib/crater-agent-workspace/rustup-home:/opt/rustwide/rustup-home:ro,Z" "-e" "SOURCE_DIR=/opt/rustwide/workdir" "-e" "CARGO_TARGET_DIR=/opt/rustwide/target" "-e" "CARGO_HOME=/opt/rustwide/cargo-home" "-e" "RUSTUP_HOME=/opt/rustwide/rustup-home" "-w" "/opt/rustwide/workdir" "-m" "1610612736" "--user" "0:0" "--network" "none" "ghcr.io/rust-lang/crates-build-env/linux@sha256:a89201d6b5b9fd45c15d5952ece0a0129e7e80cb26ec023fd59cf09bc26f1604" "/opt/rustwide/cargo-home/bin/cargo" "+1.55.0" "metadata" "--no-deps" "--format-version=1", kill_on_drop: false }`
[INFO] [stdout] c0d6d3c6b5283b4ba12aa0018a4d47e1bfb4cfe729408ead41a1110d8c986deb
[INFO] [stderr] WARNING: Your kernel does not support swap limit capabilities or the cgroup is not mounted. Memory limited without swap.
[INFO] running `Command { std: "docker" "start" "-a" "c0d6d3c6b5283b4ba12aa0018a4d47e1bfb4cfe729408ead41a1110d8c986deb", kill_on_drop: false }`
[INFO] running `Command { std: "docker" "inspect" "c0d6d3c6b5283b4ba12aa0018a4d47e1bfb4cfe729408ead41a1110d8c986deb", kill_on_drop: false }`
[INFO] running `Command { std: "docker" "rm" "-f" "c0d6d3c6b5283b4ba12aa0018a4d47e1bfb4cfe729408ead41a1110d8c986deb", kill_on_drop: false }`
[INFO] [stdout] c0d6d3c6b5283b4ba12aa0018a4d47e1bfb4cfe729408ead41a1110d8c986deb
[INFO] running `Command { std: "docker" "create" "-v" "/var/lib/crater-agent-workspace/builds/worker-3/target:/opt/rustwide/target:rw,Z" "-v" "/var/lib/crater-agent-workspace/builds/worker-3/source:/opt/rustwide/workdir:ro,Z" "-v" "/var/lib/crater-agent-workspace/cargo-home:/opt/rustwide/cargo-home:ro,Z" "-v" "/var/lib/crater-agent-workspace/rustup-home:/opt/rustwide/rustup-home:ro,Z" "-e" "SOURCE_DIR=/opt/rustwide/workdir" "-e" "CARGO_TARGET_DIR=/opt/rustwide/target" "-e" "CARGO_INCREMENTAL=0" "-e" "RUST_BACKTRACE=full" "-e" "RUSTFLAGS=--cap-lints=warn" "-e" "CARGO_HOME=/opt/rustwide/cargo-home" "-e" "RUSTUP_HOME=/opt/rustwide/rustup-home" "-w" "/opt/rustwide/workdir" "-m" "1610612736" "--user" "0:0" "--network" "none" "ghcr.io/rust-lang/crates-build-env/linux@sha256:a89201d6b5b9fd45c15d5952ece0a0129e7e80cb26ec023fd59cf09bc26f1604" "/opt/rustwide/cargo-home/bin/cargo" "+1.55.0" "check" "--frozen" "--all" "--all-targets" "--message-format=json", kill_on_drop: false }`
[INFO] [stdout] 82af2f134762a9f65215589e370aa8a54b71a372c6186867aa78d4f8debd4f3c
[INFO] [stderr] WARNING: Your kernel does not support swap limit capabilities or the cgroup is not mounted. Memory limited without swap.
[INFO] running `Command { std: "docker" "start" "-a" "82af2f134762a9f65215589e370aa8a54b71a372c6186867aa78d4f8debd4f3c", kill_on_drop: false }`
[INFO] [stderr]     Blocking waiting for file lock on package cache
[INFO] [stderr]     Blocking waiting for file lock on package cache
[INFO] [stderr]    Compiling syn v1.0.59
[INFO] [stderr]     Checking futures-task v0.3.12
[INFO] [stderr]    Compiling serde_derive v1.0.120
[INFO] [stderr]    Compiling serde v1.0.120
[INFO] [stderr]     Checking libflate_lz77 v1.0.0
[INFO] [stderr]    Compiling tokio v1.1.0
[INFO] [stderr]     Checking thread_local v1.1.1
[INFO] [stderr]     Checking mio v0.7.7
[INFO] [stderr]     Checking want v0.3.0
[INFO] [stderr]     Checking brotli-decompressor v2.3.1
[INFO] [stderr]     Checking atty v0.2.14
[INFO] [stderr]     Checking native-tls v0.2.7
[INFO] [stderr]     Checking regex v1.4.3
[INFO] [stderr]     Checking futures-util v0.3.12
[INFO] [stderr]     Checking libflate v1.0.3
[INFO] [stderr]     Checking brotli v3.3.0
[INFO] [stderr]     Checking env_logger v0.8.2
[INFO] [stderr]    Compiling tokio-macros v1.0.0
[INFO] [stderr]    Compiling async-stream-impl v0.3.0
[INFO] [stderr]    Compiling pin-project-internal v0.4.27
[INFO] [stderr]    Compiling pin-project-internal v1.0.4
[INFO] [stderr]     Checking async-stream v0.3.0
[INFO] [stderr]     Checking pin-project v1.0.4
[INFO] [stderr]     Checking pin-project v0.4.27
[INFO] [stderr]     Checking tracing-futures v0.2.4
[INFO] [stderr]     Checking tokio-stream v0.1.2
[INFO] [stderr]     Checking tokio-native-tls v0.3.0
[INFO] [stderr]     Checking tokio-util v0.6.2
[INFO] [stderr]     Checking h2 v0.3.0
[INFO] [stderr]     Checking serde_urlencoded v0.7.0
[INFO] [stderr]     Checking hyper v0.14.2
[INFO] [stderr]     Checking hyper-tls v0.5.0
[INFO] [stderr]     Checking reqwest-wasm v0.11.0 (/opt/rustwide/workdir)
[INFO] [stdout] error[E0433]: failed to resolve: use of undeclared crate or module `reqwest`
[INFO] [stdout]   --> tests/redirect.rs:35:34
[INFO] [stdout]    |
[INFO] [stdout] 35 |         assert_eq!(res.status(), reqwest::StatusCode::OK);
[INFO] [stdout]    |                                  ^^^^^^^ use of undeclared crate or module `reqwest`
[INFO] [stdout] 
[INFO] [stdout] 
[INFO] [stdout] error[E0433]: failed to resolve: use of undeclared crate or module `reqwest`
[INFO] [stdout]   --> tests/redirect.rs:37:31
[INFO] [stdout]    |
[INFO] [stdout] 37 |             res.headers().get(reqwest::header::SERVER).unwrap(),
[INFO] [stdout]    |                               ^^^^^^^ use of undeclared crate or module `reqwest`
[INFO] [stdout] 
[INFO] [stdout] 
[INFO] [stdout] error[E0433]: failed to resolve: use of undeclared crate or module `reqwest`
[INFO] [stdout]   --> tests/redirect.rs:71:34
[INFO] [stdout]    |
[INFO] [stdout] 71 |         assert_eq!(res.status(), reqwest::StatusCode::OK);
[INFO] [stdout]    |                                  ^^^^^^^ use of undeclared crate or module `reqwest`
[INFO] [stdout] 
[INFO] [stdout] 
[INFO] [stdout] error[E0433]: failed to resolve: use of undeclared crate or module `reqwest`
[INFO] [stdout]   --> tests/redirect.rs:73:31
[INFO] [stdout]    |
[INFO] [stdout] 73 |             res.headers().get(reqwest::header::SERVER).unwrap(),
[INFO] [stdout]    |                               ^^^^^^^ use of undeclared crate or module `reqwest`
[INFO] [stdout] 
[INFO] [stdout] 
[INFO] [stdout] error[E0433]: failed to resolve: use of undeclared crate or module `reqwest`
[INFO] [stdout]    --> tests/redirect.rs:113:34
[INFO] [stdout]     |
[INFO] [stdout] 113 |         assert_eq!(res.status(), reqwest::StatusCode::OK);
[INFO] [stdout]     |                                  ^^^^^^^ use of undeclared crate or module `reqwest`
[INFO] [stdout] 
[INFO] [stdout] 
[INFO] [stdout] error[E0433]: failed to resolve: use of undeclared crate or module `reqwest`
[INFO] [stdout]    --> tests/redirect.rs:115:31
[INFO] [stdout]     |
[INFO] [stdout] 115 |             res.headers().get(reqwest::header::SERVER).unwrap(),
[INFO] [stdout]     |                               ^^^^^^^ use of undeclared crate or module `reqwest`
[INFO] [stdout] 
[INFO] [stdout] 
[INFO] [stdout] error[E0433]: failed to resolve: use of undeclared crate or module `reqwest`
[INFO] [stdout]    --> tests/redirect.rs:193:13
[INFO] [stdout]     |
[INFO] [stdout] 193 |             reqwest::header::COOKIE,
[INFO] [stdout]     |             ^^^^^^^ use of undeclared crate or module `reqwest`
[INFO] [stdout] 
[INFO] [stdout] 
[INFO] [stdout] error[E0433]: failed to resolve: use of undeclared crate or module `reqwest`
[INFO] [stdout]    --> tests/redirect.rs:213:15
[INFO] [stdout]     |
[INFO] [stdout] 213 |     let err = reqwest::get(&url).await.unwrap_err();
[INFO] [stdout]     |               ^^^^^^^ use of undeclared crate or module `reqwest`
[INFO] [stdout] 
[INFO] [stdout] 
[INFO] [stdout] error[E0433]: failed to resolve: use of undeclared crate or module `reqwest`
[INFO] [stdout]    --> tests/redirect.rs:240:30
[INFO] [stdout]     |
[INFO] [stdout] 240 |     assert_eq!(res.status(), reqwest::StatusCode::FOUND);
[INFO] [stdout]     |                              ^^^^^^^ use of undeclared crate or module `reqwest`
[INFO] [stdout] 
[INFO] [stdout] 
[INFO] [stdout] error[E0433]: failed to resolve: use of undeclared crate or module `reqwest`
[INFO] [stdout]    --> tests/redirect.rs:282:15
[INFO] [stdout]     |
[INFO] [stdout] 282 |     let res = reqwest::get(&url).await.unwrap();
[INFO] [stdout]     |               ^^^^^^^ use of undeclared crate or module `reqwest`
[INFO] [stdout] 
[INFO] [stdout] 
[INFO] [stdout] error[E0433]: failed to resolve: use of undeclared crate or module `reqwest`
[INFO] [stdout]    --> tests/redirect.rs:285:30
[INFO] [stdout]     |
[INFO] [stdout] 285 |     assert_eq!(res.status(), reqwest::StatusCode::FOUND);
[INFO] [stdout]     |                              ^^^^^^^ use of undeclared crate or module `reqwest`
[INFO] [stdout] 
[INFO] [stdout] 
[INFO] [stdout] error[E0433]: failed to resolve: use of undeclared crate or module `reqwest`
[INFO] [stdout]  --> tests/redirect.rs:8:27
[INFO] [stdout]   |
[INFO] [stdout] 8 |     let client = reqwest::Client::new();
[INFO] [stdout]   |                           ^^^^^^ not found in `reqwest`
[INFO] [stdout]   |
[INFO] [stdout] help: consider importing one of these items
[INFO] [stdout]   |
[INFO] [stdout] 3 | use hyper::Client;
[INFO] [stdout]   |
[INFO] [stdout] 3 | use reqwest_wasm::Client;
[INFO] [stdout]   |
[INFO] [stdout] 
[INFO] [stdout] 
[INFO] [stdout] error[E0433]: failed to resolve: use of undeclared crate or module `reqwest`
[INFO] [stdout]   --> tests/redirect.rs:45:27
[INFO] [stdout]    |
[INFO] [stdout] 45 |     let client = reqwest::Client::new();
[INFO] [stdout]    |                           ^^^^^^ not found in `reqwest`
[INFO] [stdout]    |
[INFO] [stdout] help: consider importing one of these items
[INFO] [stdout]    |
[INFO] [stdout] 3  | use hyper::Client;
[INFO] [stdout]    |
[INFO] [stdout] 3  | use reqwest_wasm::Client;
[INFO] [stdout]    |
[INFO] [stdout] 
[INFO] [stdout] 
[INFO] [stdout] error[E0433]: failed to resolve: use of undeclared crate or module `reqwest`
[INFO] [stdout]   --> tests/redirect.rs:82:27
[INFO] [stdout]    |
[INFO] [stdout] 82 |     let client = reqwest::Client::new();
[INFO] [stdout]    |                           ^^^^^^ not found in `reqwest`
[INFO] [stdout]    |
[INFO] [stdout] help: consider importing one of these items
[INFO] [stdout]    |
[INFO] [stdout] 3  | use hyper::Client;
[INFO] [stdout]    |
[INFO] [stdout] 3  | use reqwest_wasm::Client;
[INFO] [stdout]    |
[INFO] [stdout] 
[INFO] [stdout] 
[INFO] [stdout] error[E0433]: failed to resolve: use of undeclared crate or module `reqwest`
[INFO] [stdout]    --> tests/redirect.rs:188:14
[INFO] [stdout]     |
[INFO] [stdout] 188 |     reqwest::Client::builder()
[INFO] [stdout]     |              ^^^^^^ not found in `reqwest`
[INFO] [stdout]     |
[INFO] [stdout] help: consider importing one of these items
[INFO] [stdout]     |
[INFO] [stdout] 3   | use hyper::Client;
[INFO] [stdout]     |
[INFO] [stdout] 3   | use reqwest_wasm::Client;
[INFO] [stdout]     |
[INFO] [stdout] 
[INFO] [stdout] 
[INFO] [stdout] error[E0433]: failed to resolve: use of undeclared crate or module `reqwest`
[INFO] [stdout]    --> tests/redirect.rs:194:30
[INFO] [stdout]     |
[INFO] [stdout] 194 |             reqwest::header::HeaderValue::from_static("foo=bar"),
[INFO] [stdout]     |                              ^^^^^^^^^^^ not found in `reqwest::header`
[INFO] [stdout]     |
[INFO] [stdout] help: consider importing one of these items
[INFO] [stdout]     |
[INFO] [stdout] 3   | use http::HeaderValue;
[INFO] [stdout]     |
[INFO] [stdout] 3   | use hyper::header::HeaderValue;
[INFO] [stdout]     |
[INFO] [stdout] 3   | use reqwest_wasm::header::HeaderValue;
[INFO] [stdout]     |
[INFO] [stdout] 
[INFO] [stdout] 
[INFO] [stdout] error[E0433]: failed to resolve: use of undeclared crate or module `reqwest`
[INFO] [stdout]    --> tests/redirect.rs:230:24
[INFO] [stdout]     |
[INFO] [stdout] 230 |     let res = reqwest::Client::builder()
[INFO] [stdout]     |                        ^^^^^^ not found in `reqwest`
[INFO] [stdout]     |
[INFO] [stdout] help: consider importing one of these items
[INFO] [stdout]     |
[INFO] [stdout] 3   | use hyper::Client;
[INFO] [stdout]     |
[INFO] [stdout] 3   | use reqwest_wasm::Client;
[INFO] [stdout]     |
[INFO] [stdout] 
[INFO] [stdout] 
[INFO] [stdout] error[E0433]: failed to resolve: use of undeclared crate or module `reqwest`
[INFO] [stdout]    --> tests/redirect.rs:231:38
[INFO] [stdout]     |
[INFO] [stdout] 231 |         .redirect(reqwest::redirect::Policy::none())
[INFO] [stdout]     |                                      ^^^^^^ not found in `reqwest::redirect`
[INFO] [stdout]     |
[INFO] [stdout] help: consider importing this struct
[INFO] [stdout]     |
[INFO] [stdout] 3   | use reqwest_wasm::redirect::Policy;
[INFO] [stdout]     |
[INFO] [stdout] 
[INFO] [stdout] 
[INFO] [stdout] error[E0433]: failed to resolve: use of undeclared crate or module `reqwest`
[INFO] [stdout]    --> tests/redirect.rs:260:14
[INFO] [stdout]     |
[INFO] [stdout] 260 |     reqwest::Client::builder()
[INFO] [stdout]     |              ^^^^^^ not found in `reqwest`
[INFO] [stdout]     |
[INFO] [stdout] help: consider importing one of these items
[INFO] [stdout]     |
[INFO] [stdout] 3   | use hyper::Client;
[INFO] [stdout]     |
[INFO] [stdout] 3   | use reqwest_wasm::Client;
[INFO] [stdout]     |
[INFO] [stdout] 
[INFO] [stdout] 
[INFO] [stdout] error[E0432]: unresolved import `reqwest`
[INFO] [stdout]  --> tests/client.rs:6:5
[INFO] [stdout]   |
[INFO] [stdout] 6 | use reqwest::Client;
[INFO] [stdout]   |     ^^^^^^^ use of undeclared crate or module `reqwest`
[INFO] [stdout] 
[INFO] [stdout] 
[INFO] [stdout] error[E0433]: failed to resolve: use of undeclared crate or module `reqwest`
[INFO] [stdout]   --> tests/client.rs:42:30
[INFO] [stdout]    |
[INFO] [stdout] 42 |     assert_eq!(res.status(), reqwest::StatusCode::OK);
[INFO] [stdout]    |                              ^^^^^^^ use of undeclared crate or module `reqwest`
[INFO] [stdout] 
[INFO] [stdout] 
[INFO] [stdout] error[E0433]: failed to resolve: use of undeclared crate or module `reqwest`
[INFO] [stdout]   --> tests/client.rs:63:30
[INFO] [stdout]    |
[INFO] [stdout] 63 |     assert_eq!(res.status(), reqwest::StatusCode::OK);
[INFO] [stdout]    |                              ^^^^^^^ use of undeclared crate or module `reqwest`
[INFO] [stdout] 
[INFO] [stdout] 
[INFO] [stdout] error[E0433]: failed to resolve: use of undeclared crate or module `reqwest`
[INFO] [stdout]    --> tests/client.rs:150:31
[INFO] [stdout]     |
[INFO] [stdout] 150 |     assert_eq!(res1.status(), reqwest::StatusCode::OK);
[INFO] [stdout]     |                               ^^^^^^^ use of undeclared crate or module `reqwest`
[INFO] [stdout] 
[INFO] [stdout] 
[INFO] [stdout] error[E0433]: failed to resolve: use of undeclared crate or module `reqwest`
[INFO] [stdout]    --> tests/client.rs:161:31
[INFO] [stdout]     |
[INFO] [stdout] 161 |     assert_eq!(res2.status(), reqwest::StatusCode::OK);
[INFO] [stdout]     |                               ^^^^^^^ use of undeclared crate or module `reqwest`
[INFO] [stdout] 
[INFO] [stdout] 
[INFO] [stdout] error[E0433]: failed to resolve: use of undeclared crate or module `reqwest`
[INFO] [stdout]   --> tests/client.rs:32:24
[INFO] [stdout]    |
[INFO] [stdout] 32 |     let res = reqwest::Client::builder()
[INFO] [stdout]    |                        ^^^^^^ not found in `reqwest`
[INFO] [stdout]    |
[INFO] [stdout] help: consider importing one of these items
[INFO] [stdout]    |
[INFO] [stdout] 3  | use hyper::Client;
[INFO] [stdout]    |
[INFO] [stdout] 3  | use reqwest_wasm::Client;
[INFO] [stdout]    |
[INFO] [stdout] 
[INFO] [stdout] 
[INFO] [stdout] error[E0433]: failed to resolve: use of undeclared crate or module `reqwest`
[INFO] [stdout]   --> tests/client.rs:54:24
[INFO] [stdout]    |
[INFO] [stdout] 54 |     let res = reqwest::Client::builder()
[INFO] [stdout]    |                        ^^^^^^ not found in `reqwest`
[INFO] [stdout]    |
[INFO] [stdout] help: consider importing one of these items
[INFO] [stdout]    |
[INFO] [stdout] 3  | use hyper::Client;
[INFO] [stdout]    |
[INFO] [stdout] 3  | use reqwest_wasm::Client;
[INFO] [stdout]    |
[INFO] [stdout] 
[INFO] [stdout] 
[INFO] [stdout] error[E0433]: failed to resolve: use of undeclared crate or module `reqwest`
[INFO] [stdout]    --> tests/client.rs:206:25
[INFO] [stdout]     |
[INFO] [stdout] 206 |     let resp = reqwest::Client::builder()
[INFO] [stdout]     |                         ^^^^^^ not found in `reqwest`
[INFO] [stdout]     |
[INFO] [stdout] help: consider importing one of these items
[INFO] [stdout]     |
[INFO] [stdout] 3   | use hyper::Client;
[INFO] [stdout]     |
[INFO] [stdout] 3   | use reqwest_wasm::Client;
[INFO] [stdout]     |
[INFO] [stdout] 
[INFO] [stdout] 
[INFO] [stdout] error[E0433]: failed to resolve: use of undeclared crate or module `reqwest`
[INFO] [stdout]    --> tests/client.rs:216:25
[INFO] [stdout]     |
[INFO] [stdout] 216 |     let resp = reqwest::Client::builder()
[INFO] [stdout]     |                         ^^^^^^ not found in `reqwest`
[INFO] [stdout]     |
[INFO] [stdout] help: consider importing one of these items
[INFO] [stdout]     |
[INFO] [stdout] 3   | use hyper::Client;
[INFO] [stdout]     |
[INFO] [stdout] 3   | use reqwest_wasm::Client;
[INFO] [stdout]     |
[INFO] [stdout] 
[INFO] [stdout] 
[INFO] [stdout] error[E0433]: failed to resolve: use of undeclared crate or module `reqwest`
[INFO] [stdout]  --> examples/simple.rs:8:31
[INFO] [stdout]   |
[INFO] [stdout] 8 | async fn main() -> Result<(), reqwest::Error> {
[INFO] [stdout]   |                               ^^^^^^^ use of undeclared crate or module `reqwest`
[INFO] [stdout] 
[INFO] [stdout] 
[INFO] [stdout] error[E0433]: failed to resolve: use of undeclared crate or module `reqwest`
[INFO] [stdout]  --> examples/form.rs:6:29
[INFO] [stdout]   |
[INFO] [stdout] 6 |     let response = reqwest::Client::new()
[INFO] [stdout]   |                             ^^^^^^ not found in `reqwest`
[INFO] [stdout]   |
[INFO] [stdout]   = note: consider importing one of these items:
[INFO] [stdout]           hyper::Client
[INFO] [stdout]           reqwest_wasm::Client
[INFO] [stdout] 
[INFO] [stdout] 
[INFO] [stdout] error[E0433]: failed to resolve: use of undeclared crate or module `reqwest`
[INFO] [stdout]   --> tests/proxy.rs:30:30
[INFO] [stdout]    |
[INFO] [stdout] 30 |     assert_eq!(res.status(), reqwest::StatusCode::OK);
[INFO] [stdout]    |                              ^^^^^^^ use of undeclared crate or module `reqwest`
[INFO] [stdout] 
[INFO] [stdout] 
[INFO] [stdout] error: aborting due to previous error
[INFO] [stdout] 
[INFO] [stdout] 
[INFO] [stdout] For more information about this error, try `rustc --explain E0433`.
[INFO] [stdout] 
[INFO] [stdout] error: aborting due to 19 previous errors
[INFO] [stdout] 
[INFO] [stdout] 
[INFO] [stdout] For more information about this error, try `rustc --explain E0433`.
[INFO] [stdout] 
[INFO] [stderr] error: could not compile `reqwest-wasm` due to 20 previous errors
[INFO] [stdout] error[E0433]: failed to resolve: use of undeclared crate or module `reqwest`
[INFO] [stdout]   --> tests/proxy.rs:64:30
[INFO] [stdout]    |
[INFO] [stdout] 64 |     assert_eq!(res.status(), reqwest::StatusCode::OK);
[INFO] [stdout]    |                              ^^^^^^^ use of undeclared crate or module `reqwest`
[INFO] [stdout] 
[INFO] [stdout] 
[INFO] [stderr] warning: build failed, waiting for other jobs to finish...
[INFO] [stdout] error[E0433]: failed to resolve: use of undeclared crate or module `reqwest`
[INFO] [stdout]   --> tests/proxy.rs:94:30
[INFO] [stdout]    |
[INFO] [stdout] 94 |     assert_eq!(res.status(), reqwest::StatusCode::OK);
[INFO] [stdout]    |                              ^^^^^^^ use of undeclared crate or module `reqwest`
[INFO] [stdout] 
[INFO] [stdout] 
[INFO] [stdout] error[E0433]: failed to resolve: use of undeclared crate or module `reqwest`
[INFO] [stdout]    --> tests/proxy.rs:130:30
[INFO] [stdout]     |
[INFO] [stdout] 130 |     assert_eq!(res.status(), reqwest::StatusCode::OK);
[INFO] [stdout]     |                              ^^^^^^^ use of undeclared crate or module `reqwest`
[INFO] [stdout] 
[INFO] [stdout] 
[INFO] [stdout] error[E0433]: failed to resolve: use of undeclared crate or module `reqwest`
[INFO] [stdout]    --> tests/proxy.rs:162:30
[INFO] [stdout]     |
[INFO] [stdout] 162 |     assert_eq!(res.status(), reqwest::StatusCode::OK);
[INFO] [stdout]     |                              ^^^^^^^ use of undeclared crate or module `reqwest`
[INFO] [stdout] 
[INFO] [stdout] 
[INFO] [stdout] error[E0433]: failed to resolve: use of undeclared crate or module `reqwest`
[INFO] [stdout]    --> tests/proxy.rs:186:15
[INFO] [stdout]     |
[INFO] [stdout] 186 |     let res = reqwest::get(url).await.unwrap();
[INFO] [stdout]     |               ^^^^^^^ use of undeclared crate or module `reqwest`
[INFO] [stdout] 
[INFO] [stdout] 
[INFO] [stdout] error[E0433]: failed to resolve: use of undeclared crate or module `reqwest`
[INFO] [stdout]    --> tests/proxy.rs:189:30
[INFO] [stdout]     |
[INFO] [stdout] 189 |     assert_eq!(res.status(), reqwest::StatusCode::OK);
[INFO] [stdout]     |                              ^^^^^^^ use of undeclared crate or module `reqwest`
[INFO] [stdout] 
[INFO] [stdout] 
[INFO] [stdout] error[E0433]: failed to resolve: use of undeclared crate or module `reqwest`
[INFO] [stdout]    --> tests/proxy.rs:222:30
[INFO] [stdout]     |
[INFO] [stdout] 222 |     assert_eq!(res.status(), reqwest::StatusCode::OK);
[INFO] [stdout]     |                              ^^^^^^^ use of undeclared crate or module `reqwest`
[INFO] [stdout] 
[INFO] [stdout] 
[INFO] [stdout] error[E0433]: failed to resolve: use of undeclared crate or module `reqwest`
[INFO] [stdout]   --> tests/proxy.rs:20:24
[INFO] [stdout]    |
[INFO] [stdout] 20 |     let res = reqwest::Client::builder()
[INFO] [stdout]    |                        ^^^^^^ not found in `reqwest`
[INFO] [stdout]    |
[INFO] [stdout] help: consider importing one of these items
[INFO] [stdout]    |
[INFO] [stdout] 3  | use hyper::Client;
[INFO] [stdout]    |
[INFO] [stdout] 3  | use reqwest_wasm::Client;
[INFO] [stdout]    |
[INFO] [stdout] 
[INFO] [stdout] 
[INFO] [stdout] error[E0433]: failed to resolve: use of undeclared crate or module `reqwest`
[INFO] [stdout]   --> tests/proxy.rs:21:25
[INFO] [stdout]    |
[INFO] [stdout] 21 |         .proxy(reqwest::Proxy::http(&proxy).unwrap())
[INFO] [stdout]    |                         ^^^^^ not found in `reqwest`
[INFO] [stdout]    |
[INFO] [stdout] help: consider importing this struct
[INFO] [stdout]    |
[INFO] [stdout] 3  | use reqwest_wasm::Proxy;
[INFO] [stdout]    |
[INFO] [stdout] 
[INFO] [stdout] 
[INFO] [stdout] error[E0433]: failed to resolve: use of undeclared crate or module `reqwest`
[INFO] [stdout]   --> tests/proxy.rs:50:24
[INFO] [stdout]    |
[INFO] [stdout] 50 |     let res = reqwest::Client::builder()
[INFO] [stdout]    |                        ^^^^^^ not found in `reqwest`
[INFO] [stdout]    |
[INFO] [stdout] help: consider importing one of these items
[INFO] [stdout]    |
[INFO] [stdout] 3  | use hyper::Client;
[INFO] [stdout]    |
[INFO] [stdout] 3  | use reqwest_wasm::Client;
[INFO] [stdout]    |
[INFO] [stdout] 
[INFO] [stdout] 
[INFO] [stdout] error[E0433]: failed to resolve: use of undeclared crate or module `reqwest`
[INFO] [stdout]   --> tests/proxy.rs:52:22
[INFO] [stdout]    |
[INFO] [stdout] 52 |             reqwest::Proxy::http(&proxy)
[INFO] [stdout]    |                      ^^^^^ not found in `reqwest`
[INFO] [stdout]    |
[INFO] [stdout] help: consider importing this struct
[INFO] [stdout]    |
[INFO] [stdout] 3  | use reqwest_wasm::Proxy;
[INFO] [stdout]    |
[INFO] [stdout] 
[INFO] [stdout] 
[INFO] [stdout] error[E0433]: failed to resolve: use of undeclared crate or module `reqwest`
[INFO] [stdout]   --> tests/proxy.rs:84:24
[INFO] [stdout]    |
[INFO] [stdout] 84 |     let res = reqwest::Client::builder()
[INFO] [stdout]    |                        ^^^^^^ not found in `reqwest`
[INFO] [stdout]    |
[INFO] [stdout] help: consider importing one of these items
[INFO] [stdout]    |
[INFO] [stdout] 3  | use hyper::Client;
[INFO] [stdout]    |
[INFO] [stdout] 3  | use reqwest_wasm::Client;
[INFO] [stdout]    |
[INFO] [stdout] 
[INFO] [stdout] 
[INFO] [stdout] error[E0433]: failed to resolve: use of undeclared crate or module `reqwest`
[INFO] [stdout]   --> tests/proxy.rs:85:25
[INFO] [stdout]    |
[INFO] [stdout] 85 |         .proxy(reqwest::Proxy::http(&proxy).unwrap())
[INFO] [stdout]    |                         ^^^^^ not found in `reqwest`
[INFO] [stdout]    |
[INFO] [stdout] help: consider importing this struct
[INFO] [stdout]    |
[INFO] [stdout] 3  | use reqwest_wasm::Proxy;
[INFO] [stdout]    |
[INFO] [stdout] 
[INFO] [stdout] 
[INFO] [stdout] error[E0433]: failed to resolve: use of undeclared crate or module `reqwest`
[INFO] [stdout]    --> tests/proxy.rs:121:24
[INFO] [stdout]     |
[INFO] [stdout] 121 |     let res = reqwest::Client::builder()
[INFO] [stdout]     |                        ^^^^^^ not found in `reqwest`
[INFO] [stdout]     |
[INFO] [stdout] help: consider importing one of these items
[INFO] [stdout]     |
[INFO] [stdout] 3   | use hyper::Client;
[INFO] [stdout]     |
[INFO] [stdout] 3   | use reqwest_wasm::Client;
[INFO] [stdout]     |
[INFO] [stdout] 
[INFO] [stdout] 
[INFO] [stdout] error[E0433]: failed to resolve: use of undeclared crate or module `reqwest`
[INFO] [stdout]    --> tests/proxy.rs:151:24
[INFO] [stdout]     |
[INFO] [stdout] 151 |     let res = reqwest::Client::builder()
[INFO] [stdout]     |                        ^^^^^^ not found in `reqwest`
[INFO] [stdout]     |
[INFO] [stdout] help: consider importing one of these items
[INFO] [stdout]     |
[INFO] [stdout] 3   | use hyper::Client;
[INFO] [stdout]     |
[INFO] [stdout] 3   | use reqwest_wasm::Client;
[INFO] [stdout]     |
[INFO] [stdout] 
[INFO] [stdout] 
[INFO] [stdout] error[E0433]: failed to resolve: use of undeclared crate or module `reqwest`
[INFO] [stdout]    --> tests/proxy.rs:152:25
[INFO] [stdout]     |
[INFO] [stdout] 152 |         .proxy(reqwest::Proxy::http(&proxy).unwrap())
[INFO] [stdout]     |                         ^^^^^ not found in `reqwest`
[INFO] [stdout]     |
[INFO] [stdout] help: consider importing this struct
[INFO] [stdout]     |
[INFO] [stdout] 3   | use reqwest_wasm::Proxy;
[INFO] [stdout]     |
[INFO] [stdout] 
[INFO] [stdout] 
[INFO] [stdout] error[E0433]: failed to resolve: use of undeclared crate or module `reqwest`
[INFO] [stdout]    --> tests/proxy.rs:212:24
[INFO] [stdout]     |
[INFO] [stdout] 212 |     let res = reqwest::Client::builder()
[INFO] [stdout]     |                        ^^^^^^ not found in `reqwest`
[INFO] [stdout]     |
[INFO] [stdout] help: consider importing one of these items
[INFO] [stdout]     |
[INFO] [stdout] 3   | use hyper::Client;
[INFO] [stdout]     |
[INFO] [stdout] 3   | use reqwest_wasm::Client;
[INFO] [stdout]     |
[INFO] [stdout] 
[INFO] [stdout] 
[INFO] [stdout] error[E0433]: failed to resolve: use of undeclared crate or module `reqwest`
[INFO] [stdout]    --> tests/proxy.rs:213:25
[INFO] [stdout]     |
[INFO] [stdout] 213 |         .proxy(reqwest::Proxy::http(&proxy).unwrap())
[INFO] [stdout]     |                         ^^^^^ not found in `reqwest`
[INFO] [stdout]     |
[INFO] [stdout] help: consider importing this struct
[INFO] [stdout]     |
[INFO] [stdout] 3   | use reqwest_wasm::Proxy;
[INFO] [stdout]     |
[INFO] [stdout] 
[INFO] [stdout] 
[INFO] [stdout] error[E0433]: failed to resolve: use of undeclared crate or module `reqwest`
[INFO] [stdout]  --> tests/badssl.rs:6:25
[INFO] [stdout]   |
[INFO] [stdout] 6 |     let text = reqwest::Client::builder()
[INFO] [stdout]   |                         ^^^^^^ not found in `reqwest`
[INFO] [stdout]   |
[INFO] [stdout]   = note: consider importing one of these items:
[INFO] [stdout]           hyper::Client
[INFO] [stdout]           reqwest_wasm::Client
[INFO] [stdout] 
[INFO] [stdout] 
[INFO] [stdout] error[E0433]: failed to resolve: use of undeclared crate or module `reqwest`
[INFO] [stdout]   --> tests/badssl.rs:46:25
[INFO] [stdout]    |
[INFO] [stdout] 46 |     let text = reqwest::Client::builder()
[INFO] [stdout]    |                         ^^^^^^ not found in `reqwest`
[INFO] [stdout]    |
[INFO] [stdout]    = note: consider importing one of these items:
[INFO] [stdout]            hyper::Client
[INFO] [stdout]            reqwest_wasm::Client
[INFO] [stdout] 
[INFO] [stdout] 
[INFO] [stdout] error: aborting due to 2 previous errors
[INFO] [stdout] 
[INFO] [stdout] 
[INFO] [stdout] For more information about this error, try `rustc --explain E0433`.
[INFO] [stdout] 
[INFO] [stdout] error[E0433]: failed to resolve: use of undeclared crate or module `reqwest`
[INFO] [stdout]   --> tests/timeouts.rs:19:27
[INFO] [stdout]    |
[INFO] [stdout] 19 |     let client = reqwest::Client::builder()
[INFO] [stdout]    |                           ^^^^^^ not found in `reqwest`
[INFO] [stdout]    |
[INFO] [stdout] help: consider importing one of these items
[INFO] [stdout]    |
[INFO] [stdout] 3  | use hyper::Client;
[INFO] [stdout]    |
[INFO] [stdout] 3  | use reqwest_wasm::Client;
[INFO] [stdout]    |
[INFO] [stdout] 
[INFO] [stdout] 
[INFO] [stdout] error[E0433]: failed to resolve: use of undeclared crate or module `reqwest`
[INFO] [stdout]   --> tests/timeouts.rs:46:27
[INFO] [stdout]    |
[INFO] [stdout] 46 |     let client = reqwest::Client::builder().build().unwrap();
[INFO] [stdout]    |                           ^^^^^^ not found in `reqwest`
[INFO] [stdout]    |
[INFO] [stdout] help: consider importing one of these items
[INFO] [stdout]    |
[INFO] [stdout] 3  | use hyper::Client;
[INFO] [stdout]    |
[INFO] [stdout] 3  | use reqwest_wasm::Client;
[INFO] [stdout]    |
[INFO] [stdout] 
[INFO] [stdout] 
[INFO] [stdout] error[E0433]: failed to resolve: use of undeclared crate or module `reqwest`
[INFO] [stdout]   --> tests/timeouts.rs:71:27
[INFO] [stdout]    |
[INFO] [stdout] 71 |     let client = reqwest::Client::builder()
[INFO] [stdout]    |                           ^^^^^^ not found in `reqwest`
[INFO] [stdout]    |
[INFO] [stdout] help: consider importing one of these items
[INFO] [stdout]    |
[INFO] [stdout] 3  | use hyper::Client;
[INFO] [stdout]    |
[INFO] [stdout] 3  | use reqwest_wasm::Client;
[INFO] [stdout]    |
[INFO] [stdout] 
[INFO] [stdout] 
[INFO] [stdout] error[E0433]: failed to resolve: use of undeclared crate or module `reqwest`
[INFO] [stdout]    --> tests/timeouts.rs:105:27
[INFO] [stdout]     |
[INFO] [stdout] 105 |     let client = reqwest::Client::builder()
[INFO] [stdout]     |                           ^^^^^^ not found in `reqwest`
[INFO] [stdout]     |
[INFO] [stdout] help: consider importing one of these items
[INFO] [stdout]     |
[INFO] [stdout] 3   | use hyper::Client;
[INFO] [stdout]     |
[INFO] [stdout] 3   | use reqwest_wasm::Client;
[INFO] [stdout]     |
[INFO] [stdout] 
[INFO] [stdout] 
[INFO] [stdout] error: aborting due to 19 previous errors
[INFO] [stdout] 
[INFO] [stdout] 
[INFO] [stdout] For more information about this error, try `rustc --explain E0433`.
[INFO] [stdout] 
[INFO] [stdout] error: aborting due to 9 previous errors
[INFO] [stdout] 
[INFO] [stdout] 
[INFO] [stdout] Some errors have detailed explanations: E0432, E0433.
[INFO] [stdout] 
[INFO] [stdout] For more information about an error, try `rustc --explain E0432`.
[INFO] [stdout] 
[INFO] [stdout] error: aborting due to 4 previous errors
[INFO] [stdout] 
[INFO] [stdout] 
[INFO] [stdout] For more information about this error, try `rustc --explain E0433`.
[INFO] [stdout] 
[INFO] [stdout] error[E0433]: failed to resolve: use of undeclared crate or module `reqwest`
[INFO] [stdout]  --> examples/simple.rs:9:15
[INFO] [stdout]   |
[INFO] [stdout] 9 |     let res = reqwest::get("https://hyper.rs").await?;
[INFO] [stdout]   |               ^^^^^^^ use of undeclared crate or module `reqwest`
[INFO] [stdout] 
[INFO] [stdout] 
[INFO] [stdout] error: aborting due to 2 previous errors
[INFO] [stdout] 
[INFO] [stdout] 
[INFO] [stdout] For more information about this error, try `rustc --explain E0433`.
[INFO] [stdout] 
[INFO] [stderr] error: build failed
[INFO] running `Command { std: "docker" "inspect" "82af2f134762a9f65215589e370aa8a54b71a372c6186867aa78d4f8debd4f3c", kill_on_drop: false }`
[INFO] running `Command { std: "docker" "rm" "-f" "82af2f134762a9f65215589e370aa8a54b71a372c6186867aa78d4f8debd4f3c", kill_on_drop: false }`
[INFO] [stdout] 82af2f134762a9f65215589e370aa8a54b71a372c6186867aa78d4f8debd4f3c
