[INFO] fetching crate requiem-framed 0.3.0-r1...
[INFO] checking requiem-framed-0.3.0-r1 against beta-2021-10-15 for beta-1.56-3
[INFO] extracting crate requiem-framed 0.3.0-r1 into /workspace/builds/worker-14/source
[INFO] validating manifest of crates.io crate requiem-framed 0.3.0-r1 on toolchain beta-2021-10-15
[INFO] running `Command { std: "/workspace/cargo-home/bin/cargo" "+beta-2021-10-15" "metadata" "--manifest-path" "Cargo.toml" "--no-deps", kill_on_drop: false }`
[INFO] started tweaking crates.io crate requiem-framed 0.3.0-r1
[INFO] finished tweaking crates.io crate requiem-framed 0.3.0-r1
[INFO] tweaked toml for crates.io crate requiem-framed 0.3.0-r1 written to /workspace/builds/worker-14/source/Cargo.toml
[INFO] running `Command { std: "/workspace/cargo-home/bin/cargo" "+beta-2021-10-15" "generate-lockfile" "--manifest-path" "Cargo.toml" "-Zno-index-update", kill_on_drop: false }`
[INFO] running `Command { std: "/workspace/cargo-home/bin/cargo" "+beta-2021-10-15" "fetch" "--manifest-path" "Cargo.toml", kill_on_drop: false }`
[INFO] [stderr]     Blocking waiting for file lock on package cache
[INFO] running `Command { std: "docker" "create" "-v" "/var/lib/crater-agent-workspace/builds/worker-14/target:/opt/rustwide/target:rw,Z" "-v" "/var/lib/crater-agent-workspace/builds/worker-14/source:/opt/rustwide/workdir:ro,Z" "-v" "/var/lib/crater-agent-workspace/cargo-home:/opt/rustwide/cargo-home:ro,Z" "-v" "/var/lib/crater-agent-workspace/rustup-home:/opt/rustwide/rustup-home:ro,Z" "-e" "SOURCE_DIR=/opt/rustwide/workdir" "-e" "CARGO_TARGET_DIR=/opt/rustwide/target" "-e" "CARGO_HOME=/opt/rustwide/cargo-home" "-e" "RUSTUP_HOME=/opt/rustwide/rustup-home" "-w" "/opt/rustwide/workdir" "-m" "1610612736" "--user" "0:0" "--network" "none" "ghcr.io/rust-lang/crates-build-env/linux@sha256:a89201d6b5b9fd45c15d5952ece0a0129e7e80cb26ec023fd59cf09bc26f1604" "/opt/rustwide/cargo-home/bin/cargo" "+beta-2021-10-15" "metadata" "--no-deps" "--format-version=1", kill_on_drop: false }`
[INFO] [stdout] 207f8d6e3b8db13497ff944608e41453c60325662a5df6626f8c7dc80699f939
[INFO] [stderr] WARNING: Your kernel does not support swap limit capabilities or the cgroup is not mounted. Memory limited without swap.
[INFO] running `Command { std: "docker" "start" "-a" "207f8d6e3b8db13497ff944608e41453c60325662a5df6626f8c7dc80699f939", kill_on_drop: false }`
[INFO] running `Command { std: "docker" "inspect" "207f8d6e3b8db13497ff944608e41453c60325662a5df6626f8c7dc80699f939", kill_on_drop: false }`
[INFO] running `Command { std: "docker" "rm" "-f" "207f8d6e3b8db13497ff944608e41453c60325662a5df6626f8c7dc80699f939", kill_on_drop: false }`
[INFO] [stdout] 207f8d6e3b8db13497ff944608e41453c60325662a5df6626f8c7dc80699f939
[INFO] running `Command { std: "docker" "create" "-v" "/var/lib/crater-agent-workspace/builds/worker-14/target:/opt/rustwide/target:rw,Z" "-v" "/var/lib/crater-agent-workspace/builds/worker-14/source:/opt/rustwide/workdir:ro,Z" "-v" "/var/lib/crater-agent-workspace/cargo-home:/opt/rustwide/cargo-home:ro,Z" "-v" "/var/lib/crater-agent-workspace/rustup-home:/opt/rustwide/rustup-home:ro,Z" "-e" "SOURCE_DIR=/opt/rustwide/workdir" "-e" "CARGO_TARGET_DIR=/opt/rustwide/target" "-e" "CARGO_INCREMENTAL=0" "-e" "RUST_BACKTRACE=full" "-e" "RUSTFLAGS=--cap-lints=warn" "-e" "CARGO_HOME=/opt/rustwide/cargo-home" "-e" "RUSTUP_HOME=/opt/rustwide/rustup-home" "-w" "/opt/rustwide/workdir" "-m" "1610612736" "--user" "0:0" "--network" "none" "ghcr.io/rust-lang/crates-build-env/linux@sha256:a89201d6b5b9fd45c15d5952ece0a0129e7e80cb26ec023fd59cf09bc26f1604" "/opt/rustwide/cargo-home/bin/cargo" "+beta-2021-10-15" "check" "--frozen" "--all" "--all-targets" "--message-format=json", kill_on_drop: false }`
[INFO] [stdout] 6878965443bb5a3a56d6fca5c5d0548b770103f2f88578bf63933e90e1af7168
[INFO] [stderr] WARNING: Your kernel does not support swap limit capabilities or the cgroup is not mounted. Memory limited without swap.
[INFO] running `Command { std: "docker" "start" "-a" "6878965443bb5a3a56d6fca5c5d0548b770103f2f88578bf63933e90e1af7168", kill_on_drop: false }`
[INFO] [stderr]     Checking parking_lot_core v0.7.2
[INFO] [stderr]    Compiling requiem-macros v0.1.1
[INFO] [stderr]     Checking requiem-service v1.0.5
[INFO] [stderr]     Checking serde_urlencoded v0.6.1
[INFO] [stderr]     Checking requiem-router v0.2.4
[INFO] [stderr]     Checking tokio-openssl v0.4.0
[INFO] [stderr]     Checking sha-1 v0.8.2
[INFO] [stderr]     Checking requiem-codec v0.2.0
[INFO] [stderr]     Checking parking_lot v0.10.2
[INFO] [stderr]     Checking requiem-threadpool v0.3.1
[INFO] [stderr]     Checking requiem-rt v1.0.0
[INFO] [stderr]     Checking requiem-utils v1.0.6
[INFO] [stderr]     Checking requiem-connect v1.0.2
[INFO] [stderr]     Checking requiem-server v1.0.1
[INFO] [stderr]     Checking requiem-http v1.0.1
[INFO] [stderr]     Checking requiem-framed v0.3.0-r1 (/opt/rustwide/workdir)
[INFO] [stdout] error[E0432]: unresolved import `requiem_http_test`
[INFO] [stdout]  --> tests/test_server.rs:3:5
[INFO] [stdout]   |
[INFO] [stdout] 3 | use requiem_http_test::test_server;
[INFO] [stdout]   |     ^^^^^^^^^^^^^^^^^ use of undeclared crate or module `requiem_http_test`
[INFO] [stdout] 
[INFO] [stdout] 
[INFO] [stdout] error[E0433]: failed to resolve: use of undeclared crate or module `actix_rt`
[INFO] [stdout]   --> tests/test_server.rs:41:1
[INFO] [stdout]    |
[INFO] [stdout] 41 | #[requiem_rt::test]
[INFO] [stdout]    | ^^^^^^^^^^^^^^^^^^^ not found in `actix_rt`
[INFO] [stdout]    |
[INFO] [stdout]    = note: this error originates in the attribute macro `requiem_rt::test` (in Nightly builds, run with -Z macro-backtrace for more info)
[INFO] [stdout] help: consider importing one of these items
[INFO] [stdout]    |
[INFO] [stdout] 1  | use requiem_rt::System;
[INFO] [stdout]    |
[INFO] [stdout] 1  | use std::alloc::System;
[INFO] [stdout]    |
[INFO] [stdout] 
[INFO] [stdout] 
[INFO] [stdout] error[E0433]: failed to resolve: use of undeclared crate or module `actix_rt`
[INFO] [stdout]   --> tests/test_server.rs:95:1
[INFO] [stdout]    |
[INFO] [stdout] 95 | #[requiem_rt::test]
[INFO] [stdout]    | ^^^^^^^^^^^^^^^^^^^ not found in `actix_rt`
[INFO] [stdout]    |
[INFO] [stdout]    = note: this error originates in the attribute macro `requiem_rt::test` (in Nightly builds, run with -Z macro-backtrace for more info)
[INFO] [stdout] help: consider importing one of these items
[INFO] [stdout]    |
[INFO] [stdout] 1  | use requiem_rt::System;
[INFO] [stdout]    |
[INFO] [stdout] 1  | use std::alloc::System;
[INFO] [stdout]    |
[INFO] [stdout] 
[INFO] [stdout] 
[INFO] [stdout] warning: unused import: `StreamExt`
[INFO] [stdout]  --> tests/test_server.rs:7:32
[INFO] [stdout]   |
[INFO] [stdout] 7 | use futures::{future, SinkExt, StreamExt};
[INFO] [stdout]   |                                ^^^^^^^^^
[INFO] [stdout]   |
[INFO] [stdout]   = note: `#[warn(unused_imports)]` on by default
[INFO] [stdout] 
[INFO] [stdout] 
[INFO] [stdout] error: aborting due to 3 previous errors; 1 warning emitted
[INFO] [stdout] 
[INFO] [stdout] 
[INFO] [stdout] Some errors have detailed explanations: E0432, E0433.
[INFO] [stdout] 
[INFO] [stdout] For more information about an error, try `rustc --explain E0432`.
[INFO] [stdout] 
[INFO] [stderr] error: could not compile `requiem-framed` due to 4 previous errors; 1 warning emitted
[INFO] running `Command { std: "docker" "inspect" "6878965443bb5a3a56d6fca5c5d0548b770103f2f88578bf63933e90e1af7168", kill_on_drop: false }`
[INFO] running `Command { std: "docker" "rm" "-f" "6878965443bb5a3a56d6fca5c5d0548b770103f2f88578bf63933e90e1af7168", kill_on_drop: false }`
[INFO] [stdout] 6878965443bb5a3a56d6fca5c5d0548b770103f2f88578bf63933e90e1af7168
