[INFO] fetching crate requeuest 0.3.0...
[INFO] checking requeuest-0.3.0 against 1.55.0 for beta-1.56-3
[INFO] extracting crate requeuest 0.3.0 into /workspace/builds/worker-14/source
[INFO] validating manifest of crates.io crate requeuest 0.3.0 on toolchain 1.55.0
[INFO] running `Command { std: "/workspace/cargo-home/bin/cargo" "+1.55.0" "metadata" "--manifest-path" "Cargo.toml" "--no-deps", kill_on_drop: false }`
[INFO] started tweaking crates.io crate requeuest 0.3.0
[INFO] finished tweaking crates.io crate requeuest 0.3.0
[INFO] tweaked toml for crates.io crate requeuest 0.3.0 written to /workspace/builds/worker-14/source/Cargo.toml
[INFO] running `Command { std: "/workspace/cargo-home/bin/cargo" "+1.55.0" "generate-lockfile" "--manifest-path" "Cargo.toml" "-Zno-index-update", kill_on_drop: false }`
[INFO] [stderr]     Blocking waiting for file lock on package cache
[INFO] running `Command { std: "/workspace/cargo-home/bin/cargo" "+1.55.0" "fetch" "--manifest-path" "Cargo.toml", kill_on_drop: false }`
[INFO] [stderr]  Downloading crates ...
[INFO] [stderr]   Downloaded sqlformat v0.1.8
[INFO] [stderr]   Downloaded ntest_test_cases v0.7.3
[INFO] [stderr]   Downloaded ntest_proc_macro_helper v0.7.3
[INFO] [stderr]   Downloaded actix-rt v2.3.0
[INFO] [stderr]   Downloaded ntest_timeout v0.7.3
[INFO] [stderr]   Downloaded anymap2 v0.13.0
[INFO] [stderr]   Downloaded atoi v0.4.0
[INFO] [stderr]   Downloaded sqlx-core v0.5.9
[INFO] [stderr]   Downloaded http-serde v1.0.3
[INFO] [stderr]   Downloaded whoami v1.1.5
[INFO] [stderr]   Downloaded async-native-tls v0.3.3
[INFO] [stderr]   Downloaded sqlx-rt v0.5.9
[INFO] [stderr]   Downloaded sqlx v0.5.9
[INFO] [stderr]   Downloaded sqlxmq v0.3.1
[INFO] [stderr]   Downloaded sqlxmq_macros v0.3.1
[INFO] [stderr]   Downloaded crc-catalog v1.1.1
[INFO] [stderr]   Downloaded crc v2.0.0
[INFO] [stderr]   Downloaded ntest v0.7.3
[INFO] [stderr]   Downloaded async-rustls v0.2.0
[INFO] [stderr]   Downloaded sqlx-macros v0.5.9
[INFO] running `Command { std: "docker" "create" "-v" "/var/lib/crater-agent-workspace/builds/worker-14/target:/opt/rustwide/target:rw,Z" "-v" "/var/lib/crater-agent-workspace/builds/worker-14/source:/opt/rustwide/workdir:ro,Z" "-v" "/var/lib/crater-agent-workspace/cargo-home:/opt/rustwide/cargo-home:ro,Z" "-v" "/var/lib/crater-agent-workspace/rustup-home:/opt/rustwide/rustup-home:ro,Z" "-e" "SOURCE_DIR=/opt/rustwide/workdir" "-e" "CARGO_TARGET_DIR=/opt/rustwide/target" "-e" "CARGO_HOME=/opt/rustwide/cargo-home" "-e" "RUSTUP_HOME=/opt/rustwide/rustup-home" "-w" "/opt/rustwide/workdir" "-m" "1610612736" "--user" "0:0" "--network" "none" "ghcr.io/rust-lang/crates-build-env/linux@sha256:a89201d6b5b9fd45c15d5952ece0a0129e7e80cb26ec023fd59cf09bc26f1604" "/opt/rustwide/cargo-home/bin/cargo" "+1.55.0" "metadata" "--no-deps" "--format-version=1", kill_on_drop: false }`
[INFO] [stderr] WARNING: Your kernel does not support swap limit capabilities or the cgroup is not mounted. Memory limited without swap.
[INFO] [stdout] d931f16f4921bc29e2986fb1309dc420f1bc005ea7bd6a5596f6e8e4eacf4a16
[INFO] running `Command { std: "docker" "start" "-a" "d931f16f4921bc29e2986fb1309dc420f1bc005ea7bd6a5596f6e8e4eacf4a16", kill_on_drop: false }`
[INFO] running `Command { std: "docker" "inspect" "d931f16f4921bc29e2986fb1309dc420f1bc005ea7bd6a5596f6e8e4eacf4a16", kill_on_drop: false }`
[INFO] running `Command { std: "docker" "rm" "-f" "d931f16f4921bc29e2986fb1309dc420f1bc005ea7bd6a5596f6e8e4eacf4a16", kill_on_drop: false }`
[INFO] [stdout] d931f16f4921bc29e2986fb1309dc420f1bc005ea7bd6a5596f6e8e4eacf4a16
[INFO] running `Command { std: "docker" "create" "-v" "/var/lib/crater-agent-workspace/builds/worker-14/target:/opt/rustwide/target:rw,Z" "-v" "/var/lib/crater-agent-workspace/builds/worker-14/source:/opt/rustwide/workdir:ro,Z" "-v" "/var/lib/crater-agent-workspace/cargo-home:/opt/rustwide/cargo-home:ro,Z" "-v" "/var/lib/crater-agent-workspace/rustup-home:/opt/rustwide/rustup-home:ro,Z" "-e" "SOURCE_DIR=/opt/rustwide/workdir" "-e" "CARGO_TARGET_DIR=/opt/rustwide/target" "-e" "CARGO_INCREMENTAL=0" "-e" "RUST_BACKTRACE=full" "-e" "RUSTFLAGS=--cap-lints=warn" "-e" "CARGO_HOME=/opt/rustwide/cargo-home" "-e" "RUSTUP_HOME=/opt/rustwide/rustup-home" "-w" "/opt/rustwide/workdir" "-m" "1610612736" "--user" "0:0" "--network" "none" "ghcr.io/rust-lang/crates-build-env/linux@sha256:a89201d6b5b9fd45c15d5952ece0a0129e7e80cb26ec023fd59cf09bc26f1604" "/opt/rustwide/cargo-home/bin/cargo" "+1.55.0" "check" "--frozen" "--all" "--all-targets" "--message-format=json", kill_on_drop: false }`
[INFO] [stdout] 1fdb49b6a9af10f42c52dc939cd01b8ffaa9cc49c3ce49a3d014ef9623c1dea8
[INFO] [stderr] WARNING: Your kernel does not support swap limit capabilities or the cgroup is not mounted. Memory limited without swap.
[INFO] running `Command { std: "docker" "start" "-a" "1fdb49b6a9af10f42c52dc939cd01b8ffaa9cc49c3ce49a3d014ef9623c1dea8", kill_on_drop: false }`
[INFO] [stderr]    Compiling whoami v1.1.5
[INFO] [stderr]     Checking anymap2 v0.13.0
[INFO] [stderr]     Checking owo-colors v1.3.0
[INFO] [stderr]    Compiling backtrace v0.3.61
[INFO] [stderr]    Compiling crossbeam-utils v0.8.5
[INFO] [stderr]    Compiling ring v0.16.20
[INFO] [stderr]    Compiling dirs-sys v0.3.6
[INFO] [stderr]     Checking nom v7.0.0
[INFO] [stderr]     Checking crossbeam-queue v0.3.2
[INFO] [stderr]     Checking ahash v0.7.6
[INFO] [stderr]    Compiling stringprep v0.1.2
[INFO] [stderr]    Compiling uuid v0.8.2
[INFO] [stderr]     Checking dirs v3.0.2
[INFO] [stderr]    Compiling crypto-mac v0.11.1
[INFO] [stderr]    Compiling num-integer v0.1.44
[INFO] [stderr]    Compiling atoi v0.4.0
[INFO] [stderr]    Compiling tokio-macros v1.5.0
[INFO] [stderr]    Compiling futures-macro v0.3.17
[INFO] [stderr]    Compiling sqlxmq_macros v0.3.1
[INFO] [stderr]    Compiling ntest_test_cases v0.7.3
[INFO] [stderr]     Checking rustls v0.19.1
[INFO] [stderr]    Compiling md-5 v0.9.1
[INFO] [stderr]    Compiling hmac v0.11.0
[INFO] [stderr]    Compiling serde v1.0.130
[INFO] [stderr]    Compiling hashbrown v0.11.2
[INFO] [stderr]    Compiling crossbeam-channel v0.5.1
[INFO] [stderr]    Compiling thiserror v1.0.30
[INFO] [stderr]    Compiling rand v0.8.4
[INFO] [stderr]    Compiling chrono v0.4.19
[INFO] [stderr]     Checking indexmap v1.7.0
[INFO] [stderr]     Checking hashlink v0.7.0
[INFO] [stderr]    Compiling webpki v0.21.4
[INFO] [stderr]    Compiling sct v0.6.1
[INFO] [stderr]     Checking sqlformat v0.1.8
[INFO] [stderr]     Checking color-eyre v0.5.11
[INFO] [stderr]    Compiling webpki-roots v0.21.1
[INFO] [stderr]     Checking tokio v1.12.0
[INFO] [stderr]     Checking futures-util v0.3.17
[INFO] [stderr]     Checking url v2.2.2
[INFO] [stderr]     Checking serde_json v1.0.68
[INFO] [stderr]     Checking serde_urlencoded v0.7.0
[INFO] [stderr]     Checking bincode v1.3.3
[INFO] [stderr]     Checking http-serde v1.0.3
[INFO] [stderr]    Compiling toml v0.5.8
[INFO] [stderr]    Compiling proc-macro-crate v0.1.5
[INFO] [stderr]    Compiling ntest_timeout v0.7.3
[INFO] [stderr]     Checking tokio-rustls v0.22.0
[INFO] [stderr]     Checking tokio-util v0.6.8
[INFO] [stderr]     Checking tokio-stream v0.1.7
[INFO] [stderr]     Checking sqlx-rt v0.5.9
[INFO] [stderr]     Checking h2 v0.3.6
[INFO] [stderr]     Checking sqlx-core v0.5.9
[INFO] [stderr]     Checking ntest v0.7.3
[INFO] [stderr]     Checking hyper v0.14.13
[INFO] [stderr]     Checking hyper-rustls v0.22.1
[INFO] [stderr]     Checking reqwest v0.11.5
[INFO] [stderr]    Compiling sqlx-macros v0.5.9
[INFO] [stderr]     Checking sqlx v0.5.9
[INFO] [stderr]     Checking sqlxmq v0.3.1
[INFO] [stderr]     Checking requeuest v0.3.0 (/opt/rustwide/workdir)
[INFO] [stdout] error: custom attribute panicked
[INFO] [stdout]    --> tests/send.rs:128:1
[INFO] [stdout]     |
[INFO] [stdout] 128 | #[ntest::timeout(30_000)]
[INFO] [stdout]     | ^^^^^^^^^^^^^^^^^^^^^^^^^
[INFO] [stdout]     |
[INFO] [stdout]     = help: message: Expected identifier!
[INFO] [stdout] 
[INFO] [stdout] 
[INFO] [stdout] error: custom attribute panicked
[INFO] [stdout]   --> tests/send.rs:86:1
[INFO] [stdout]    |
[INFO] [stdout] 86 | #[ntest::timeout(60_000)]
[INFO] [stdout]    | ^^^^^^^^^^^^^^^^^^^^^^^^^
[INFO] [stdout]    |
[INFO] [stdout]    = help: message: Expected identifier!
[INFO] [stdout] 
[INFO] [stdout] 
[INFO] [stdout] error: custom attribute panicked
[INFO] [stdout]   --> tests/send.rs:52:1
[INFO] [stdout]    |
[INFO] [stdout] 52 | #[ntest::timeout(60_000)]
[INFO] [stdout]    | ^^^^^^^^^^^^^^^^^^^^^^^^^
[INFO] [stdout]    |
[INFO] [stdout]    = help: message: Expected identifier!
[INFO] [stdout] 
[INFO] [stdout] 
[INFO] [stdout] error[E0433]: failed to resolve: use of undeclared crate or module `sqlx_database_tester`
[INFO] [stdout]    --> tests/send.rs:127:3
[INFO] [stdout]     |
[INFO] [stdout] 127 | #[sqlx_database_tester::test(pool(variable = "pool", skip_migrations))]
[INFO] [stdout]     |   ^^^^^^^^^^^^^^^^^^^^ use of undeclared crate or module `sqlx_database_tester`
[INFO] [stdout] 
[INFO] [stdout] 
[INFO] [stdout] error[E0433]: failed to resolve: use of undeclared crate or module `sqlx_database_tester`
[INFO] [stdout]   --> tests/send.rs:85:3
[INFO] [stdout]    |
[INFO] [stdout] 85 | #[sqlx_database_tester::test(pool(variable = "pool", skip_migrations))]
[INFO] [stdout]    |   ^^^^^^^^^^^^^^^^^^^^ use of undeclared crate or module `sqlx_database_tester`
[INFO] [stdout] 
[INFO] [stdout] 
[INFO] [stdout] error[E0433]: failed to resolve: use of undeclared crate or module `sqlx_database_tester`
[INFO] [stdout]   --> tests/send.rs:51:3
[INFO] [stdout]    |
[INFO] [stdout] 51 | #[sqlx_database_tester::test(pool(variable = "pool", skip_migrations))]
[INFO] [stdout]    |   ^^^^^^^^^^^^^^^^^^^^ use of undeclared crate or module `sqlx_database_tester`
[INFO] [stdout] 
[INFO] [stdout] 
[INFO] [stdout] warning: unused imports: `Ordering`, `iter::FromIterator`, `time::Duration`
[INFO] [stdout]  --> tests/send.rs:4:2
[INFO] [stdout]   |
[INFO] [stdout] 4 |     iter::FromIterator,
[INFO] [stdout]   |     ^^^^^^^^^^^^^^^^^^
[INFO] [stdout] 5 |     sync::atomic::{AtomicU32, Ordering},
[INFO] [stdout]   |                               ^^^^^^^^
[INFO] [stdout] 6 |     time::Duration,
[INFO] [stdout]   |     ^^^^^^^^^^^^^^
[INFO] [stdout]   |
[INFO] [stdout]   = note: `#[warn(unused_imports)]` on by default
[INFO] [stdout] 
[INFO] [stdout] 
[INFO] [stdout] warning: unused imports: `Channels`, `Client`, `HeaderMap`, `Url`, `request::Request`
[INFO] [stdout]   --> tests/send.rs:11:11
[INFO] [stdout]    |
[INFO] [stdout] 11 |     client::{Channels, Client},
[INFO] [stdout]    |              ^^^^^^^^  ^^^^^^
[INFO] [stdout] 12 |     request::Request,
[INFO] [stdout]    |     ^^^^^^^^^^^^^^^^
[INFO] [stdout] 13 |     HeaderMap, Url,
[INFO] [stdout]    |     ^^^^^^^^^  ^^^
[INFO] [stdout] 
[INFO] [stdout] 
[INFO] [stdout] warning: unused imports: `AUTHORIZATION`, `HeaderValue`
[INFO] [stdout]   --> tests/send.rs:15:23
[INFO] [stdout]    |
[INFO] [stdout] 15 | use reqwest::header::{HeaderValue, AUTHORIZATION};
[INFO] [stdout]    |                       ^^^^^^^^^^^  ^^^^^^^^^^^^^
[INFO] [stdout] 
[INFO] [stdout] 
[INFO] [stdout] error: aborting due to 6 previous errors; 3 warnings emitted
[INFO] [stdout] 
[INFO] [stdout] 
[INFO] [stdout] For more information about this error, try `rustc --explain E0433`.
[INFO] [stdout] 
[INFO] [stderr] error: could not compile `requeuest` due to 7 previous errors; 3 warnings emitted
[INFO] running `Command { std: "docker" "inspect" "1fdb49b6a9af10f42c52dc939cd01b8ffaa9cc49c3ce49a3d014ef9623c1dea8", kill_on_drop: false }`
[INFO] running `Command { std: "docker" "rm" "-f" "1fdb49b6a9af10f42c52dc939cd01b8ffaa9cc49c3ce49a3d014ef9623c1dea8", kill_on_drop: false }`
[INFO] [stdout] 1fdb49b6a9af10f42c52dc939cd01b8ffaa9cc49c3ce49a3d014ef9623c1dea8
