[INFO] fetching crate requestty-ui 0.2.0...
[INFO] checking requestty-ui-0.2.0 against beta-2021-10-15 for beta-1.56-3
[INFO] extracting crate requestty-ui 0.2.0 into /workspace/builds/worker-3/source
[INFO] validating manifest of crates.io crate requestty-ui 0.2.0 on toolchain beta-2021-10-15
[INFO] running `Command { std: "/workspace/cargo-home/bin/cargo" "+beta-2021-10-15" "metadata" "--manifest-path" "Cargo.toml" "--no-deps", kill_on_drop: false }`
[INFO] started tweaking crates.io crate requestty-ui 0.2.0
[INFO] finished tweaking crates.io crate requestty-ui 0.2.0
[INFO] tweaked toml for crates.io crate requestty-ui 0.2.0 written to /workspace/builds/worker-3/source/Cargo.toml
[INFO] running `Command { std: "/workspace/cargo-home/bin/cargo" "+beta-2021-10-15" "generate-lockfile" "--manifest-path" "Cargo.toml" "-Zno-index-update", kill_on_drop: false }`
[INFO] running `Command { std: "/workspace/cargo-home/bin/cargo" "+beta-2021-10-15" "fetch" "--manifest-path" "Cargo.toml", kill_on_drop: false }`
[INFO] [stderr]  Downloading crates ...
[INFO] [stderr]   Downloaded smawk v0.3.1
[INFO] [stderr]   Downloaded crossterm v0.21.0
[INFO] [stderr]   Downloaded unicode-linebreak v0.1.2
[INFO] [stderr]   Downloaded insta v1.8.0
[INFO] running `Command { std: "docker" "create" "-v" "/var/lib/crater-agent-workspace/builds/worker-3/target:/opt/rustwide/target:rw,Z" "-v" "/var/lib/crater-agent-workspace/builds/worker-3/source:/opt/rustwide/workdir:ro,Z" "-v" "/var/lib/crater-agent-workspace/cargo-home:/opt/rustwide/cargo-home:ro,Z" "-v" "/var/lib/crater-agent-workspace/rustup-home:/opt/rustwide/rustup-home:ro,Z" "-e" "SOURCE_DIR=/opt/rustwide/workdir" "-e" "CARGO_TARGET_DIR=/opt/rustwide/target" "-e" "CARGO_HOME=/opt/rustwide/cargo-home" "-e" "RUSTUP_HOME=/opt/rustwide/rustup-home" "-w" "/opt/rustwide/workdir" "-m" "1610612736" "--user" "0:0" "--network" "none" "ghcr.io/rust-lang/crates-build-env/linux@sha256:a89201d6b5b9fd45c15d5952ece0a0129e7e80cb26ec023fd59cf09bc26f1604" "/opt/rustwide/cargo-home/bin/cargo" "+beta-2021-10-15" "metadata" "--no-deps" "--format-version=1", kill_on_drop: false }`
[INFO] [stdout] f44a4fe3b9cdfff6fb3cf9a3244b551775c1cc61208b6f75f3256ba92b27b636
[INFO] [stderr] WARNING: Your kernel does not support swap limit capabilities or the cgroup is not mounted. Memory limited without swap.
[INFO] running `Command { std: "docker" "start" "-a" "f44a4fe3b9cdfff6fb3cf9a3244b551775c1cc61208b6f75f3256ba92b27b636", kill_on_drop: false }`
[INFO] running `Command { std: "docker" "inspect" "f44a4fe3b9cdfff6fb3cf9a3244b551775c1cc61208b6f75f3256ba92b27b636", kill_on_drop: false }`
[INFO] running `Command { std: "docker" "rm" "-f" "f44a4fe3b9cdfff6fb3cf9a3244b551775c1cc61208b6f75f3256ba92b27b636", kill_on_drop: false }`
[INFO] [stdout] f44a4fe3b9cdfff6fb3cf9a3244b551775c1cc61208b6f75f3256ba92b27b636
[INFO] running `Command { std: "docker" "create" "-v" "/var/lib/crater-agent-workspace/builds/worker-3/target:/opt/rustwide/target:rw,Z" "-v" "/var/lib/crater-agent-workspace/builds/worker-3/source:/opt/rustwide/workdir:ro,Z" "-v" "/var/lib/crater-agent-workspace/cargo-home:/opt/rustwide/cargo-home:ro,Z" "-v" "/var/lib/crater-agent-workspace/rustup-home:/opt/rustwide/rustup-home:ro,Z" "-e" "SOURCE_DIR=/opt/rustwide/workdir" "-e" "CARGO_TARGET_DIR=/opt/rustwide/target" "-e" "CARGO_INCREMENTAL=0" "-e" "RUST_BACKTRACE=full" "-e" "RUSTFLAGS=--cap-lints=warn" "-e" "CARGO_HOME=/opt/rustwide/cargo-home" "-e" "RUSTUP_HOME=/opt/rustwide/rustup-home" "-w" "/opt/rustwide/workdir" "-m" "1610612736" "--user" "0:0" "--network" "none" "ghcr.io/rust-lang/crates-build-env/linux@sha256:a89201d6b5b9fd45c15d5952ece0a0129e7e80cb26ec023fd59cf09bc26f1604" "/opt/rustwide/cargo-home/bin/cargo" "+beta-2021-10-15" "check" "--frozen" "--all" "--all-targets" "--message-format=json", kill_on_drop: false }`
[INFO] [stdout] aba355ae42b978b04b7325a414573714b3f755de431c63c7694e1f0ba8ac263a
[INFO] [stderr] WARNING: Your kernel does not support swap limit capabilities or the cgroup is not mounted. Memory limited without swap.
[INFO] running `Command { std: "docker" "start" "-a" "aba355ae42b978b04b7325a414573714b3f755de431c63c7694e1f0ba8ac263a", kill_on_drop: false }`
[INFO] [stderr]     Checking smawk v0.3.1
[INFO] [stderr]    Compiling unicode-linebreak v0.1.2
[INFO] [stderr]     Checking serde_yaml v0.8.21
[INFO] [stderr]     Checking insta v1.8.0
[INFO] [stderr]     Checking textwrap v0.14.2
[INFO] [stderr]     Checking requestty-ui v0.2.0 (/opt/rustwide/workdir)
[INFO] [stdout] error[E0433]: failed to resolve: could not find `assert_backend_snapshot` in the crate root
[INFO] [stdout]    --> src/char_input.rs:185:16
[INFO] [stdout]     |
[INFO] [stdout] 185 |         crate::assert_backend_snapshot!(backend);
[INFO] [stdout]     |                ^^^^^^^^^^^^^^^^^^^^^^^ could not find `assert_backend_snapshot` in the crate root
[INFO] [stdout] 
[INFO] [stdout] 
[INFO] [stdout] error[E0433]: failed to resolve: could not find `assert_backend_snapshot` in the crate root
[INFO] [stdout]    --> src/input.rs:325:16
[INFO] [stdout]     |
[INFO] [stdout] 325 |         crate::assert_backend_snapshot!(*backend);
[INFO] [stdout]     |                ^^^^^^^^^^^^^^^^^^^^^^^ could not find `assert_backend_snapshot` in the crate root
[INFO] [stdout] 
[INFO] [stdout] 
[INFO] [stdout] error[E0433]: failed to resolve: could not find `assert_backend_snapshot` in the crate root
[INFO] [stdout]    --> src/input.rs:348:16
[INFO] [stdout]     |
[INFO] [stdout] 348 |         crate::assert_backend_snapshot!(backend);
[INFO] [stdout]     |                ^^^^^^^^^^^^^^^^^^^^^^^ could not find `assert_backend_snapshot` in the crate root
[INFO] [stdout] 
[INFO] [stdout] 
[INFO] [stdout] error[E0433]: failed to resolve: could not find `assert_backend_snapshot` in the crate root
[INFO] [stdout]    --> src/input.rs:361:16
[INFO] [stdout]     |
[INFO] [stdout] 361 |         crate::assert_backend_snapshot!(backend);
[INFO] [stdout]     |                ^^^^^^^^^^^^^^^^^^^^^^^ could not find `assert_backend_snapshot` in the crate root
[INFO] [stdout] 
[INFO] [stdout] 
[INFO] [stdout] error[E0433]: failed to resolve: could not find `assert_backend_snapshot` in the crate root
[INFO] [stdout]    --> src/input.rs:374:16
[INFO] [stdout]     |
[INFO] [stdout] 374 |         crate::assert_backend_snapshot!(backend);
[INFO] [stdout]     |                ^^^^^^^^^^^^^^^^^^^^^^^ could not find `assert_backend_snapshot` in the crate root
[INFO] [stdout] 
[INFO] [stdout] 
[INFO] [stdout] error[E0433]: failed to resolve: could not find `assert_backend_snapshot` in the crate root
[INFO] [stdout]    --> src/input.rs:393:16
[INFO] [stdout]     |
[INFO] [stdout] 393 |         crate::assert_backend_snapshot!(backend);
[INFO] [stdout]     |                ^^^^^^^^^^^^^^^^^^^^^^^ could not find `assert_backend_snapshot` in the crate root
[INFO] [stdout] 
[INFO] [stdout] 
[INFO] [stdout] error[E0433]: failed to resolve: could not find `assert_backend_snapshot` in the crate root
[INFO] [stdout]    --> src/input.rs:413:16
[INFO] [stdout]     |
[INFO] [stdout] 413 |         crate::assert_backend_snapshot!(backend);
[INFO] [stdout]     |                ^^^^^^^^^^^^^^^^^^^^^^^ could not find `assert_backend_snapshot` in the crate root
[INFO] [stdout] 
[INFO] [stdout] 
[INFO] [stdout] error[E0433]: failed to resolve: could not find `assert_backend_snapshot` in the crate root
[INFO] [stdout]    --> src/input.rs:431:16
[INFO] [stdout]     |
[INFO] [stdout] 431 |         crate::assert_backend_snapshot!(backend);
[INFO] [stdout]     |                ^^^^^^^^^^^^^^^^^^^^^^^ could not find `assert_backend_snapshot` in the crate root
[INFO] [stdout] 
[INFO] [stdout] 
[INFO] [stdout] error[E0433]: failed to resolve: could not find `assert_backend_snapshot` in the crate root
[INFO] [stdout]    --> src/prompt.rs:252:20
[INFO] [stdout]     |
[INFO] [stdout] 252 |             crate::assert_backend_snapshot!(backend);
[INFO] [stdout]     |                    ^^^^^^^^^^^^^^^^^^^^^^^ could not find `assert_backend_snapshot` in the crate root
[INFO] [stdout] 
[INFO] [stdout] 
[INFO] [stdout] error[E0433]: failed to resolve: could not find `assert_backend_snapshot` in the crate root
[INFO] [stdout]    --> src/select/tests.rs:539:12
[INFO] [stdout]     |
[INFO] [stdout] 539 |     crate::assert_backend_snapshot!(backend);
[INFO] [stdout]     |            ^^^^^^^^^^^^^^^^^^^^^^^ could not find `assert_backend_snapshot` in the crate root
[INFO] [stdout] 
[INFO] [stdout] 
[INFO] [stdout] error[E0433]: failed to resolve: could not find `assert_backend_snapshot` in the crate root
[INFO] [stdout]    --> src/select/tests.rs:552:12
[INFO] [stdout]     |
[INFO] [stdout] 552 |     crate::assert_backend_snapshot!(backend);
[INFO] [stdout]     |            ^^^^^^^^^^^^^^^^^^^^^^^ could not find `assert_backend_snapshot` in the crate root
[INFO] [stdout] 
[INFO] [stdout] 
[INFO] [stdout] error[E0433]: failed to resolve: could not find `assert_backend_snapshot` in the crate root
[INFO] [stdout]    --> src/select/tests.rs:567:12
[INFO] [stdout]     |
[INFO] [stdout] 567 |     crate::assert_backend_snapshot!(backend);
[INFO] [stdout]     |            ^^^^^^^^^^^^^^^^^^^^^^^ could not find `assert_backend_snapshot` in the crate root
[INFO] [stdout] 
[INFO] [stdout] 
[INFO] [stdout] error[E0433]: failed to resolve: could not find `assert_backend_snapshot` in the crate root
[INFO] [stdout]    --> src/select/tests.rs:590:12
[INFO] [stdout]     |
[INFO] [stdout] 590 |     crate::assert_backend_snapshot!(backend);
[INFO] [stdout]     |            ^^^^^^^^^^^^^^^^^^^^^^^ could not find `assert_backend_snapshot` in the crate root
[INFO] [stdout] 
[INFO] [stdout] 
[INFO] [stdout] error[E0433]: failed to resolve: could not find `assert_backend_snapshot` in the crate root
[INFO] [stdout]    --> src/string_input.rs:519:20
[INFO] [stdout]     |
[INFO] [stdout] 519 |             crate::assert_backend_snapshot!(backend);
[INFO] [stdout]     |                    ^^^^^^^^^^^^^^^^^^^^^^^ could not find `assert_backend_snapshot` in the crate root
[INFO] [stdout] 
[INFO] [stdout] 
[INFO] [stdout] error[E0433]: failed to resolve: could not find `assert_backend_snapshot` in the crate root
[INFO] [stdout]    --> src/text.rs:223:16
[INFO] [stdout]     |
[INFO] [stdout] 223 |         crate::assert_backend_snapshot!(backend);
[INFO] [stdout]     |                ^^^^^^^^^^^^^^^^^^^^^^^ could not find `assert_backend_snapshot` in the crate root
[INFO] [stdout] 
[INFO] [stdout] 
[INFO] [stdout] error[E0433]: failed to resolve: could not find `assert_backend_snapshot` in the crate root
[INFO] [stdout]    --> src/text.rs:236:16
[INFO] [stdout]     |
[INFO] [stdout] 236 |         crate::assert_backend_snapshot!(backend);
[INFO] [stdout]     |                ^^^^^^^^^^^^^^^^^^^^^^^ could not find `assert_backend_snapshot` in the crate root
[INFO] [stdout] 
[INFO] [stdout] 
[INFO] [stdout] error[E0433]: failed to resolve: could not find `assert_backend_snapshot` in the crate root
[INFO] [stdout]    --> src/text.rs:245:16
[INFO] [stdout]     |
[INFO] [stdout] 245 |         crate::assert_backend_snapshot!(backend);
[INFO] [stdout]     |                ^^^^^^^^^^^^^^^^^^^^^^^ could not find `assert_backend_snapshot` in the crate root
[INFO] [stdout] 
[INFO] [stdout] 
[INFO] [stdout] error: aborting due to 17 previous errors
[INFO] [stdout] 
[INFO] [stdout] 
[INFO] [stdout] For more information about this error, try `rustc --explain E0433`.
[INFO] [stdout] 
[INFO] [stderr] error: could not compile `requestty-ui` due to 18 previous errors
[INFO] [stderr] warning: build failed, waiting for other jobs to finish...
[INFO] [stderr] error: build failed
[INFO] running `Command { std: "docker" "inspect" "aba355ae42b978b04b7325a414573714b3f755de431c63c7694e1f0ba8ac263a", kill_on_drop: false }`
[INFO] running `Command { std: "docker" "rm" "-f" "aba355ae42b978b04b7325a414573714b3f755de431c63c7694e1f0ba8ac263a", kill_on_drop: false }`
[INFO] [stdout] aba355ae42b978b04b7325a414573714b3f755de431c63c7694e1f0ba8ac263a
