[INFO] fetching crate request-response 0.9.0...
[INFO] checking request-response-0.9.0 against 1.55.0 for beta-1.56-3
[INFO] extracting crate request-response 0.9.0 into /workspace/builds/worker-8/source
[INFO] validating manifest of crates.io crate request-response 0.9.0 on toolchain 1.55.0
[INFO] running `Command { std: "/workspace/cargo-home/bin/cargo" "+1.55.0" "metadata" "--manifest-path" "Cargo.toml" "--no-deps", kill_on_drop: false }`
[INFO] started tweaking crates.io crate request-response 0.9.0
[INFO] finished tweaking crates.io crate request-response 0.9.0
[INFO] tweaked toml for crates.io crate request-response 0.9.0 written to /workspace/builds/worker-8/source/Cargo.toml
[INFO] running `Command { std: "/workspace/cargo-home/bin/cargo" "+1.55.0" "generate-lockfile" "--manifest-path" "Cargo.toml" "-Zno-index-update", kill_on_drop: false }`
[INFO] running `Command { std: "/workspace/cargo-home/bin/cargo" "+1.55.0" "fetch" "--manifest-path" "Cargo.toml", kill_on_drop: false }`
[INFO] running `Command { std: "docker" "create" "-v" "/var/lib/crater-agent-workspace/builds/worker-8/target:/opt/rustwide/target:rw,Z" "-v" "/var/lib/crater-agent-workspace/builds/worker-8/source:/opt/rustwide/workdir:ro,Z" "-v" "/var/lib/crater-agent-workspace/cargo-home:/opt/rustwide/cargo-home:ro,Z" "-v" "/var/lib/crater-agent-workspace/rustup-home:/opt/rustwide/rustup-home:ro,Z" "-e" "SOURCE_DIR=/opt/rustwide/workdir" "-e" "CARGO_TARGET_DIR=/opt/rustwide/target" "-e" "CARGO_HOME=/opt/rustwide/cargo-home" "-e" "RUSTUP_HOME=/opt/rustwide/rustup-home" "-w" "/opt/rustwide/workdir" "-m" "1610612736" "--user" "0:0" "--network" "none" "ghcr.io/rust-lang/crates-build-env/linux@sha256:a89201d6b5b9fd45c15d5952ece0a0129e7e80cb26ec023fd59cf09bc26f1604" "/opt/rustwide/cargo-home/bin/cargo" "+1.55.0" "metadata" "--no-deps" "--format-version=1", kill_on_drop: false }`
[INFO] [stdout] 209563bd0fbd311df7e11f4cefbf90fb42c8259badcfea79986f4f11a7a43335
[INFO] [stderr] WARNING: Your kernel does not support swap limit capabilities or the cgroup is not mounted. Memory limited without swap.
[INFO] running `Command { std: "docker" "start" "-a" "209563bd0fbd311df7e11f4cefbf90fb42c8259badcfea79986f4f11a7a43335", kill_on_drop: false }`
[INFO] running `Command { std: "docker" "inspect" "209563bd0fbd311df7e11f4cefbf90fb42c8259badcfea79986f4f11a7a43335", kill_on_drop: false }`
[INFO] running `Command { std: "docker" "rm" "-f" "209563bd0fbd311df7e11f4cefbf90fb42c8259badcfea79986f4f11a7a43335", kill_on_drop: false }`
[INFO] [stdout] 209563bd0fbd311df7e11f4cefbf90fb42c8259badcfea79986f4f11a7a43335
[INFO] running `Command { std: "docker" "create" "-v" "/var/lib/crater-agent-workspace/builds/worker-8/target:/opt/rustwide/target:rw,Z" "-v" "/var/lib/crater-agent-workspace/builds/worker-8/source:/opt/rustwide/workdir:ro,Z" "-v" "/var/lib/crater-agent-workspace/cargo-home:/opt/rustwide/cargo-home:ro,Z" "-v" "/var/lib/crater-agent-workspace/rustup-home:/opt/rustwide/rustup-home:ro,Z" "-e" "SOURCE_DIR=/opt/rustwide/workdir" "-e" "CARGO_TARGET_DIR=/opt/rustwide/target" "-e" "CARGO_INCREMENTAL=0" "-e" "RUST_BACKTRACE=full" "-e" "RUSTFLAGS=--cap-lints=warn" "-e" "CARGO_HOME=/opt/rustwide/cargo-home" "-e" "RUSTUP_HOME=/opt/rustwide/rustup-home" "-w" "/opt/rustwide/workdir" "-m" "1610612736" "--user" "0:0" "--network" "none" "ghcr.io/rust-lang/crates-build-env/linux@sha256:a89201d6b5b9fd45c15d5952ece0a0129e7e80cb26ec023fd59cf09bc26f1604" "/opt/rustwide/cargo-home/bin/cargo" "+1.55.0" "check" "--frozen" "--all" "--all-targets" "--message-format=json", kill_on_drop: false }`
[INFO] [stdout] 0486c184a18c95f39ffafc03aa2e9e153312a4b4c66180a45fa126a1e6b51272
[INFO] [stderr] WARNING: Your kernel does not support swap limit capabilities or the cgroup is not mounted. Memory limited without swap.
[INFO] running `Command { std: "docker" "start" "-a" "0486c184a18c95f39ffafc03aa2e9e153312a4b4c66180a45fa126a1e6b51272", kill_on_drop: false }`
[INFO] [stderr]     Checking unsigned-varint v0.5.1
[INFO] [stderr]    Compiling itertools v0.9.0
[INFO] [stderr]    Compiling ring v0.16.20
[INFO] [stderr]    Compiling syn v1.0.80
[INFO] [stderr]    Compiling ahash v0.7.6
[INFO] [stderr]    Compiling proc-macro-error-attr v1.0.4
[INFO] [stderr]    Compiling prost-build v0.7.0
[INFO] [stderr]     Checking block-buffer v0.7.3
[INFO] [stderr]    Compiling rand_chacha v0.3.1
[INFO] [stderr]     Checking hashbrown v0.11.2
[INFO] [stderr]     Checking sha2 v0.8.2
[INFO] [stderr]    Compiling rand v0.8.4
[INFO] [stderr]     Checking libsecp256k1 v0.3.5
[INFO] [stderr]     Checking lru v0.6.6
[INFO] [stderr]    Compiling indexmap v1.7.0
[INFO] [stderr]    Compiling petgraph v0.5.1
[INFO] [stderr]    Compiling tempfile v3.2.0
[INFO] [stderr]    Compiling synstructure v0.12.6
[INFO] [stderr]    Compiling proc-macro-error v1.0.4
[INFO] [stderr]    Compiling ctor v0.1.21
[INFO] [stderr]    Compiling futures-macro v0.3.17
[INFO] [stderr]    Compiling thiserror-impl v1.0.30
[INFO] [stderr]    Compiling prost-derive v0.7.0
[INFO] [stderr]    Compiling zeroize_derive v1.2.0
[INFO] [stderr]    Compiling pin-project-internal v0.4.28
[INFO] [stderr]    Compiling pin-project-internal v1.0.8
[INFO] [stderr]    Compiling asn1_der_derive v0.1.2
[INFO] [stderr]    Compiling minicbor-derive v0.6.4
[INFO] [stderr]    Compiling async-trait v0.1.51
[INFO] [stderr]     Checking asn1_der v0.6.3
[INFO] [stderr]     Checking value-bag v1.0.0-alpha.7
[INFO] [stderr]     Checking zeroize v1.4.2
[INFO] [stderr]     Checking log v0.4.14
[INFO] [stderr]     Checking curve25519-dalek v3.2.0
[INFO] [stderr]     Checking futures-util v0.3.17
[INFO] [stderr]     Checking polling v2.1.0
[INFO] [stderr]     Checking kv-log-macro v1.0.7
[INFO] [stderr]     Checking async-io v1.6.0
[INFO] [stderr]     Checking pin-project v1.0.8
[INFO] [stderr]     Checking ed25519-dalek v1.0.1
[INFO] [stderr]     Checking async-global-executor v2.0.2
[INFO] [stderr]     Checking minicbor v0.7.2
[INFO] [stderr]    Compiling prost v0.7.0
[INFO] [stderr]     Checking async-std v1.10.0
[INFO] [stderr]    Compiling thiserror v1.0.30
[INFO] [stderr]     Checking pin-project v0.4.28
[INFO] [stderr]    Compiling proc-macro-crate v1.1.0
[INFO] [stderr]    Compiling prost-types v0.7.0
[INFO] [stderr]    Compiling multihash-derive v0.7.2
[INFO] [stderr]     Checking futures-executor v0.3.17
[INFO] [stderr]     Checking unsigned-varint v0.6.0
[INFO] [stderr]     Checking futures v0.3.17
[INFO] [stderr]     Checking tet-multistream-select v0.10.0
[INFO] [stderr]     Checking rw-stream-sink v0.2.1
[INFO] [stderr]     Checking wasm-timer v0.2.5
[INFO] [stderr]    Compiling tet-libp2p-core v0.27.0
[INFO] [stderr]     Checking multihash v0.13.2
[INFO] [stderr]     Checking tet-multiaddr v0.11.0
[INFO] [stderr]     Checking tet-libp2p-swarm v0.27.0
[INFO] [stderr]     Checking request-response v0.9.0 (/opt/rustwide/workdir)
[INFO] [stdout] error[E0432]: unresolved import `tet_libp2p_noise`
[INFO] [stdout]   --> tests/ping.rs:32:5
[INFO] [stdout]    |
[INFO] [stdout] 32 | use tet_libp2p_noise::{NoiseConfig, X25519Spec, Keypair};
[INFO] [stdout]    |     ^^^^^^^^^^^^^^^^ use of undeclared crate or module `tet_libp2p_noise`
[INFO] [stdout] 
[INFO] [stdout] 
[INFO] [stdout] error[E0432]: unresolved import `tet_libp2p_tcp`
[INFO] [stdout]   --> tests/ping.rs:35:5
[INFO] [stdout]    |
[INFO] [stdout] 35 | use tet_libp2p_tcp::TcpConfig;
[INFO] [stdout]    |     ^^^^^^^^^^^^^^ use of undeclared crate or module `tet_libp2p_tcp`
[INFO] [stdout] 
[INFO] [stdout] 
[INFO] [stdout] error[E0433]: failed to resolve: use of undeclared crate or module `tet_libp2p_remux`
[INFO] [stdout]    --> tests/ping.rs:284:20
[INFO] [stdout]     |
[INFO] [stdout] 284 |         .multiplex(tet_libp2p_remux::RemuxConfig::default())
[INFO] [stdout]     |                    ^^^^^^^^^^^^^^^^ use of undeclared crate or module `tet_libp2p_remux`
[INFO] [stdout] 
[INFO] [stdout] 
[INFO] [stdout] warning: unused import: `Transport`
[INFO] [stdout]   --> tests/ping.rs:29:23
[INFO] [stdout]    |
[INFO] [stdout] 29 |     transport::{self, Transport},
[INFO] [stdout]    |                       ^^^^^^^^^
[INFO] [stdout]    |
[INFO] [stdout]    = note: `#[warn(unused_imports)]` on by default
[INFO] [stdout] 
[INFO] [stdout] 
[INFO] [stdout] error: aborting due to 3 previous errors; 1 warning emitted
[INFO] [stdout] 
[INFO] [stdout] 
[INFO] [stdout] Some errors have detailed explanations: E0432, E0433.
[INFO] [stdout] 
[INFO] [stdout] For more information about an error, try `rustc --explain E0432`.
[INFO] [stdout] 
[INFO] [stderr] error: could not compile `request-response` due to 4 previous errors; 1 warning emitted
[INFO] running `Command { std: "docker" "inspect" "0486c184a18c95f39ffafc03aa2e9e153312a4b4c66180a45fa126a1e6b51272", kill_on_drop: false }`
[INFO] running `Command { std: "docker" "rm" "-f" "0486c184a18c95f39ffafc03aa2e9e153312a4b4c66180a45fa126a1e6b51272", kill_on_drop: false }`
[INFO] [stdout] 0486c184a18c95f39ffafc03aa2e9e153312a4b4c66180a45fa126a1e6b51272
