[INFO] fetching crate reckon 0.1.0...
[INFO] checking reckon-0.1.0 against 1.55.0 for beta-1.56-3
[INFO] extracting crate reckon 0.1.0 into /workspace/builds/worker-51/source
[INFO] validating manifest of crates.io crate reckon 0.1.0 on toolchain 1.55.0
[INFO] running `Command { std: "/workspace/cargo-home/bin/cargo" "+1.55.0" "metadata" "--manifest-path" "Cargo.toml" "--no-deps", kill_on_drop: false }`
[INFO] started tweaking crates.io crate reckon 0.1.0
[INFO] finished tweaking crates.io crate reckon 0.1.0
[INFO] tweaked toml for crates.io crate reckon 0.1.0 written to /workspace/builds/worker-51/source/Cargo.toml
[INFO] running `Command { std: "/workspace/cargo-home/bin/cargo" "+1.55.0" "generate-lockfile" "--manifest-path" "Cargo.toml" "-Zno-index-update", kill_on_drop: false }`
[INFO] [stderr]     Blocking waiting for file lock on package cache
[INFO] running `Command { std: "/workspace/cargo-home/bin/cargo" "+1.55.0" "fetch" "--manifest-path" "Cargo.toml", kill_on_drop: false }`
[INFO] [stderr]     Blocking waiting for file lock on package cache
[INFO] [stderr]     Blocking waiting for file lock on package cache
[INFO] running `Command { std: "docker" "create" "-v" "/var/lib/crater-agent-workspace/builds/worker-51/target:/opt/rustwide/target:rw,Z" "-v" "/var/lib/crater-agent-workspace/builds/worker-51/source:/opt/rustwide/workdir:ro,Z" "-v" "/var/lib/crater-agent-workspace/cargo-home:/opt/rustwide/cargo-home:ro,Z" "-v" "/var/lib/crater-agent-workspace/rustup-home:/opt/rustwide/rustup-home:ro,Z" "-e" "SOURCE_DIR=/opt/rustwide/workdir" "-e" "CARGO_TARGET_DIR=/opt/rustwide/target" "-e" "CARGO_HOME=/opt/rustwide/cargo-home" "-e" "RUSTUP_HOME=/opt/rustwide/rustup-home" "-w" "/opt/rustwide/workdir" "-m" "1610612736" "--user" "0:0" "--network" "none" "ghcr.io/rust-lang/crates-build-env/linux@sha256:a89201d6b5b9fd45c15d5952ece0a0129e7e80cb26ec023fd59cf09bc26f1604" "/opt/rustwide/cargo-home/bin/cargo" "+1.55.0" "metadata" "--no-deps" "--format-version=1", kill_on_drop: false }`
[INFO] [stdout] 17367d9bfdc037ca321b42986f5497c199d8a8c2d172bbefa888fe0fdf96cf6d
[INFO] running `Command { std: "docker" "start" "-a" "17367d9bfdc037ca321b42986f5497c199d8a8c2d172bbefa888fe0fdf96cf6d", kill_on_drop: false }`
[INFO] running `Command { std: "docker" "inspect" "17367d9bfdc037ca321b42986f5497c199d8a8c2d172bbefa888fe0fdf96cf6d", kill_on_drop: false }`
[INFO] running `Command { std: "docker" "rm" "-f" "17367d9bfdc037ca321b42986f5497c199d8a8c2d172bbefa888fe0fdf96cf6d", kill_on_drop: false }`
[INFO] [stdout] 17367d9bfdc037ca321b42986f5497c199d8a8c2d172bbefa888fe0fdf96cf6d
[INFO] running `Command { std: "docker" "create" "-v" "/var/lib/crater-agent-workspace/builds/worker-51/target:/opt/rustwide/target:rw,Z" "-v" "/var/lib/crater-agent-workspace/builds/worker-51/source:/opt/rustwide/workdir:ro,Z" "-v" "/var/lib/crater-agent-workspace/cargo-home:/opt/rustwide/cargo-home:ro,Z" "-v" "/var/lib/crater-agent-workspace/rustup-home:/opt/rustwide/rustup-home:ro,Z" "-e" "SOURCE_DIR=/opt/rustwide/workdir" "-e" "CARGO_TARGET_DIR=/opt/rustwide/target" "-e" "CARGO_INCREMENTAL=0" "-e" "RUST_BACKTRACE=full" "-e" "RUSTFLAGS=--cap-lints=warn" "-e" "CARGO_HOME=/opt/rustwide/cargo-home" "-e" "RUSTUP_HOME=/opt/rustwide/rustup-home" "-w" "/opt/rustwide/workdir" "-m" "1610612736" "--user" "0:0" "--network" "none" "ghcr.io/rust-lang/crates-build-env/linux@sha256:a89201d6b5b9fd45c15d5952ece0a0129e7e80cb26ec023fd59cf09bc26f1604" "/opt/rustwide/cargo-home/bin/cargo" "+1.55.0" "check" "--frozen" "--all" "--all-targets" "--message-format=json", kill_on_drop: false }`
[INFO] [stdout] f8ab830132210a37b6da65bb73794d9bb97b00bc4f53cbb921119bf057e1f9d6
[INFO] running `Command { std: "docker" "start" "-a" "f8ab830132210a37b6da65bb73794d9bb97b00bc4f53cbb921119bf057e1f9d6", kill_on_drop: false }`
[INFO] [stderr]     Blocking waiting for file lock on package cache
[INFO] [stderr]    Compiling winapi-build v0.1.1
[INFO] [stderr]     Checking winapi v0.2.8
[INFO] [stderr]     Checking utf8-ranges v0.1.3
[INFO] [stderr]     Checking regex-syntax v0.3.9
[INFO] [stderr]     Checking memchr v0.1.11
[INFO] [stderr]     Checking aho-corasick v0.5.3
[INFO] [stderr]    Compiling kernel32-sys v0.2.2
[INFO] [stderr]     Checking thread-id v2.0.0
[INFO] [stderr]     Checking thread_local v0.2.7
[INFO] [stderr]     Checking regex v0.1.80
[INFO] [stderr]     Checking reckon v0.1.0 (/opt/rustwide/workdir)
[INFO] [stdout] error[E0554]: `#![feature]` may not be used on the stable release channel
[INFO] [stdout]  --> src/lib.rs:9:1
[INFO] [stdout]   |
[INFO] [stdout] 9 | #![feature(io)]
[INFO] [stdout]   | ^^^^^^^^^^^^^^^
[INFO] [stdout] 
[INFO] [stdout] 
[INFO] [stdout] error[E0554]: `#![feature]` may not be used on the stable release channel
[INFO] [stdout]  --> src/lib.rs:9:1
[INFO] [stdout]   |
[INFO] [stdout] 9 | #![feature(io)]
[INFO] [stdout]   | ^^^^^^^^^^^^^^^
[INFO] [stdout] 
[INFO] [stdout] 
[INFO] [stdout] error[E0599]: no method named `chars` found for mutable reference `&mut ChildStdout` in the current scope
[INFO] [stdout]    --> src/base.rs:154:28
[INFO] [stdout]     |
[INFO] [stdout] 154 |         let mut c = stdout.chars();
[INFO] [stdout]     |                            ^^^^^ method not found in `&mut ChildStdout`
[INFO] [stdout] 
[INFO] [stdout] 
[INFO] [stderr] error: could not compile `reckon` due to 3 previous errors
[INFO] [stdout] error: aborting due to 2 previous errors
[INFO] [stdout] 
[INFO] [stdout] 
[INFO] [stderr] warning: build failed, waiting for other jobs to finish...
[INFO] [stdout] Some errors have detailed explanations: E0554, E0599.
[INFO] [stdout] 
[INFO] [stdout] For more information about an error, try `rustc --explain E0554`.
[INFO] [stdout] 
[INFO] [stdout] error[E0599]: no method named `chars` found for mutable reference `&mut ChildStdout` in the current scope
[INFO] [stdout]    --> src/base.rs:154:28
[INFO] [stdout]     |
[INFO] [stdout] 154 |         let mut c = stdout.chars();
[INFO] [stdout]     |                            ^^^^^ method not found in `&mut ChildStdout`
[INFO] [stdout] 
[INFO] [stdout] 
[INFO] [stdout] error: aborting due to 2 previous errors
[INFO] [stdout] 
[INFO] [stdout] 
[INFO] [stderr] error: build failed
[INFO] [stdout] Some errors have detailed explanations: E0554, E0599.
[INFO] [stdout] 
[INFO] [stdout] For more information about an error, try `rustc --explain E0554`.
[INFO] [stdout] 
[INFO] running `Command { std: "docker" "inspect" "f8ab830132210a37b6da65bb73794d9bb97b00bc4f53cbb921119bf057e1f9d6", kill_on_drop: false }`
[INFO] running `Command { std: "docker" "rm" "-f" "f8ab830132210a37b6da65bb73794d9bb97b00bc4f53cbb921119bf057e1f9d6", kill_on_drop: false }`
[INFO] [stdout] f8ab830132210a37b6da65bb73794d9bb97b00bc4f53cbb921119bf057e1f9d6
