[INFO] fetching crate rdbc-cli 0.1.6...
[INFO] checking rdbc-cli-0.1.6 against beta-2021-10-15 for beta-1.56-3
[INFO] extracting crate rdbc-cli 0.1.6 into /workspace/builds/worker-9/source
[INFO] validating manifest of crates.io crate rdbc-cli 0.1.6 on toolchain beta-2021-10-15
[INFO] running `Command { std: "/workspace/cargo-home/bin/cargo" "+beta-2021-10-15" "metadata" "--manifest-path" "Cargo.toml" "--no-deps", kill_on_drop: false }`
[INFO] started tweaking crates.io crate rdbc-cli 0.1.6
[INFO] finished tweaking crates.io crate rdbc-cli 0.1.6
[INFO] tweaked toml for crates.io crate rdbc-cli 0.1.6 written to /workspace/builds/worker-9/source/Cargo.toml
[INFO] crate crates.io crate rdbc-cli 0.1.6 already has a lockfile, it will not be regenerated
[INFO] running `Command { std: "/workspace/cargo-home/bin/cargo" "+beta-2021-10-15" "fetch" "--manifest-path" "Cargo.toml", kill_on_drop: false }`
[INFO] [stderr]     Blocking waiting for file lock on package cache
[INFO] [stderr]     Blocking waiting for file lock on package cache
[INFO] [stderr]  Downloading crates ...
[INFO] [stderr]   Downloaded postgres v0.15.2
[INFO] [stderr]   Downloaded base64 v0.6.0
[INFO] [stderr]   Downloaded num v0.2.0
[INFO] [stderr]   Downloaded bigdecimal v0.1.0
[INFO] [stderr]   Downloaded safemem v0.2.0
[INFO] [stderr]   Downloaded num-bigint v0.2.3
[INFO] [stderr]   Downloaded flate2 v1.0.13
[INFO] [stderr]   Downloaded md5 v0.3.8
[INFO] [stderr]   Downloaded postgres-protocol v0.3.2
[INFO] [stderr]   Downloaded hex v0.2.0
[INFO] [stderr]   Downloaded io-enum v0.2.2
[INFO] [stderr]   Downloaded derive_utils v0.9.1
[INFO] [stderr]   Downloaded mysql v17.0.0
[INFO] [stderr]   Downloaded sha2 v0.8.0
[INFO] [stderr]   Downloaded fallible-iterator v0.1.6
[INFO] [stderr]   Downloaded mysql_common v0.19.2
[INFO] [stderr]   Downloaded rust_decimal v1.0.3
[INFO] [stderr]   Downloaded twox-hash v1.5.0
[INFO] [stderr]   Downloaded nix v0.13.1
[INFO] [stderr]   Downloaded rusqlite v0.21.0
[INFO] [stderr]   Downloaded libsqlite3-sys v0.17.0
[INFO] [stderr]   Downloaded hmac v0.5.0
[INFO] [stderr]   Downloaded rustyline v4.1.0
[INFO] [stderr]   Downloaded postgres-shared v0.4.2
[INFO] [stderr]   Downloaded rdbc-sqlite v0.1.6
[INFO] [stderr]   Downloaded rdbc-postgres v0.1.6
[INFO] [stderr]   Downloaded rdbc-mysql v0.1.6
[INFO] [stderr]   Downloaded rdbc v0.1.6
[INFO] [stderr]   Downloaded sqlparser v0.5.0
[INFO] [stderr]   Downloaded lexical v4.0.0
[INFO] running `Command { std: "docker" "create" "-v" "/var/lib/crater-agent-workspace/builds/worker-9/target:/opt/rustwide/target:rw,Z" "-v" "/var/lib/crater-agent-workspace/builds/worker-9/source:/opt/rustwide/workdir:ro,Z" "-v" "/var/lib/crater-agent-workspace/cargo-home:/opt/rustwide/cargo-home:ro,Z" "-v" "/var/lib/crater-agent-workspace/rustup-home:/opt/rustwide/rustup-home:ro,Z" "-e" "SOURCE_DIR=/opt/rustwide/workdir" "-e" "CARGO_TARGET_DIR=/opt/rustwide/target" "-e" "CARGO_HOME=/opt/rustwide/cargo-home" "-e" "RUSTUP_HOME=/opt/rustwide/rustup-home" "-w" "/opt/rustwide/workdir" "-m" "1610612736" "--user" "0:0" "--network" "none" "ghcr.io/rust-lang/crates-build-env/linux@sha256:a89201d6b5b9fd45c15d5952ece0a0129e7e80cb26ec023fd59cf09bc26f1604" "/opt/rustwide/cargo-home/bin/cargo" "+beta-2021-10-15" "metadata" "--no-deps" "--format-version=1", kill_on_drop: false }`
[INFO] [stdout] 24fb316dd08d34aada90103d129350e30368aa75973977da97846a01c089bc31
[INFO] running `Command { std: "docker" "start" "-a" "24fb316dd08d34aada90103d129350e30368aa75973977da97846a01c089bc31", kill_on_drop: false }`
[INFO] running `Command { std: "docker" "inspect" "24fb316dd08d34aada90103d129350e30368aa75973977da97846a01c089bc31", kill_on_drop: false }`
[INFO] running `Command { std: "docker" "rm" "-f" "24fb316dd08d34aada90103d129350e30368aa75973977da97846a01c089bc31", kill_on_drop: false }`
[INFO] [stdout] 24fb316dd08d34aada90103d129350e30368aa75973977da97846a01c089bc31
[INFO] running `Command { std: "docker" "create" "-v" "/var/lib/crater-agent-workspace/builds/worker-9/target:/opt/rustwide/target:rw,Z" "-v" "/var/lib/crater-agent-workspace/builds/worker-9/source:/opt/rustwide/workdir:ro,Z" "-v" "/var/lib/crater-agent-workspace/cargo-home:/opt/rustwide/cargo-home:ro,Z" "-v" "/var/lib/crater-agent-workspace/rustup-home:/opt/rustwide/rustup-home:ro,Z" "-e" "SOURCE_DIR=/opt/rustwide/workdir" "-e" "CARGO_TARGET_DIR=/opt/rustwide/target" "-e" "CARGO_INCREMENTAL=0" "-e" "RUST_BACKTRACE=full" "-e" "RUSTFLAGS=--cap-lints=warn" "-e" "CARGO_HOME=/opt/rustwide/cargo-home" "-e" "RUSTUP_HOME=/opt/rustwide/rustup-home" "-w" "/opt/rustwide/workdir" "-m" "1610612736" "--user" "0:0" "--network" "none" "ghcr.io/rust-lang/crates-build-env/linux@sha256:a89201d6b5b9fd45c15d5952ece0a0129e7e80cb26ec023fd59cf09bc26f1604" "/opt/rustwide/cargo-home/bin/cargo" "+beta-2021-10-15" "check" "--frozen" "--all" "--all-targets" "--message-format=json", kill_on_drop: false }`
[INFO] [stdout] 6b4ed82b17804201bf28093690f03e6f442f556af13de1dccccafa594bd55949
[INFO] running `Command { std: "docker" "start" "-a" "6b4ed82b17804201bf28093690f03e6f442f556af13de1dccccafa594bd55949", kill_on_drop: false }`
[INFO] [stderr]     Blocking waiting for file lock on package cache
[INFO] [stderr]    Compiling libc v0.2.66
[INFO] [stderr]    Compiling cc v1.0.48
[INFO] [stderr]    Compiling pkg-config v0.3.17
[INFO] [stderr]    Compiling typenum v1.11.2
[INFO] [stderr]    Compiling byteorder v1.3.2
[INFO] [stderr]    Compiling proc-macro2 v1.0.6
[INFO] [stderr]    Compiling syn v1.0.11
[INFO] [stderr]    Compiling memchr v2.2.1
[INFO] [stderr]     Checking smallvec v1.1.0
[INFO] [stderr]     Checking fake-simd v0.1.2
[INFO] [stderr]    Compiling log v0.4.8
[INFO] [stderr]    Compiling getrandom v0.1.13
[INFO] [stderr]    Compiling ryu v1.0.2
[INFO] [stderr]    Compiling serde v1.0.104
[INFO] [stderr]    Compiling arrayvec v0.4.12
[INFO] [stderr]     Checking ppv-lite86 v0.2.6
[INFO] [stderr]    Compiling failure_derive v0.1.6
[INFO] [stderr]     Checking constant_time_eq v0.1.4
[INFO] [stderr]    Compiling crc32fast v1.2.0
[INFO] [stderr]     Checking byte-tools v0.3.1
[INFO] [stderr]     Checking byte-tools v0.2.0
[INFO] [stderr]     Checking arrayref v0.3.5
[INFO] [stderr]     Checking nodrop v0.1.14
[INFO] [stderr]     Checking safemem v0.2.0
[INFO] [stderr]     Checking static_assertions v0.3.4
[INFO] [stderr]    Compiling openssl v0.10.26
[INFO] [stderr]    Compiling native-tls v0.2.3
[INFO] [stderr]     Checking opaque-debug v0.2.3
[INFO] [stderr]     Checking fallible-iterator v0.1.6
[INFO] [stderr]    Compiling io-enum v0.2.2
[INFO] [stderr]     Checking regex-syntax v0.6.12
[INFO] [stderr]     Checking md5 v0.3.8
[INFO] [stderr]     Checking unicode-width v0.1.7
[INFO] [stderr]     Checking base64 v0.11.0
[INFO] [stderr]     Checking sha1 v0.6.0
[INFO] [stderr]     Checking hex v0.2.0
[INFO] [stderr]     Checking rdbc v0.1.6
[INFO] [stderr]    Compiling mysql v17.0.0
[INFO] [stderr]     Checking uuid v0.8.1
[INFO] [stderr]    Compiling nix v0.13.1
[INFO] [stderr]     Checking bufstream v0.1.4
[INFO] [stderr]     Checking fallible-streaming-iterator v0.1.9
[INFO] [stderr]     Checking fallible-iterator v0.2.0
[INFO] [stderr]     Checking fnv v1.0.6
[INFO] [stderr]     Checking utf8parse v0.1.1
[INFO] [stderr]     Checking vec_map v0.8.1
[INFO] [stderr]     Checking unicode-segmentation v1.6.0
[INFO] [stderr]    Compiling num-traits v0.2.10
[INFO] [stderr]    Compiling num-integer v0.1.41
[INFO] [stderr]    Compiling num-bigint v0.2.3
[INFO] [stderr]    Compiling num-rational v0.2.2
[INFO] [stderr]    Compiling num-iter v0.1.39
[INFO] [stderr]    Compiling num-complex v0.2.3
[INFO] [stderr]     Checking thread_local v0.3.6
[INFO] [stderr]     Checking lru-cache v0.1.2
[INFO] [stderr]    Compiling lexical-core v0.6.2
[INFO] [stderr]    Compiling lexical v4.0.0
[INFO] [stderr]     Checking block-padding v0.1.5
[INFO] [stderr]     Checking unicode-normalization v0.1.11
[INFO] [stderr]     Checking textwrap v0.11.0
[INFO] [stderr]     Checking block-buffer v0.3.3
[INFO] [stderr]     Checking c2-chacha v0.2.3
[INFO] [stderr]     Checking sqlparser v0.5.0
[INFO] [stderr]    Compiling openssl-sys v0.9.53
[INFO] [stderr]    Compiling backtrace-sys v0.1.32
[INFO] [stderr]    Compiling libz-sys v1.0.25
[INFO] [stderr]    Compiling libsqlite3-sys v0.17.0
[INFO] [stderr]     Checking generic-array v0.9.0
[INFO] [stderr]     Checking generic-array v0.12.3
[INFO] [stderr]     Checking stringprep v0.1.2
[INFO] [stderr]     Checking idna v0.2.0
[INFO] [stderr]     Checking aho-corasick v0.7.6
[INFO] [stderr]     Checking base64 v0.6.0
[INFO] [stderr]     Checking digest v0.8.1
[INFO] [stderr]     Checking block-buffer v0.7.3
[INFO] [stderr]     Checking digest v0.7.6
[INFO] [stderr]     Checking crypto-mac v0.5.2
[INFO] [stderr]    Compiling quote v1.0.2
[INFO] [stderr]     Checking sha2 v0.8.0
[INFO] [stderr]     Checking url v2.1.0
[INFO] [stderr]     Checking sha2 v0.7.1
[INFO] [stderr]     Checking hmac v0.5.0
[INFO] [stderr]     Checking regex v1.3.1
[INFO] [stdout] error[E0308]: mismatched types
[INFO] [stdout]   --> /opt/rustwide/cargo-home/registry/src/github.com-1ecc6299db9ec823/lexical-core-0.6.2/src/atof/algorithm/bhcomp.rs:62:24
[INFO] [stdout]    |
[INFO] [stdout] 62 |     let bytes = bits / Limb::BITS;
[INFO] [stdout]    |                        ^^^^^^^^^^ expected `usize`, found `u32`
[INFO] [stdout] 
[INFO] [stdout] 
[INFO] [stdout] error[E0277]: cannot divide `usize` by `u32`
[INFO] [stdout]   --> /opt/rustwide/cargo-home/registry/src/github.com-1ecc6299db9ec823/lexical-core-0.6.2/src/atof/algorithm/bhcomp.rs:62:22
[INFO] [stdout]    |
[INFO] [stdout] 62 |     let bytes = bits / Limb::BITS;
[INFO] [stdout]    |                      ^ no implementation for `usize / u32`
[INFO] [stdout]    |
[INFO] [stdout]    = help: the trait `Div<u32>` is not implemented for `usize`
[INFO] [stdout] 
[INFO] [stdout] 
[INFO] [stdout] error[E0308]: mismatched types
[INFO] [stdout]    --> /opt/rustwide/cargo-home/registry/src/github.com-1ecc6299db9ec823/lexical-core-0.6.2/src/atof/algorithm/bigcomp.rs:158:55
[INFO] [stdout]     |
[INFO] [stdout] 158 |     let nlz = den.leading_zeros().wrapping_sub(wlz) & (u32::BITS - 1);
[INFO] [stdout]     |                                                       ^^^^^^^^^^^^^^^ expected `usize`, found `u32`
[INFO] [stdout] 
[INFO] [stdout] 
[INFO] [stdout] error[E0277]: no implementation for `usize & u32`
[INFO] [stdout]    --> /opt/rustwide/cargo-home/registry/src/github.com-1ecc6299db9ec823/lexical-core-0.6.2/src/atof/algorithm/bigcomp.rs:158:53
[INFO] [stdout]     |
[INFO] [stdout] 158 |     let nlz = den.leading_zeros().wrapping_sub(wlz) & (u32::BITS - 1);
[INFO] [stdout]     |                                                     ^ no implementation for `usize & u32`
[INFO] [stdout]     |
[INFO] [stdout]     = help: the trait `BitAnd<u32>` is not implemented for `usize`
[INFO] [stdout] 
[INFO] [stdout] 
[INFO] [stdout] error[E0308]: mismatched types
[INFO] [stdout]    --> /opt/rustwide/cargo-home/registry/src/github.com-1ecc6299db9ec823/lexical-core-0.6.2/src/atof/algorithm/bigcomp.rs:176:40
[INFO] [stdout]     |
[INFO] [stdout] 176 |         let (q, r) = shift.ceil_divmod(Limb::BITS);
[INFO] [stdout]     |                                        ^^^^^^^^^^ expected `usize`, found `u32`
[INFO] [stdout]     |
[INFO] [stdout] help: you can convert a `u32` to a `usize` and panic if the converted value doesn't fit
[INFO] [stdout]     |
[INFO] [stdout] 176 |         let (q, r) = shift.ceil_divmod(Limb::BITS.try_into().unwrap());
[INFO] [stdout]     |                                        ~~~~~~~~~~~~~~~~~~~~~~~~~~~~~~
[INFO] [stdout] 
[INFO] [stdout] 
[INFO] [stdout] error[E0308]: mismatched types
[INFO] [stdout]     --> /opt/rustwide/cargo-home/registry/src/github.com-1ecc6299db9ec823/lexical-core-0.6.2/src/atof/algorithm/math.rs:2071:27
[INFO] [stdout]      |
[INFO] [stdout] 2071 |     let rs = Limb::BITS - s;
[INFO] [stdout]      |                           ^ expected `u32`, found `usize`
[INFO] [stdout] 
[INFO] [stdout] 
[INFO] [stdout] error[E0277]: cannot subtract `usize` from `u32`
[INFO] [stdout]     --> /opt/rustwide/cargo-home/registry/src/github.com-1ecc6299db9ec823/lexical-core-0.6.2/src/atof/algorithm/math.rs:2071:25
[INFO] [stdout]      |
[INFO] [stdout] 2071 |     let rs = Limb::BITS - s;
[INFO] [stdout]      |                         ^ no implementation for `u32 - usize`
[INFO] [stdout]      |
[INFO] [stdout]      = help: the trait `Sub<usize>` is not implemented for `u32`
[INFO] [stdout] 
[INFO] [stdout] 
[INFO] [stdout] error[E0308]: mismatched types
[INFO] [stdout]     --> /opt/rustwide/cargo-home/registry/src/github.com-1ecc6299db9ec823/lexical-core-0.6.2/src/atof/algorithm/math.rs:1049:42
[INFO] [stdout]      |
[INFO] [stdout] 1049 |     let mut count = index.saturating_mul(Limb::BITS);
[INFO] [stdout]      |                                          ^^^^^^^^^^ expected `usize`, found `u32`
[INFO] [stdout]      |
[INFO] [stdout] help: you can convert a `u32` to a `usize` and panic if the converted value doesn't fit
[INFO] [stdout]      |
[INFO] [stdout] 1049 |     let mut count = index.saturating_mul(Limb::BITS.try_into().unwrap());
[INFO] [stdout]      |                                          ~~~~~~~~~~~~~~~~~~~~~~~~~~~~~~
[INFO] [stdout] 
[INFO] [stdout] 
[INFO] [stdout] error[E0308]: mismatched types
[INFO] [stdout]     --> /opt/rustwide/cargo-home/registry/src/github.com-1ecc6299db9ec823/lexical-core-0.6.2/src/atof/algorithm/math.rs:1064:28
[INFO] [stdout]      |
[INFO] [stdout] 1064 |     Limb::BITS.checked_mul(x.len())
[INFO] [stdout]      |                            ^^^^^^^ expected `u32`, found `usize`
[INFO] [stdout]      |
[INFO] [stdout] help: you can convert a `usize` to a `u32` and panic if the converted value doesn't fit
[INFO] [stdout]      |
[INFO] [stdout] 1064 |     Limb::BITS.checked_mul(x.len().try_into().unwrap())
[INFO] [stdout]      |                            ~~~~~~~~~~~~~~~~~~~~~~~~~~~
[INFO] [stdout] 
[INFO] [stdout] 
[INFO] [stdout] error[E0308]: mismatched types
[INFO] [stdout]     --> /opt/rustwide/cargo-home/registry/src/github.com-1ecc6299db9ec823/lexical-core-0.6.2/src/atof/algorithm/math.rs:1065:22
[INFO] [stdout]      |
[INFO] [stdout] 1065 |         .map(|v| v - nlz)
[INFO] [stdout]      |                      ^^^ expected `u32`, found `usize`
[INFO] [stdout] 
[INFO] [stdout] 
[INFO] [stdout] error[E0277]: cannot subtract `usize` from `u32`
[INFO] [stdout]     --> /opt/rustwide/cargo-home/registry/src/github.com-1ecc6299db9ec823/lexical-core-0.6.2/src/atof/algorithm/math.rs:1065:20
[INFO] [stdout]      |
[INFO] [stdout] 1065 |         .map(|v| v - nlz)
[INFO] [stdout]      |                    ^ no implementation for `u32 - usize`
[INFO] [stdout]      |
[INFO] [stdout]      = help: the trait `Sub<usize>` is not implemented for `u32`
[INFO] [stdout] 
[INFO] [stdout] 
[INFO] [stdout] error[E0308]: mismatched types
[INFO] [stdout]     --> /opt/rustwide/cargo-home/registry/src/github.com-1ecc6299db9ec823/lexical-core-0.6.2/src/atof/algorithm/math.rs:1066:20
[INFO] [stdout]      |
[INFO] [stdout] 1066 |         .unwrap_or(usize::max_value())
[INFO] [stdout]      |                    ^^^^^^^^^^^^^^^^^^ expected `u32`, found `usize`
[INFO] [stdout]      |
[INFO] [stdout] help: you can convert a `usize` to a `u32` and panic if the converted value doesn't fit
[INFO] [stdout]      |
[INFO] [stdout] 1066 |         .unwrap_or(usize::max_value().try_into().unwrap())
[INFO] [stdout]      |                    ~~~~~~~~~~~~~~~~~~~~~~~~~~~~~~~~~~~~~~
[INFO] [stdout] 
[INFO] [stdout] 
[INFO] [stdout] error[E0308]: mismatched types
[INFO] [stdout]     --> /opt/rustwide/cargo-home/registry/src/github.com-1ecc6299db9ec823/lexical-core-0.6.2/src/atof/algorithm/math.rs:1064:5
[INFO] [stdout]      |
[INFO] [stdout] 1060 |   pub fn bit_length(x: &[Limb]) -> usize {
[INFO] [stdout]      |                                    ----- expected `usize` because of return type
[INFO] [stdout] ...
[INFO] [stdout] 1064 | /     Limb::BITS.checked_mul(x.len())
[INFO] [stdout] 1065 | |         .map(|v| v - nlz)
[INFO] [stdout] 1066 | |         .unwrap_or(usize::max_value())
[INFO] [stdout]      | |______________________________________^ expected `usize`, found `u32`
[INFO] [stdout]      |
[INFO] [stdout] help: you can convert a `u32` to a `usize` and panic if the converted value doesn't fit
[INFO] [stdout]      |
[INFO] [stdout] 1064 ~     Limb::BITS.checked_mul(x.len())
[INFO] [stdout] 1065 +         .map(|v| v - nlz)
[INFO] [stdout] 1066 +         .unwrap_or(usize::max_value()).try_into().unwrap()
[INFO] [stdout]      |
[INFO] [stdout] 
[INFO] [stdout] 
[INFO] [stdout] error[E0308]: mismatched types
[INFO] [stdout]     --> /opt/rustwide/cargo-home/registry/src/github.com-1ecc6299db9ec823/lexical-core-0.6.2/src/atof/algorithm/math.rs:1091:23
[INFO] [stdout]      |
[INFO] [stdout] 1091 |     debug_assert!(n < bits && n != 0);
[INFO] [stdout]      |                       ^^^^ expected `usize`, found `u32`
[INFO] [stdout]      |
[INFO] [stdout] help: you can convert a `u32` to a `usize` and panic if the converted value doesn't fit
[INFO] [stdout]      |
[INFO] [stdout] 1091 |     debug_assert!(n < bits.try_into().unwrap() && n != 0);
[INFO] [stdout]      |                       ~~~~~~~~~~~~~~~~~~~~~~~~
[INFO] [stdout] 
[INFO] [stdout] 
[INFO] [stdout] error[E0308]: mismatched types
[INFO] [stdout]     --> /opt/rustwide/cargo-home/registry/src/github.com-1ecc6299db9ec823/lexical-core-0.6.2/src/atof/algorithm/math.rs:1098:25
[INFO] [stdout]      |
[INFO] [stdout] 1098 |     let lshift = bits - n;
[INFO] [stdout]      |                         ^ expected `u32`, found `usize`
[INFO] [stdout] 
[INFO] [stdout] 
[INFO] [stdout] error[E0277]: cannot subtract `usize` from `u32`
[INFO] [stdout]     --> /opt/rustwide/cargo-home/registry/src/github.com-1ecc6299db9ec823/lexical-core-0.6.2/src/atof/algorithm/math.rs:1098:23
[INFO] [stdout]      |
[INFO] [stdout] 1098 |     let lshift = bits - n;
[INFO] [stdout]      |                       ^ no implementation for `u32 - usize`
[INFO] [stdout]      |
[INFO] [stdout]      = help: the trait `Sub<usize>` is not implemented for `u32`
[INFO] [stdout] 
[INFO] [stdout] 
[INFO] [stdout] error[E0308]: mismatched types
[INFO] [stdout]     --> /opt/rustwide/cargo-home/registry/src/github.com-1ecc6299db9ec823/lexical-core-0.6.2/src/atof/algorithm/math.rs:1140:19
[INFO] [stdout]      |
[INFO] [stdout] 1140 |     let rem = n % bits;
[INFO] [stdout]      |                   ^^^^ expected `usize`, found `u32`
[INFO] [stdout] 
[INFO] [stdout] 
[INFO] [stdout] error[E0277]: cannot mod `usize` by `u32`
[INFO] [stdout]     --> /opt/rustwide/cargo-home/registry/src/github.com-1ecc6299db9ec823/lexical-core-0.6.2/src/atof/algorithm/math.rs:1140:17
[INFO] [stdout]      |
[INFO] [stdout] 1140 |     let rem = n % bits;
[INFO] [stdout]      |                 ^ no implementation for `usize % u32`
[INFO] [stdout]      |
[INFO] [stdout]      = help: the trait `Rem<u32>` is not implemented for `usize`
[INFO] [stdout] 
[INFO] [stdout] 
[INFO] [stdout] error[E0308]: mismatched types
[INFO] [stdout]     --> /opt/rustwide/cargo-home/registry/src/github.com-1ecc6299db9ec823/lexical-core-0.6.2/src/atof/algorithm/math.rs:1141:19
[INFO] [stdout]      |
[INFO] [stdout] 1141 |     let div = n / bits;
[INFO] [stdout]      |                   ^^^^ expected `usize`, found `u32`
[INFO] [stdout] 
[INFO] [stdout] 
[INFO] [stdout] error[E0277]: cannot divide `usize` by `u32`
[INFO] [stdout]     --> /opt/rustwide/cargo-home/registry/src/github.com-1ecc6299db9ec823/lexical-core-0.6.2/src/atof/algorithm/math.rs:1141:17
[INFO] [stdout]      |
[INFO] [stdout] 1141 |     let div = n / bits;
[INFO] [stdout]      |                 ^ no implementation for `usize / u32`
[INFO] [stdout]      |
[INFO] [stdout]      = help: the trait `Div<u32>` is not implemented for `usize`
[INFO] [stdout] 
[INFO] [stdout] 
[INFO] [stdout] error[E0308]: mismatched types
[INFO] [stdout]     --> /opt/rustwide/cargo-home/registry/src/github.com-1ecc6299db9ec823/lexical-core-0.6.2/src/atof/algorithm/math.rs:1197:23
[INFO] [stdout]      |
[INFO] [stdout] 1197 |     debug_assert!(n < bits);
[INFO] [stdout]      |                       ^^^^ expected `usize`, found `u32`
[INFO] [stdout]      |
[INFO] [stdout] help: you can convert a `u32` to a `usize` and panic if the converted value doesn't fit
[INFO] [stdout]      |
[INFO] [stdout] 1197 |     debug_assert!(n < bits.try_into().unwrap());
[INFO] [stdout]      |                       ~~~~~~~~~~~~~~~~~~~~~~~~
[INFO] [stdout] 
[INFO] [stdout] 
[INFO] [stdout] error[E0308]: mismatched types
[INFO] [stdout]     --> /opt/rustwide/cargo-home/registry/src/github.com-1ecc6299db9ec823/lexical-core-0.6.2/src/atof/algorithm/math.rs:1207:25
[INFO] [stdout]      |
[INFO] [stdout] 1207 |     let rshift = bits - n;
[INFO] [stdout]      |                         ^ expected `u32`, found `usize`
[INFO] [stdout] 
[INFO] [stdout] 
[INFO] [stdout] error[E0277]: cannot subtract `usize` from `u32`
[INFO] [stdout]     --> /opt/rustwide/cargo-home/registry/src/github.com-1ecc6299db9ec823/lexical-core-0.6.2/src/atof/algorithm/math.rs:1207:23
[INFO] [stdout]      |
[INFO] [stdout] 1207 |     let rshift = bits - n;
[INFO] [stdout]      |                       ^ no implementation for `u32 - usize`
[INFO] [stdout]      |
[INFO] [stdout]      = help: the trait `Sub<usize>` is not implemented for `u32`
[INFO] [stdout] 
[INFO] [stdout] 
[INFO] [stdout] error[E0308]: mismatched types
[INFO] [stdout]     --> /opt/rustwide/cargo-home/registry/src/github.com-1ecc6299db9ec823/lexical-core-0.6.2/src/atof/algorithm/math.rs:1259:19
[INFO] [stdout]      |
[INFO] [stdout] 1259 |     let rem = n % bits;
[INFO] [stdout]      |                   ^^^^ expected `usize`, found `u32`
[INFO] [stdout] 
[INFO] [stdout] 
[INFO] [stdout] error[E0277]: cannot mod `usize` by `u32`
[INFO] [stdout]     --> /opt/rustwide/cargo-home/registry/src/github.com-1ecc6299db9ec823/lexical-core-0.6.2/src/atof/algorithm/math.rs:1259:17
[INFO] [stdout]      |
[INFO] [stdout] 1259 |     let rem = n % bits;
[INFO] [stdout]      |                 ^ no implementation for `usize % u32`
[INFO] [stdout]      |
[INFO] [stdout]      = help: the trait `Rem<u32>` is not implemented for `usize`
[INFO] [stdout] 
[INFO] [stdout] 
[INFO] [stdout] error[E0308]: mismatched types
[INFO] [stdout]     --> /opt/rustwide/cargo-home/registry/src/github.com-1ecc6299db9ec823/lexical-core-0.6.2/src/atof/algorithm/math.rs:1260:19
[INFO] [stdout]      |
[INFO] [stdout] 1260 |     let div = n / bits;
[INFO] [stdout]      |                   ^^^^ expected `usize`, found `u32`
[INFO] [stdout] 
[INFO] [stdout] 
[INFO] [stdout] error[E0277]: cannot divide `usize` by `u32`
[INFO] [stdout]     --> /opt/rustwide/cargo-home/registry/src/github.com-1ecc6299db9ec823/lexical-core-0.6.2/src/atof/algorithm/math.rs:1260:17
[INFO] [stdout]      |
[INFO] [stdout] 1260 |     let div = n / bits;
[INFO] [stdout]      |                 ^ no implementation for `usize / u32`
[INFO] [stdout]      |
[INFO] [stdout]      = help: the trait `Div<u32>` is not implemented for `usize`
[INFO] [stdout] 
[INFO] [stdout] 
[INFO] [stdout] error: aborting due to 27 previous errors
[INFO] [stdout] 
[INFO] [stdout] 
[INFO] [stdout] Some errors have detailed explanations: E0277, E0308.
[INFO] [stdout] 
[INFO] [stdout] For more information about an error, try `rustc --explain E0277`.
[INFO] [stdout] 
[INFO] [stderr] error: could not compile `lexical-core` due to 28 previous errors
[INFO] [stderr] warning: build failed, waiting for other jobs to finish...
[INFO] [stderr] error: build failed
[INFO] running `Command { std: "docker" "inspect" "6b4ed82b17804201bf28093690f03e6f442f556af13de1dccccafa594bd55949", kill_on_drop: false }`
[INFO] running `Command { std: "docker" "rm" "-f" "6b4ed82b17804201bf28093690f03e6f442f556af13de1dccccafa594bd55949", kill_on_drop: false }`
[INFO] [stdout] 6b4ed82b17804201bf28093690f03e6f442f556af13de1dccccafa594bd55949
