[INFO] fetching crate rangoon 0.0.0...
[INFO] checking rangoon-0.0.0 against beta-2021-10-15 for beta-1.56-3
[INFO] extracting crate rangoon 0.0.0 into /workspace/builds/worker-11/source
[INFO] validating manifest of crates.io crate rangoon 0.0.0 on toolchain beta-2021-10-15
[INFO] running `Command { std: "/workspace/cargo-home/bin/cargo" "+beta-2021-10-15" "metadata" "--manifest-path" "Cargo.toml" "--no-deps", kill_on_drop: false }`
[INFO] started tweaking crates.io crate rangoon 0.0.0
[INFO] finished tweaking crates.io crate rangoon 0.0.0
[INFO] tweaked toml for crates.io crate rangoon 0.0.0 written to /workspace/builds/worker-11/source/Cargo.toml
[INFO] running `Command { std: "/workspace/cargo-home/bin/cargo" "+beta-2021-10-15" "generate-lockfile" "--manifest-path" "Cargo.toml" "-Zno-index-update", kill_on_drop: false }`
[INFO] running `Command { std: "/workspace/cargo-home/bin/cargo" "+beta-2021-10-15" "fetch" "--manifest-path" "Cargo.toml", kill_on_drop: false }`
[INFO] [stderr]  Downloading crates ...
[INFO] [stderr]   Downloaded spin v0.7.1
[INFO] [stderr]   Downloaded html_color v0.0.0
[INFO] [stderr]   Downloaded hecs v0.3.2
[INFO] [stderr]   Downloaded webcomponent v0.6.2
[INFO] [stderr]   Downloaded class_names v0.0.1
[INFO] [stderr]   Downloaded web_random v0.1.5
[INFO] [stderr]   Downloaded spin v0.9.2
[INFO] [stderr]   Downloaded web_common v0.4.2
[INFO] [stderr]   Downloaded web_local_storage v0.0.2
[INFO] [stderr]   Downloaded web_timer v0.2.5
[INFO] [stderr]   Downloaded web_console v0.3.7
[INFO] [stderr]   Downloaded cty v0.2.2
[INFO] [stderr]   Downloaded cstring v0.0.5
[INFO] [stderr]   Downloaded callback v0.5.3
[INFO] [stderr]   Downloaded js v0.3.0
[INFO] [stderr]   Downloaded web v0.1.15
[INFO] [stderr]   Downloaded web_canvas v0.0.7
[INFO] [stderr]   Downloaded web-dom v0.3.9
[INFO] running `Command { std: "docker" "create" "-v" "/var/lib/crater-agent-workspace/builds/worker-11/target:/opt/rustwide/target:rw,Z" "-v" "/var/lib/crater-agent-workspace/builds/worker-11/source:/opt/rustwide/workdir:ro,Z" "-v" "/var/lib/crater-agent-workspace/cargo-home:/opt/rustwide/cargo-home:ro,Z" "-v" "/var/lib/crater-agent-workspace/rustup-home:/opt/rustwide/rustup-home:ro,Z" "-e" "SOURCE_DIR=/opt/rustwide/workdir" "-e" "CARGO_TARGET_DIR=/opt/rustwide/target" "-e" "CARGO_HOME=/opt/rustwide/cargo-home" "-e" "RUSTUP_HOME=/opt/rustwide/rustup-home" "-w" "/opt/rustwide/workdir" "-m" "1610612736" "--user" "0:0" "--network" "none" "ghcr.io/rust-lang/crates-build-env/linux@sha256:a89201d6b5b9fd45c15d5952ece0a0129e7e80cb26ec023fd59cf09bc26f1604" "/opt/rustwide/cargo-home/bin/cargo" "+beta-2021-10-15" "metadata" "--no-deps" "--format-version=1", kill_on_drop: false }`
[INFO] [stderr] WARNING: Your kernel does not support swap limit capabilities or the cgroup is not mounted. Memory limited without swap.
[INFO] [stdout] 7c6e8e97dc28a599dcc322fb6b6436b05b40125c0617dcb1c413105c781843b2
[INFO] running `Command { std: "docker" "start" "-a" "7c6e8e97dc28a599dcc322fb6b6436b05b40125c0617dcb1c413105c781843b2", kill_on_drop: false }`
[INFO] running `Command { std: "docker" "inspect" "7c6e8e97dc28a599dcc322fb6b6436b05b40125c0617dcb1c413105c781843b2", kill_on_drop: false }`
[INFO] running `Command { std: "docker" "rm" "-f" "7c6e8e97dc28a599dcc322fb6b6436b05b40125c0617dcb1c413105c781843b2", kill_on_drop: false }`
[INFO] [stdout] 7c6e8e97dc28a599dcc322fb6b6436b05b40125c0617dcb1c413105c781843b2
[INFO] running `Command { std: "docker" "create" "-v" "/var/lib/crater-agent-workspace/builds/worker-11/target:/opt/rustwide/target:rw,Z" "-v" "/var/lib/crater-agent-workspace/builds/worker-11/source:/opt/rustwide/workdir:ro,Z" "-v" "/var/lib/crater-agent-workspace/cargo-home:/opt/rustwide/cargo-home:ro,Z" "-v" "/var/lib/crater-agent-workspace/rustup-home:/opt/rustwide/rustup-home:ro,Z" "-e" "SOURCE_DIR=/opt/rustwide/workdir" "-e" "CARGO_TARGET_DIR=/opt/rustwide/target" "-e" "CARGO_INCREMENTAL=0" "-e" "RUST_BACKTRACE=full" "-e" "RUSTFLAGS=--cap-lints=warn" "-e" "CARGO_HOME=/opt/rustwide/cargo-home" "-e" "RUSTUP_HOME=/opt/rustwide/rustup-home" "-w" "/opt/rustwide/workdir" "-m" "1610612736" "--user" "0:0" "--network" "none" "ghcr.io/rust-lang/crates-build-env/linux@sha256:a89201d6b5b9fd45c15d5952ece0a0129e7e80cb26ec023fd59cf09bc26f1604" "/opt/rustwide/cargo-home/bin/cargo" "+beta-2021-10-15" "check" "--frozen" "--all" "--all-targets" "--message-format=json", kill_on_drop: false }`
[INFO] [stderr] WARNING: Your kernel does not support swap limit capabilities or the cgroup is not mounted. Memory limited without swap.
[INFO] [stdout] 83e469e7e65bbaa6b50b5d33c3f19f08e357f95c1abe56561a15aeb90e4af8db
[INFO] running `Command { std: "docker" "start" "-a" "83e469e7e65bbaa6b50b5d33c3f19f08e357f95c1abe56561a15aeb90e4af8db", kill_on_drop: false }`
[INFO] [stderr]     Checking spin v0.7.1
[INFO] [stderr]     Checking html_color v0.0.0
[INFO] [stderr]     Checking class_names v0.0.1
[INFO] [stderr]     Checking spin v0.9.2
[INFO] [stderr]     Checking hashbrown v0.9.1
[INFO] [stderr]     Checking cstring v0.0.5
[INFO] [stderr]     Checking callback v0.5.3
[INFO] [stderr]     Checking hecs v0.3.2
[INFO] [stderr]     Checking js v0.3.0
[INFO] [stderr]     Checking web_common v0.4.2
[INFO] [stderr]     Checking web_console v0.3.7
[INFO] [stderr]     Checking web_canvas v0.0.7
[INFO] [stderr]     Checking web_timer v0.2.5
[INFO] [stderr]     Checking web_local_storage v0.0.2
[INFO] [stderr]     Checking webcomponent v0.6.2
[INFO] [stderr]     Checking web_random v0.1.5
[INFO] [stderr]     Checking web-dom v0.3.9
[INFO] [stderr]     Checking web v0.1.15
[INFO] [stderr]     Checking rangoon v0.0.0 (/opt/rustwide/workdir)
[INFO] [stdout] error[E0308]: mismatched types
[INFO] [stdout]   --> src/lib.rs:20:26
[INFO] [stdout]    |
[INFO] [stdout] 20 |         let width: f64 = get_property(&screen, "width");
[INFO] [stdout]    |                    ---   ^^^^^^^^^^^^^^^^^^^^^^^^^^^^^^ expected `f64`, found enum `Option`
[INFO] [stdout]    |                    |
[INFO] [stdout]    |                    expected due to this
[INFO] [stdout]    |
[INFO] [stdout]    = note: expected type `f64`
[INFO] [stdout]               found enum `Option<_>`
[INFO] [stdout] 
[INFO] [stdout] 
[INFO] [stdout] error[E0308]: mismatched types
[INFO] [stdout]   --> src/lib.rs:21:27
[INFO] [stdout]    |
[INFO] [stdout] 21 |         let height: f64 = get_property(&screen, "height");
[INFO] [stdout]    |                     ---   ^^^^^^^^^^^^^^^^^^^^^^^^^^^^^^^ expected `f64`, found enum `Option`
[INFO] [stdout]    |                     |
[INFO] [stdout]    |                     expected due to this
[INFO] [stdout]    |
[INFO] [stdout]    = note: expected type `f64`
[INFO] [stdout]               found enum `Option<_>`
[INFO] [stdout] 
[INFO] [stdout] 
[INFO] [stdout] error: aborting due to 2 previous errors
[INFO] [stdout] 
[INFO] [stdout] 
[INFO] [stdout] For more information about this error, try `rustc --explain E0308`.
[INFO] [stdout] 
[INFO] [stderr] error: could not compile `rangoon` due to 3 previous errors
[INFO] [stdout] error[E0308]: mismatched types
[INFO] [stdout]   --> src/lib.rs:20:26
[INFO] [stdout]    |
[INFO] [stdout] 20 |         let width: f64 = get_property(&screen, "width");
[INFO] [stdout]    |                    ---   ^^^^^^^^^^^^^^^^^^^^^^^^^^^^^^ expected `f64`, found enum `Option`
[INFO] [stdout]    |                    |
[INFO] [stdout]    |                    expected due to this
[INFO] [stdout]    |
[INFO] [stdout]    = note: expected type `f64`
[INFO] [stdout]               found enum `Option<_>`
[INFO] [stdout] 
[INFO] [stdout] 
[INFO] [stderr] warning: build failed, waiting for other jobs to finish...
[INFO] [stdout] error[E0308]: mismatched types
[INFO] [stdout]   --> src/lib.rs:21:27
[INFO] [stdout]    |
[INFO] [stdout] 21 |         let height: f64 = get_property(&screen, "height");
[INFO] [stdout]    |                     ---   ^^^^^^^^^^^^^^^^^^^^^^^^^^^^^^^ expected `f64`, found enum `Option`
[INFO] [stdout]    |                     |
[INFO] [stdout]    |                     expected due to this
[INFO] [stdout]    |
[INFO] [stdout]    = note: expected type `f64`
[INFO] [stdout]               found enum `Option<_>`
[INFO] [stdout] 
[INFO] [stdout] 
[INFO] [stdout] error: aborting due to 2 previous errors
[INFO] [stdout] 
[INFO] [stdout] 
[INFO] [stdout] For more information about this error, try `rustc --explain E0308`.
[INFO] [stdout] 
[INFO] [stderr] error: build failed
[INFO] running `Command { std: "docker" "inspect" "83e469e7e65bbaa6b50b5d33c3f19f08e357f95c1abe56561a15aeb90e4af8db", kill_on_drop: false }`
[INFO] running `Command { std: "docker" "rm" "-f" "83e469e7e65bbaa6b50b5d33c3f19f08e357f95c1abe56561a15aeb90e4af8db", kill_on_drop: false }`
[INFO] [stdout] 83e469e7e65bbaa6b50b5d33c3f19f08e357f95c1abe56561a15aeb90e4af8db
