[INFO] fetching crate ramp-primes 0.4.1...
[INFO] checking ramp-primes-0.4.1 against 1.55.0 for beta-1.56-3
[INFO] extracting crate ramp-primes 0.4.1 into /workspace/builds/worker-10/source
[INFO] validating manifest of crates.io crate ramp-primes 0.4.1 on toolchain 1.55.0
[INFO] running `Command { std: "/workspace/cargo-home/bin/cargo" "+1.55.0" "metadata" "--manifest-path" "Cargo.toml" "--no-deps", kill_on_drop: false }`
[INFO] started tweaking crates.io crate ramp-primes 0.4.1
[INFO] finished tweaking crates.io crate ramp-primes 0.4.1
[INFO] tweaked toml for crates.io crate ramp-primes 0.4.1 written to /workspace/builds/worker-10/source/Cargo.toml
[INFO] running `Command { std: "/workspace/cargo-home/bin/cargo" "+1.55.0" "generate-lockfile" "--manifest-path" "Cargo.toml" "-Zno-index-update", kill_on_drop: false }`
[INFO] running `Command { std: "/workspace/cargo-home/bin/cargo" "+1.55.0" "fetch" "--manifest-path" "Cargo.toml", kill_on_drop: false }`
[INFO] [stderr]  Downloading crates ...
[INFO] [stderr]   Downloaded rustc-cfg v0.2.0
[INFO] [stderr]   Downloaded ieee754 v0.2.6
[INFO] [stderr]   Downloaded ramp v0.5.9
[INFO] running `Command { std: "docker" "create" "-v" "/var/lib/crater-agent-workspace/builds/worker-10/target:/opt/rustwide/target:rw,Z" "-v" "/var/lib/crater-agent-workspace/builds/worker-10/source:/opt/rustwide/workdir:ro,Z" "-v" "/var/lib/crater-agent-workspace/cargo-home:/opt/rustwide/cargo-home:ro,Z" "-v" "/var/lib/crater-agent-workspace/rustup-home:/opt/rustwide/rustup-home:ro,Z" "-e" "SOURCE_DIR=/opt/rustwide/workdir" "-e" "CARGO_TARGET_DIR=/opt/rustwide/target" "-e" "CARGO_HOME=/opt/rustwide/cargo-home" "-e" "RUSTUP_HOME=/opt/rustwide/rustup-home" "-w" "/opt/rustwide/workdir" "-m" "1610612736" "--user" "0:0" "--network" "none" "ghcr.io/rust-lang/crates-build-env/linux@sha256:a89201d6b5b9fd45c15d5952ece0a0129e7e80cb26ec023fd59cf09bc26f1604" "/opt/rustwide/cargo-home/bin/cargo" "+1.55.0" "metadata" "--no-deps" "--format-version=1", kill_on_drop: false }`
[INFO] [stdout] 187a31d71d6f1ed9b28502287795a8ce605229e425013df15be55c396982c454
[INFO] [stderr] WARNING: Your kernel does not support swap limit capabilities or the cgroup is not mounted. Memory limited without swap.
[INFO] running `Command { std: "docker" "start" "-a" "187a31d71d6f1ed9b28502287795a8ce605229e425013df15be55c396982c454", kill_on_drop: false }`
[INFO] running `Command { std: "docker" "inspect" "187a31d71d6f1ed9b28502287795a8ce605229e425013df15be55c396982c454", kill_on_drop: false }`
[INFO] running `Command { std: "docker" "rm" "-f" "187a31d71d6f1ed9b28502287795a8ce605229e425013df15be55c396982c454", kill_on_drop: false }`
[INFO] [stdout] 187a31d71d6f1ed9b28502287795a8ce605229e425013df15be55c396982c454
[INFO] running `Command { std: "docker" "create" "-v" "/var/lib/crater-agent-workspace/builds/worker-10/target:/opt/rustwide/target:rw,Z" "-v" "/var/lib/crater-agent-workspace/builds/worker-10/source:/opt/rustwide/workdir:ro,Z" "-v" "/var/lib/crater-agent-workspace/cargo-home:/opt/rustwide/cargo-home:ro,Z" "-v" "/var/lib/crater-agent-workspace/rustup-home:/opt/rustwide/rustup-home:ro,Z" "-e" "SOURCE_DIR=/opt/rustwide/workdir" "-e" "CARGO_TARGET_DIR=/opt/rustwide/target" "-e" "CARGO_INCREMENTAL=0" "-e" "RUST_BACKTRACE=full" "-e" "RUSTFLAGS=--cap-lints=warn" "-e" "CARGO_HOME=/opt/rustwide/cargo-home" "-e" "RUSTUP_HOME=/opt/rustwide/rustup-home" "-w" "/opt/rustwide/workdir" "-m" "1610612736" "--user" "0:0" "--network" "none" "ghcr.io/rust-lang/crates-build-env/linux@sha256:a89201d6b5b9fd45c15d5952ece0a0129e7e80cb26ec023fd59cf09bc26f1604" "/opt/rustwide/cargo-home/bin/cargo" "+1.55.0" "check" "--frozen" "--all" "--all-targets" "--message-format=json", kill_on_drop: false }`
[INFO] [stdout] 1c88767e46f0dc9d0d14330aaa467c4758a91b6f01e8a17ef03f6eee28fd1e0b
[INFO] [stderr] WARNING: Your kernel does not support swap limit capabilities or the cgroup is not mounted. Memory limited without swap.
[INFO] running `Command { std: "docker" "start" "-a" "1c88767e46f0dc9d0d14330aaa467c4758a91b6f01e8a17ef03f6eee28fd1e0b", kill_on_drop: false }`
[INFO] [stderr]     Blocking waiting for file lock on package cache
[INFO] [stderr]     Blocking waiting for file lock on package cache
[INFO] [stderr]    Compiling rustc-cfg v0.2.0
[INFO] [stderr]     Checking hamming v0.1.3
[INFO] [stderr]    Compiling rand v0.4.6
[INFO] [stderr]    Compiling num-integer v0.1.44
[INFO] [stderr]    Compiling num-bigint v0.1.44
[INFO] [stderr]    Compiling ramp v0.5.9
[INFO] [stdout] error[E0554]: `#![feature]` may not be used on the stable release channel
[INFO] [stdout]   --> /opt/rustwide/cargo-home/registry/src/github.com-1ecc6299db9ec823/ramp-0.5.9/src/lib.rs:17:1
[INFO] [stdout]    |
[INFO] [stdout] 17 | #![feature(core_intrinsics, asm, allocator_api)]
[INFO] [stdout]    | ^^^^^^^^^^^^^^^^^^^^^^^^^^^^^^^^^^^^^^^^^^^^^^^^
[INFO] [stdout] 
[INFO] [stdout] 
[INFO] [stdout] error[E0554]: `#![feature]` may not be used on the stable release channel
[INFO] [stdout]   --> /opt/rustwide/cargo-home/registry/src/github.com-1ecc6299db9ec823/ramp-0.5.9/src/lib.rs:18:1
[INFO] [stdout]    |
[INFO] [stdout] 18 | #![feature(step_trait, step_trait_ext, ptr_internals, raw_vec_internals)]
[INFO] [stdout]    | ^^^^^^^^^^^^^^^^^^^^^^^^^^^^^^^^^^^^^^^^^^^^^^^^^^^^^^^^^^^^^^^^^^^^^^^^^
[INFO] [stdout] 
[INFO] [stdout] 
[INFO] [stdout] error[E0199]: implementing the trait `Step` is not unsafe
[INFO] [stdout]     --> /opt/rustwide/cargo-home/registry/src/github.com-1ecc6299db9ec823/ramp-0.5.9/src/int.rs:3697:1
[INFO] [stdout]      |
[INFO] [stdout] 3697 | / unsafe impl std::iter::Step for Int {
[INFO] [stdout] 3698 | |     fn steps_between(start: &Int, end: &Int) -> Option<usize> {
[INFO] [stdout] 3699 | |         let diff = (start - end).abs();
[INFO] [stdout] 3700 | |
[INFO] [stdout] ...    |
[INFO] [stdout] 3715 | |     }
[INFO] [stdout] 3716 | | }
[INFO] [stdout]      | |_^
[INFO] [stdout] 
[INFO] [stdout] 
[INFO] [stdout] error: aborting due to 3 previous errors
[INFO] [stdout] 
[INFO] [stdout] 
[INFO] [stdout] Some errors have detailed explanations: E0199, E0554.
[INFO] [stdout] 
[INFO] [stdout] For more information about an error, try `rustc --explain E0199`.
[INFO] [stdout] 
[INFO] [stderr] error: could not compile `ramp` due to 4 previous errors
[INFO] running `Command { std: "docker" "inspect" "1c88767e46f0dc9d0d14330aaa467c4758a91b6f01e8a17ef03f6eee28fd1e0b", kill_on_drop: false }`
[INFO] running `Command { std: "docker" "rm" "-f" "1c88767e46f0dc9d0d14330aaa467c4758a91b6f01e8a17ef03f6eee28fd1e0b", kill_on_drop: false }`
[INFO] [stdout] 1c88767e46f0dc9d0d14330aaa467c4758a91b6f01e8a17ef03f6eee28fd1e0b
