[INFO] fetching crate ramp-api 0.2.6...
[INFO] checking ramp-api-0.2.6 against beta-2021-10-15 for beta-1.56-3
[INFO] extracting crate ramp-api 0.2.6 into /workspace/builds/worker-4/source
[INFO] validating manifest of crates.io crate ramp-api 0.2.6 on toolchain beta-2021-10-15
[INFO] running `Command { std: "/workspace/cargo-home/bin/cargo" "+beta-2021-10-15" "metadata" "--manifest-path" "Cargo.toml" "--no-deps", kill_on_drop: false }`
[INFO] started tweaking crates.io crate ramp-api 0.2.6
[INFO] finished tweaking crates.io crate ramp-api 0.2.6
[INFO] tweaked toml for crates.io crate ramp-api 0.2.6 written to /workspace/builds/worker-4/source/Cargo.toml
[INFO] running `Command { std: "/workspace/cargo-home/bin/cargo" "+beta-2021-10-15" "generate-lockfile" "--manifest-path" "Cargo.toml" "-Zno-index-update", kill_on_drop: false }`
[INFO] running `Command { std: "/workspace/cargo-home/bin/cargo" "+beta-2021-10-15" "fetch" "--manifest-path" "Cargo.toml", kill_on_drop: false }`
[INFO] [stderr]     Blocking waiting for file lock on package cache
[INFO] [stderr]     Blocking waiting for file lock on package cache
[INFO] running `Command { std: "docker" "create" "-v" "/var/lib/crater-agent-workspace/builds/worker-4/target:/opt/rustwide/target:rw,Z" "-v" "/var/lib/crater-agent-workspace/builds/worker-4/source:/opt/rustwide/workdir:ro,Z" "-v" "/var/lib/crater-agent-workspace/cargo-home:/opt/rustwide/cargo-home:ro,Z" "-v" "/var/lib/crater-agent-workspace/rustup-home:/opt/rustwide/rustup-home:ro,Z" "-e" "SOURCE_DIR=/opt/rustwide/workdir" "-e" "CARGO_TARGET_DIR=/opt/rustwide/target" "-e" "CARGO_HOME=/opt/rustwide/cargo-home" "-e" "RUSTUP_HOME=/opt/rustwide/rustup-home" "-w" "/opt/rustwide/workdir" "-m" "1610612736" "--user" "0:0" "--network" "none" "ghcr.io/rust-lang/crates-build-env/linux@sha256:a89201d6b5b9fd45c15d5952ece0a0129e7e80cb26ec023fd59cf09bc26f1604" "/opt/rustwide/cargo-home/bin/cargo" "+beta-2021-10-15" "metadata" "--no-deps" "--format-version=1", kill_on_drop: false }`
[INFO] [stdout] f49a3728554c9f7c0f8d5dd82d8ba40322ebbd61bc7d26b20dd582bfa8e29b92
[INFO] [stderr] WARNING: Your kernel does not support swap limit capabilities or the cgroup is not mounted. Memory limited without swap.
[INFO] running `Command { std: "docker" "start" "-a" "f49a3728554c9f7c0f8d5dd82d8ba40322ebbd61bc7d26b20dd582bfa8e29b92", kill_on_drop: false }`
[INFO] running `Command { std: "docker" "inspect" "f49a3728554c9f7c0f8d5dd82d8ba40322ebbd61bc7d26b20dd582bfa8e29b92", kill_on_drop: false }`
[INFO] running `Command { std: "docker" "rm" "-f" "f49a3728554c9f7c0f8d5dd82d8ba40322ebbd61bc7d26b20dd582bfa8e29b92", kill_on_drop: false }`
[INFO] [stdout] f49a3728554c9f7c0f8d5dd82d8ba40322ebbd61bc7d26b20dd582bfa8e29b92
[INFO] running `Command { std: "docker" "create" "-v" "/var/lib/crater-agent-workspace/builds/worker-4/target:/opt/rustwide/target:rw,Z" "-v" "/var/lib/crater-agent-workspace/builds/worker-4/source:/opt/rustwide/workdir:ro,Z" "-v" "/var/lib/crater-agent-workspace/cargo-home:/opt/rustwide/cargo-home:ro,Z" "-v" "/var/lib/crater-agent-workspace/rustup-home:/opt/rustwide/rustup-home:ro,Z" "-e" "SOURCE_DIR=/opt/rustwide/workdir" "-e" "CARGO_TARGET_DIR=/opt/rustwide/target" "-e" "CARGO_INCREMENTAL=0" "-e" "RUST_BACKTRACE=full" "-e" "RUSTFLAGS=--cap-lints=warn" "-e" "CARGO_HOME=/opt/rustwide/cargo-home" "-e" "RUSTUP_HOME=/opt/rustwide/rustup-home" "-w" "/opt/rustwide/workdir" "-m" "1610612736" "--user" "0:0" "--network" "none" "ghcr.io/rust-lang/crates-build-env/linux@sha256:a89201d6b5b9fd45c15d5952ece0a0129e7e80cb26ec023fd59cf09bc26f1604" "/opt/rustwide/cargo-home/bin/cargo" "+beta-2021-10-15" "check" "--frozen" "--all" "--all-targets" "--message-format=json", kill_on_drop: false }`
[INFO] [stdout] e6e06bccd5f2607e8b9b60ef853cdecd8cc66a3f1406e48a50aaf5b7838b85e3
[INFO] [stderr] WARNING: Your kernel does not support swap limit capabilities or the cgroup is not mounted. Memory limited without swap.
[INFO] running `Command { std: "docker" "start" "-a" "e6e06bccd5f2607e8b9b60ef853cdecd8cc66a3f1406e48a50aaf5b7838b85e3", kill_on_drop: false }`
[INFO] [stderr]    Compiling log v0.4.14
[INFO] [stderr]    Compiling schemars v0.8.6
[INFO] [stderr]    Compiling hyperx v1.2.0
[INFO] [stderr]     Checking ring v0.16.20
[INFO] [stderr]     Checking nom v4.2.3
[INFO] [stderr]    Compiling mime_guess v2.0.3
[INFO] [stderr]    Compiling serde_derive_internals v0.25.0
[INFO] [stderr]    Compiling async-recursion v0.3.2
[INFO] [stderr]     Checking serde v1.0.130
[INFO] [stderr]     Checking nom_pem v4.0.0
[INFO] [stderr]    Compiling schemars_derive v0.8.6
[INFO] [stderr]     Checking bytes v1.1.0
[INFO] [stderr]     Checking chrono v0.4.19
[INFO] [stderr]     Checking serde_json v1.0.68
[INFO] [stderr]     Checking url v2.2.2
[INFO] [stderr]     Checking uuid v0.8.2
[INFO] [stderr]     Checking serde_urlencoded v0.7.0
[INFO] [stderr]     Checking mio v0.7.13
[INFO] [stderr]     Checking want v0.3.0
[INFO] [stderr]     Checking native-tls v0.2.8
[INFO] [stderr]     Checking http v0.2.5
[INFO] [stderr]     Checking simple_asn1 v0.4.1
[INFO] [stderr]     Checking tokio v1.12.0
[INFO] [stderr]     Checking jsonwebtoken v7.2.0
[INFO] [stderr]     Checking http-body v0.4.3
[INFO] [stderr]     Checking tokio-util v0.6.8
[INFO] [stderr]     Checking tokio-native-tls v0.3.0
[INFO] [stderr]     Checking h2 v0.3.6
[INFO] [stderr]     Checking hyper v0.14.5
[INFO] [stderr]     Checking hyper-tls v0.5.0
[INFO] [stderr]     Checking reqwest v0.11.5
[INFO] [stderr]     Checking ramp-api v0.2.6 (/opt/rustwide/workdir)
[INFO] [stdout] error[E0554]: `#![feature]` may not be used on the beta release channel
[INFO] [stdout]   --> src/lib.rs:90:1
[INFO] [stdout]    |
[INFO] [stdout] 90 | #![feature(async_stream)]
[INFO] [stdout]    | ^^^^^^^^^^^^^^^^^^^^^^^^^
[INFO] [stdout] 
[INFO] [stdout] 
[INFO] [stdout] error[E0554]: `#![feature]` may not be used on the beta release channel
[INFO] [stdout]   --> src/lib.rs:90:1
[INFO] [stdout]    |
[INFO] [stdout] 90 | #![feature(async_stream)]
[INFO] [stdout]    | ^^^^^^^^^^^^^^^^^^^^^^^^^
[INFO] [stdout] 
[INFO] [stdout] 
[INFO] [stdout] error[E0308]: mismatched types
[INFO] [stdout]   --> src/tests.rs:37:24
[INFO] [stdout]    |
[INFO] [stdout] 37 |         department_id: Some(uuid::Uuid::new_v4()),
[INFO] [stdout]    |                        ^^^^^^^^^^^^^^^^^^^^^^^^^^ expected struct `std::string::String`, found enum `std::option::Option`
[INFO] [stdout]    |
[INFO] [stdout]    = note: expected struct `std::string::String`
[INFO] [stdout]                 found enum `std::option::Option<Uuid>`
[INFO] [stdout] 
[INFO] [stdout] 
[INFO] [stdout] error[E0308]: mismatched types
[INFO] [stdout]   --> src/tests.rs:38:28
[INFO] [stdout]    |
[INFO] [stdout] 38 |         direct_manager_id: Some(uuid::Uuid::new_v4()),
[INFO] [stdout]    |                            ^^^^^^^^^^^^^^^^^^^^^^^^^^ expected struct `std::string::String`, found enum `std::option::Option`
[INFO] [stdout]    |
[INFO] [stdout]    = note: expected struct `std::string::String`
[INFO] [stdout]                 found enum `std::option::Option<Uuid>`
[INFO] [stdout] 
[INFO] [stdout] 
[INFO] [stdout] error[E0308]: mismatched types
[INFO] [stdout]   --> src/tests.rs:42:22
[INFO] [stdout]    |
[INFO] [stdout] 42 |         location_id: Some(uuid::Uuid::new_v4()),
[INFO] [stdout]    |                      ^^^^^^^^^^^^^^^^^^^^^^^^^^ expected struct `std::string::String`, found enum `std::option::Option`
[INFO] [stdout]    |
[INFO] [stdout]    = note: expected struct `std::string::String`
[INFO] [stdout]                 found enum `std::option::Option<Uuid>`
[INFO] [stdout] 
[INFO] [stdout] 
[INFO] [stdout] error: aborting due to previous error
[INFO] [stdout] 
[INFO] [stdout] 
[INFO] [stdout] For more information about this error, try `rustc --explain E0554`.
[INFO] [stdout] 
[INFO] [stderr] error: could not compile `ramp-api` due to 2 previous errors
[INFO] [stderr] warning: build failed, waiting for other jobs to finish...
[INFO] [stdout] error: aborting due to 4 previous errors
[INFO] [stdout] 
[INFO] [stdout] 
[INFO] [stdout] Some errors have detailed explanations: E0308, E0554.
[INFO] [stdout] 
[INFO] [stdout] For more information about an error, try `rustc --explain E0308`.
[INFO] [stdout] 
[INFO] [stderr] error: build failed
[INFO] running `Command { std: "docker" "inspect" "e6e06bccd5f2607e8b9b60ef853cdecd8cc66a3f1406e48a50aaf5b7838b85e3", kill_on_drop: false }`
[INFO] running `Command { std: "docker" "rm" "-f" "e6e06bccd5f2607e8b9b60ef853cdecd8cc66a3f1406e48a50aaf5b7838b85e3", kill_on_drop: false }`
[INFO] [stdout] e6e06bccd5f2607e8b9b60ef853cdecd8cc66a3f1406e48a50aaf5b7838b85e3
