[INFO] fetching crate rafx-shader-processor 0.0.14...
[INFO] checking rafx-shader-processor-0.0.14 against beta-2021-10-15 for beta-1.56-3
[INFO] extracting crate rafx-shader-processor 0.0.14 into /workspace/builds/worker-5/source
[INFO] validating manifest of crates.io crate rafx-shader-processor 0.0.14 on toolchain beta-2021-10-15
[INFO] running `Command { std: "/workspace/cargo-home/bin/cargo" "+beta-2021-10-15" "metadata" "--manifest-path" "Cargo.toml" "--no-deps", kill_on_drop: false }`
[INFO] started tweaking crates.io crate rafx-shader-processor 0.0.14
[INFO] finished tweaking crates.io crate rafx-shader-processor 0.0.14
[INFO] tweaked toml for crates.io crate rafx-shader-processor 0.0.14 written to /workspace/builds/worker-5/source/Cargo.toml
[INFO] crate crates.io crate rafx-shader-processor 0.0.14 already has a lockfile, it will not be regenerated
[INFO] running `Command { std: "/workspace/cargo-home/bin/cargo" "+beta-2021-10-15" "fetch" "--manifest-path" "Cargo.toml", kill_on_drop: false }`
[INFO] [stderr]     Blocking waiting for file lock on package cache
[INFO] running `Command { std: "docker" "create" "-v" "/var/lib/crater-agent-workspace/builds/worker-5/target:/opt/rustwide/target:rw,Z" "-v" "/var/lib/crater-agent-workspace/builds/worker-5/source:/opt/rustwide/workdir:ro,Z" "-v" "/var/lib/crater-agent-workspace/cargo-home:/opt/rustwide/cargo-home:ro,Z" "-v" "/var/lib/crater-agent-workspace/rustup-home:/opt/rustwide/rustup-home:ro,Z" "-e" "SOURCE_DIR=/opt/rustwide/workdir" "-e" "CARGO_TARGET_DIR=/opt/rustwide/target" "-e" "CARGO_HOME=/opt/rustwide/cargo-home" "-e" "RUSTUP_HOME=/opt/rustwide/rustup-home" "-w" "/opt/rustwide/workdir" "-m" "1610612736" "--user" "0:0" "--network" "none" "ghcr.io/rust-lang/crates-build-env/linux@sha256:a89201d6b5b9fd45c15d5952ece0a0129e7e80cb26ec023fd59cf09bc26f1604" "/opt/rustwide/cargo-home/bin/cargo" "+beta-2021-10-15" "metadata" "--no-deps" "--format-version=1", kill_on_drop: false }`
[INFO] [stderr] WARNING: Your kernel does not support swap limit capabilities or the cgroup is not mounted. Memory limited without swap.
[INFO] [stdout] 4783f38ce88c24fdeede2332effe0d099c2290f56c75625af65a1a72167ec602
[INFO] running `Command { std: "docker" "start" "-a" "4783f38ce88c24fdeede2332effe0d099c2290f56c75625af65a1a72167ec602", kill_on_drop: false }`
[INFO] running `Command { std: "docker" "inspect" "4783f38ce88c24fdeede2332effe0d099c2290f56c75625af65a1a72167ec602", kill_on_drop: false }`
[INFO] running `Command { std: "docker" "rm" "-f" "4783f38ce88c24fdeede2332effe0d099c2290f56c75625af65a1a72167ec602", kill_on_drop: false }`
[INFO] [stdout] 4783f38ce88c24fdeede2332effe0d099c2290f56c75625af65a1a72167ec602
[INFO] running `Command { std: "docker" "create" "-v" "/var/lib/crater-agent-workspace/builds/worker-5/target:/opt/rustwide/target:rw,Z" "-v" "/var/lib/crater-agent-workspace/builds/worker-5/source:/opt/rustwide/workdir:ro,Z" "-v" "/var/lib/crater-agent-workspace/cargo-home:/opt/rustwide/cargo-home:ro,Z" "-v" "/var/lib/crater-agent-workspace/rustup-home:/opt/rustwide/rustup-home:ro,Z" "-e" "SOURCE_DIR=/opt/rustwide/workdir" "-e" "CARGO_TARGET_DIR=/opt/rustwide/target" "-e" "CARGO_INCREMENTAL=0" "-e" "RUST_BACKTRACE=full" "-e" "RUSTFLAGS=--cap-lints=warn" "-e" "CARGO_HOME=/opt/rustwide/cargo-home" "-e" "RUSTUP_HOME=/opt/rustwide/rustup-home" "-w" "/opt/rustwide/workdir" "-m" "1610612736" "--user" "0:0" "--network" "none" "ghcr.io/rust-lang/crates-build-env/linux@sha256:a89201d6b5b9fd45c15d5952ece0a0129e7e80cb26ec023fd59cf09bc26f1604" "/opt/rustwide/cargo-home/bin/cargo" "+beta-2021-10-15" "check" "--frozen" "--all" "--all-targets" "--message-format=json", kill_on_drop: false }`
[INFO] [stdout] 5cd0017f2e08daee48059a00169afe617aae3ce4abf3f39e811d629e739a1bd2
[INFO] [stderr] WARNING: Your kernel does not support swap limit capabilities or the cgroup is not mounted. Memory limited without swap.
[INFO] running `Command { std: "docker" "start" "-a" "5cd0017f2e08daee48059a00169afe617aae3ce4abf3f39e811d629e739a1bd2", kill_on_drop: false }`
[INFO] [stderr]     Blocking waiting for file lock on package cache
[INFO] [stderr]     Checking instant v0.1.10
[INFO] [stderr]    Compiling slotmap v1.0.5
[INFO] [stderr]    Compiling libc v0.2.99
[INFO] [stderr]     Checking raw-window-handle v0.3.3
[INFO] [stderr]    Compiling profiling-procmacros v1.0.3
[INFO] [stderr]     Checking spirv_headers v1.5.0
[INFO] [stderr]     Checking env_logger v0.6.2
[INFO] [stderr]     Checking serde_bytes v0.11.5
[INFO] [stderr]     Checking glam v0.13.1
[INFO] [stderr]     Checking bincode v1.3.3
[INFO] [stderr]     Checking ron v0.6.4
[INFO] [stderr]     Checking parking_lot_core v0.8.3
[INFO] [stderr]     Checking rafx-base v0.0.14
[INFO] [stderr]     Checking parking_lot v0.11.1
[INFO] [stderr]    Compiling jobserver v0.1.23
[INFO] [stderr]    Compiling cc v1.0.69
[INFO] [stderr]     Checking profiling v1.0.3
[INFO] [stderr]     Checking rafx-api v0.0.14
[INFO] [stderr]    Compiling cmake v0.1.45
[INFO] [stderr]    Compiling spirv-reflect v0.2.3
[INFO] [stderr]    Compiling spirv_cross v0.23.1
[INFO] [stderr]    Compiling shaderc-sys v0.6.3
[INFO] [stderr]     Checking rafx-visibility v0.0.14
[INFO] [stderr] error: could not compile `rafx-api`
[INFO] [stderr] 
[INFO] [stderr] Caused by:
[INFO] [stderr]   process didn't exit successfully: `rustc --crate-name rafx_api --edition=2018 /opt/rustwide/cargo-home/registry/src/github.com-1ecc6299db9ec823/rafx-api-0.0.14/src/lib.rs --error-format=json --json=diagnostic-rendered-ansi --crate-type lib --emit=dep-info,metadata -C embed-bitcode=no -C debuginfo=2 --cfg 'feature="default"' --cfg 'feature="serde"' --cfg 'feature="serde-support"' --cfg 'feature="serde_bytes"' -C metadata=3ea2259014f829bd -C extra-filename=-3ea2259014f829bd --out-dir /opt/rustwide/target/debug/deps -L dependency=/opt/rustwide/target/debug/deps --extern bitflags=/opt/rustwide/target/debug/deps/libbitflags-5d4fdd6484ce545f.rmeta --extern crossbeam_channel=/opt/rustwide/target/debug/deps/libcrossbeam_channel-ee076f7e05a14800.rmeta --extern fnv=/opt/rustwide/target/debug/deps/libfnv-dd37fcbf4810fcb5.rmeta --extern log=/opt/rustwide/target/debug/deps/liblog-a00eaae0aaa71643.rmeta --extern profiling=/opt/rustwide/target/debug/deps/libprofiling-dd73d82c55e10390.rmeta --extern rafx_base=/opt/rustwide/target/debug/deps/librafx_base-e91a7fd183928200.rmeta --extern raw_window_handle=/opt/rustwide/target/debug/deps/libraw_window_handle-777505ce5c72afea.rmeta --extern serde=/opt/rustwide/target/debug/deps/libserde-e2aa1edb462c5a37.rmeta --extern serde_bytes=/opt/rustwide/target/debug/deps/libserde_bytes-7871a12056875a77.rmeta --cap-lints allow --cap-lints=warn` (signal: 9, SIGKILL: kill)
[INFO] [stderr] warning: build failed, waiting for other jobs to finish...
[INFO] [stderr] The following warnings were emitted during compilation:
[INFO] [stderr] 
[INFO] [stderr] warning: src/wrapper.cpp:2: warning: ignoring #pragma warning  [-Wunknown-pragmas]
[INFO] [stderr] warning:     2 | #pragma warning(disable : 4996 4101)
[INFO] [stderr] warning:       | 
[INFO] [stderr] warning: c++: fatal error: Killed signal terminated program cc1plus
[INFO] [stderr] warning: compilation terminated.
[INFO] [stderr] warning: c++: fatal error: Killed signal terminated program cc1plus
[INFO] [stderr] warning: compilation terminated.
[INFO] [stderr] warning: c++: fatal error: Killed signal terminated program cc1plus
[INFO] [stderr] warning: compilation terminated.
[INFO] [stderr] warning: c++: fatal error: Killed signal terminated program cc1plus
[INFO] [stderr] warning: compilation terminated.
[INFO] [stderr] warning: c++: fatal error: Killed signal terminated program cc1plus
[INFO] [stderr] warning: compilation terminated.
[INFO] [stderr] warning: c++: fatal error: Killed signal terminated program cc1plus
[INFO] [stderr] warning: compilation terminated.
[INFO] [stderr] warning: c++: fatal error: Killed signal terminated program cc1plus
[INFO] [stderr] warning: compilation terminated.
[INFO] [stderr] 
[INFO] [stderr] The following warnings were emitted during compilation:
[INFO] [stderr] 
[INFO] [stderr] warning: Checking for system installed libraries.  Use --features = build-from-source to disable this behavior
[INFO] [stderr] warning: System installed library not found.  Falling back to build from source
[INFO] [stderr] 
[INFO] [stderr] error: build failed
[INFO] running `Command { std: "docker" "inspect" "5cd0017f2e08daee48059a00169afe617aae3ce4abf3f39e811d629e739a1bd2", kill_on_drop: false }`
[INFO] running `Command { std: "docker" "rm" "-f" "5cd0017f2e08daee48059a00169afe617aae3ce4abf3f39e811d629e739a1bd2", kill_on_drop: false }`
[INFO] [stdout] 5cd0017f2e08daee48059a00169afe617aae3ce4abf3f39e811d629e739a1bd2
