[INFO] fetching crate raft4rs 0.1.4...
[INFO] checking raft4rs-0.1.4 against 1.55.0 for beta-1.56-3
[INFO] extracting crate raft4rs 0.1.4 into /workspace/builds/worker-5/source
[INFO] validating manifest of crates.io crate raft4rs 0.1.4 on toolchain 1.55.0
[INFO] running `Command { std: "/workspace/cargo-home/bin/cargo" "+1.55.0" "metadata" "--manifest-path" "Cargo.toml" "--no-deps", kill_on_drop: false }`
[INFO] started tweaking crates.io crate raft4rs 0.1.4
[INFO] finished tweaking crates.io crate raft4rs 0.1.4
[INFO] tweaked toml for crates.io crate raft4rs 0.1.4 written to /workspace/builds/worker-5/source/Cargo.toml
[INFO] running `Command { std: "/workspace/cargo-home/bin/cargo" "+1.55.0" "generate-lockfile" "--manifest-path" "Cargo.toml" "-Zno-index-update", kill_on_drop: false }`
[INFO] running `Command { std: "/workspace/cargo-home/bin/cargo" "+1.55.0" "fetch" "--manifest-path" "Cargo.toml", kill_on_drop: false }`
[INFO] [stderr]     Blocking waiting for file lock on package cache
[INFO] running `Command { std: "docker" "create" "-v" "/var/lib/crater-agent-workspace/builds/worker-5/target:/opt/rustwide/target:rw,Z" "-v" "/var/lib/crater-agent-workspace/builds/worker-5/source:/opt/rustwide/workdir:ro,Z" "-v" "/var/lib/crater-agent-workspace/cargo-home:/opt/rustwide/cargo-home:ro,Z" "-v" "/var/lib/crater-agent-workspace/rustup-home:/opt/rustwide/rustup-home:ro,Z" "-e" "SOURCE_DIR=/opt/rustwide/workdir" "-e" "CARGO_TARGET_DIR=/opt/rustwide/target" "-e" "CARGO_HOME=/opt/rustwide/cargo-home" "-e" "RUSTUP_HOME=/opt/rustwide/rustup-home" "-w" "/opt/rustwide/workdir" "-m" "1610612736" "--user" "0:0" "--network" "none" "ghcr.io/rust-lang/crates-build-env/linux@sha256:a89201d6b5b9fd45c15d5952ece0a0129e7e80cb26ec023fd59cf09bc26f1604" "/opt/rustwide/cargo-home/bin/cargo" "+1.55.0" "metadata" "--no-deps" "--format-version=1", kill_on_drop: false }`
[INFO] [stdout] 5c9386773485a628405d0c06b5c02b4e89ad1412d812bef8245e86e38347b233
[INFO] [stderr] WARNING: Your kernel does not support swap limit capabilities or the cgroup is not mounted. Memory limited without swap.
[INFO] running `Command { std: "docker" "start" "-a" "5c9386773485a628405d0c06b5c02b4e89ad1412d812bef8245e86e38347b233", kill_on_drop: false }`
[INFO] running `Command { std: "docker" "inspect" "5c9386773485a628405d0c06b5c02b4e89ad1412d812bef8245e86e38347b233", kill_on_drop: false }`
[INFO] running `Command { std: "docker" "rm" "-f" "5c9386773485a628405d0c06b5c02b4e89ad1412d812bef8245e86e38347b233", kill_on_drop: false }`
[INFO] [stdout] 5c9386773485a628405d0c06b5c02b4e89ad1412d812bef8245e86e38347b233
[INFO] running `Command { std: "docker" "create" "-v" "/var/lib/crater-agent-workspace/builds/worker-5/target:/opt/rustwide/target:rw,Z" "-v" "/var/lib/crater-agent-workspace/builds/worker-5/source:/opt/rustwide/workdir:ro,Z" "-v" "/var/lib/crater-agent-workspace/cargo-home:/opt/rustwide/cargo-home:ro,Z" "-v" "/var/lib/crater-agent-workspace/rustup-home:/opt/rustwide/rustup-home:ro,Z" "-e" "SOURCE_DIR=/opt/rustwide/workdir" "-e" "CARGO_TARGET_DIR=/opt/rustwide/target" "-e" "CARGO_INCREMENTAL=0" "-e" "RUST_BACKTRACE=full" "-e" "RUSTFLAGS=--cap-lints=warn" "-e" "CARGO_HOME=/opt/rustwide/cargo-home" "-e" "RUSTUP_HOME=/opt/rustwide/rustup-home" "-w" "/opt/rustwide/workdir" "-m" "1610612736" "--user" "0:0" "--network" "none" "ghcr.io/rust-lang/crates-build-env/linux@sha256:a89201d6b5b9fd45c15d5952ece0a0129e7e80cb26ec023fd59cf09bc26f1604" "/opt/rustwide/cargo-home/bin/cargo" "+1.55.0" "check" "--frozen" "--all" "--all-targets" "--message-format=json", kill_on_drop: false }`
[INFO] [stdout] bc2f6efc596f1a26b0a21ff7b75e20f98667ec7ef27618e4b65a49020bbe4aae
[INFO] [stderr] WARNING: Your kernel does not support swap limit capabilities or the cgroup is not mounted. Memory limited without swap.
[INFO] running `Command { std: "docker" "start" "-a" "bc2f6efc596f1a26b0a21ff7b75e20f98667ec7ef27618e4b65a49020bbe4aae", kill_on_drop: false }`
[INFO] [stderr]     Blocking waiting for file lock on package cache
[INFO] [stderr]    Compiling futures-util v0.3.17
[INFO] [stderr]     Checking tokio v0.2.25
[INFO] [stderr]     Checking signal-hook v0.3.10
[INFO] [stderr]     Checking async-executor v1.4.1
[INFO] [stderr]     Checking blocking v1.0.2
[INFO] [stderr]     Checking log v0.4.14
[INFO] [stderr]     Checking config v0.10.1
[INFO] [stderr]     Checking polling v2.1.0
[INFO] [stderr]     Checking kv-log-macro v1.0.7
[INFO] [stderr]     Checking async-io v1.6.0
[INFO] [stderr]     Checking deadpool v0.5.2
[INFO] [stderr]     Checking async-global-executor v2.0.2
[INFO] [stderr]     Checking async-process v1.2.0
[INFO] [stderr]     Checking async-std v1.10.0
[INFO] [stderr]     Checking futures v0.3.17
[INFO] [stderr]     Checking raft4rs v0.1.4 (/opt/rustwide/workdir)
[INFO] [stdout] error[E0432]: unresolved imports `async_std::sync::channel`, `async_std::sync::Receiver`, `async_std::sync::Sender`
[INFO] [stdout]  --> src/raft.rs:6:12
[INFO] [stdout]   |
[INFO] [stdout] 6 |     sync::{channel, Mutex, Receiver, RwLock, Sender as Tx},
[INFO] [stdout]   |            ^^^^^^^         ^^^^^^^^          ^^^^^^^^^^^^ no `Sender` in `sync`
[INFO] [stdout]   |            |               |
[INFO] [stdout]   |            |               no `Receiver` in `sync`
[INFO] [stdout]   |            no `channel` in `sync`
[INFO] [stdout] 
[INFO] [stdout] 
[INFO] [stdout] error[E0432]: unresolved import `async_std::sync::channel`
[INFO] [stdout]  --> src/sender.rs:4:45
[INFO] [stdout]   |
[INFO] [stdout] 4 | use async_std::{net::TcpStream, prelude::*, sync::channel, sync::RwLock, task};
[INFO] [stdout]   |                                             ^^^^^^^^^^^^^ no `channel` in `sync`
[INFO] [stdout] 
[INFO] [stdout] 
[INFO] [stdout] error[E0432]: unresolved imports `async_std::sync::channel`, `async_std::sync::Receiver`, `async_std::sync::Sender`
[INFO] [stdout]  --> src/raft.rs:6:12
[INFO] [stdout]   |
[INFO] [stdout] 6 |     sync::{channel, Mutex, Receiver, RwLock, Sender as Tx},
[INFO] [stdout]   |            ^^^^^^^         ^^^^^^^^          ^^^^^^^^^^^^ no `Sender` in `sync`
[INFO] [stdout]   |            |               |
[INFO] [stdout]   |            |               no `Receiver` in `sync`
[INFO] [stdout]   |            no `channel` in `sync`
[INFO] [stdout] 
[INFO] [stdout] 
[INFO] [stdout] error[E0432]: unresolved import `async_std::sync::channel`
[INFO] [stdout]  --> src/sender.rs:4:45
[INFO] [stdout]   |
[INFO] [stdout] 4 | use async_std::{net::TcpStream, prelude::*, sync::channel, sync::RwLock, task};
[INFO] [stdout]   |                                             ^^^^^^^^^^^^^ no `channel` in `sync`
[INFO] [stdout] 
[INFO] [stdout] 
[INFO] [stdout] error: aborting due to 2 previous errors
[INFO] [stdout] 
[INFO] [stdout] 
[INFO] [stderr] error: could not compile `raft4rs` due to 3 previous errors
[INFO] [stdout] For more information about this error, try `rustc --explain E0432`.
[INFO] [stdout] 
[INFO] [stderr] warning: build failed, waiting for other jobs to finish...
[INFO] [stdout] error: aborting due to 2 previous errors
[INFO] [stdout] 
[INFO] [stdout] 
[INFO] [stdout] For more information about this error, try `rustc --explain E0432`.
[INFO] [stdout] 
[INFO] [stderr] error: build failed
[INFO] running `Command { std: "docker" "inspect" "bc2f6efc596f1a26b0a21ff7b75e20f98667ec7ef27618e4b65a49020bbe4aae", kill_on_drop: false }`
[INFO] running `Command { std: "docker" "rm" "-f" "bc2f6efc596f1a26b0a21ff7b75e20f98667ec7ef27618e4b65a49020bbe4aae", kill_on_drop: false }`
[INFO] [stdout] bc2f6efc596f1a26b0a21ff7b75e20f98667ec7ef27618e4b65a49020bbe4aae
