[INFO] fetching crate ra_ap_ide_diagnostics 0.0.77...
[INFO] checking ra_ap_ide_diagnostics-0.0.77 against 1.55.0 for beta-1.56-3
[INFO] extracting crate ra_ap_ide_diagnostics 0.0.77 into /workspace/builds/worker-6/source
[INFO] validating manifest of crates.io crate ra_ap_ide_diagnostics 0.0.77 on toolchain 1.55.0
[INFO] running `Command { std: "/workspace/cargo-home/bin/cargo" "+1.55.0" "metadata" "--manifest-path" "Cargo.toml" "--no-deps", kill_on_drop: false }`
[INFO] started tweaking crates.io crate ra_ap_ide_diagnostics 0.0.77
[INFO] finished tweaking crates.io crate ra_ap_ide_diagnostics 0.0.77
[INFO] tweaked toml for crates.io crate ra_ap_ide_diagnostics 0.0.77 written to /workspace/builds/worker-6/source/Cargo.toml
[INFO] running `Command { std: "/workspace/cargo-home/bin/cargo" "+1.55.0" "generate-lockfile" "--manifest-path" "Cargo.toml" "-Zno-index-update", kill_on_drop: false }`
[INFO] running `Command { std: "/workspace/cargo-home/bin/cargo" "+1.55.0" "fetch" "--manifest-path" "Cargo.toml", kill_on_drop: false }`
[INFO] running `Command { std: "docker" "create" "-v" "/var/lib/crater-agent-workspace/builds/worker-6/target:/opt/rustwide/target:rw,Z" "-v" "/var/lib/crater-agent-workspace/builds/worker-6/source:/opt/rustwide/workdir:ro,Z" "-v" "/var/lib/crater-agent-workspace/cargo-home:/opt/rustwide/cargo-home:ro,Z" "-v" "/var/lib/crater-agent-workspace/rustup-home:/opt/rustwide/rustup-home:ro,Z" "-e" "SOURCE_DIR=/opt/rustwide/workdir" "-e" "CARGO_TARGET_DIR=/opt/rustwide/target" "-e" "CARGO_HOME=/opt/rustwide/cargo-home" "-e" "RUSTUP_HOME=/opt/rustwide/rustup-home" "-w" "/opt/rustwide/workdir" "-m" "1610612736" "--user" "0:0" "--network" "none" "ghcr.io/rust-lang/crates-build-env/linux@sha256:a89201d6b5b9fd45c15d5952ece0a0129e7e80cb26ec023fd59cf09bc26f1604" "/opt/rustwide/cargo-home/bin/cargo" "+1.55.0" "metadata" "--no-deps" "--format-version=1", kill_on_drop: false }`
[INFO] [stdout] 54914ac8fc7ac4540c7ff00e59466747120f9dfe1012c47a62c5848ada83a3c1
[INFO] [stderr] WARNING: Your kernel does not support swap limit capabilities or the cgroup is not mounted. Memory limited without swap.
[INFO] running `Command { std: "docker" "start" "-a" "54914ac8fc7ac4540c7ff00e59466747120f9dfe1012c47a62c5848ada83a3c1", kill_on_drop: false }`
[INFO] running `Command { std: "docker" "inspect" "54914ac8fc7ac4540c7ff00e59466747120f9dfe1012c47a62c5848ada83a3c1", kill_on_drop: false }`
[INFO] running `Command { std: "docker" "rm" "-f" "54914ac8fc7ac4540c7ff00e59466747120f9dfe1012c47a62c5848ada83a3c1", kill_on_drop: false }`
[INFO] [stdout] 54914ac8fc7ac4540c7ff00e59466747120f9dfe1012c47a62c5848ada83a3c1
[INFO] running `Command { std: "docker" "create" "-v" "/var/lib/crater-agent-workspace/builds/worker-6/target:/opt/rustwide/target:rw,Z" "-v" "/var/lib/crater-agent-workspace/builds/worker-6/source:/opt/rustwide/workdir:ro,Z" "-v" "/var/lib/crater-agent-workspace/cargo-home:/opt/rustwide/cargo-home:ro,Z" "-v" "/var/lib/crater-agent-workspace/rustup-home:/opt/rustwide/rustup-home:ro,Z" "-e" "SOURCE_DIR=/opt/rustwide/workdir" "-e" "CARGO_TARGET_DIR=/opt/rustwide/target" "-e" "CARGO_INCREMENTAL=0" "-e" "RUST_BACKTRACE=full" "-e" "RUSTFLAGS=--cap-lints=warn" "-e" "CARGO_HOME=/opt/rustwide/cargo-home" "-e" "RUSTUP_HOME=/opt/rustwide/rustup-home" "-w" "/opt/rustwide/workdir" "-m" "1610612736" "--user" "0:0" "--network" "none" "ghcr.io/rust-lang/crates-build-env/linux@sha256:a89201d6b5b9fd45c15d5952ece0a0129e7e80cb26ec023fd59cf09bc26f1604" "/opt/rustwide/cargo-home/bin/cargo" "+1.55.0" "check" "--frozen" "--all" "--all-targets" "--message-format=json", kill_on_drop: false }`
[INFO] [stderr] WARNING: Your kernel does not support swap limit capabilities or the cgroup is not mounted. Memory limited without swap.
[INFO] [stdout] 565ca3aa3cd4795d1a02da57fde33bfca73bc6ed4a8351e0bcb8ca193f775515
[INFO] running `Command { std: "docker" "start" "-a" "565ca3aa3cd4795d1a02da57fde33bfca73bc6ed4a8351e0bcb8ca193f775515", kill_on_drop: false }`
[INFO] [stderr]     Checking ra_ap_limit v0.0.77
[INFO] [stderr]     Checking anymap v0.12.1
[INFO] [stderr]     Checking ena v0.14.0
[INFO] [stderr]     Checking dashmap v4.0.2
[INFO] [stderr]     Checking petgraph v0.5.1
[INFO] [stderr]    Compiling chalk-derive v0.71.0
[INFO] [stderr]     Checking salsa v0.17.0-pre.2
[INFO] [stderr]     Checking countme v2.0.4
[INFO] [stderr]     Checking ra_ap_profile v0.0.77
[INFO] [stderr]     Checking rowan v0.14.1
[INFO] [stderr]     Checking ra_ap_test_utils v0.0.77
[INFO] [stderr]     Checking ra_ap_syntax v0.0.77
[INFO] [stderr]     Checking chalk-ir v0.71.0
[INFO] [stderr]     Checking ra_ap_mbe v0.0.77
[INFO] [stderr]     Checking ra_ap_base_db v0.0.77
[INFO] [stderr]     Checking chalk-solve v0.71.0
[INFO] [stderr]     Checking ra_ap_hir_expand v0.0.77
[INFO] [stderr]     Checking ra_ap_hir_def v0.0.77
[INFO] [stderr]     Checking chalk-recursive v0.71.0
[INFO] [stderr]     Checking ra_ap_hir_ty v0.0.77
[INFO] [stderr]     Checking ra_ap_hir v0.0.77
[INFO] [stderr]     Checking ra_ap_ide_db v0.0.77
[INFO] [stderr]     Checking ra_ap_ide_diagnostics v0.0.77 (/opt/rustwide/workdir)
[INFO] [stdout] error[E0432]: unresolved import `sourcegen`
[INFO] [stdout]  --> src/tests/sourcegen.rs:5:5
[INFO] [stdout]   |
[INFO] [stdout] 5 | use sourcegen::project_root;
[INFO] [stdout]   |     ^^^^^^^^^ help: a similar path exists: `super::sourcegen`
[INFO] [stdout] 
[INFO] [stdout] 
[INFO] [stdout] error[E0432]: unresolved import `test_utils`
[INFO] [stdout]   --> src/tests.rs:10:5
[INFO] [stdout]    |
[INFO] [stdout] 10 | use test_utils::{assert_eq_text, extract_annotations};
[INFO] [stdout]    |     ^^^^^^^^^^ use of undeclared crate or module `test_utils`
[INFO] [stdout] 
[INFO] [stdout] 
[INFO] [stdout] error: cannot determine resolution for the macro `assert_eq_text`
[INFO] [stdout]   --> src/tests.rs:59:5
[INFO] [stdout]    |
[INFO] [stdout] 59 |     assert_eq_text!(&after, &actual);
[INFO] [stdout]    |     ^^^^^^^^^^^^^^
[INFO] [stdout]    |
[INFO] [stdout]    = note: import resolution is stuck, try simplifying macro imports
[INFO] [stdout] 
[INFO] [stdout] 
[INFO] [stdout] error[E0433]: failed to resolve: use of undeclared crate or module `sourcegen`
[INFO] [stdout]   --> src/tests/sourcegen.rs:12:20
[INFO] [stdout]    |
[INFO] [stdout] 12 |     let contents = sourcegen::add_preamble("sourcegen_diagnostic_docs", contents);
[INFO] [stdout]    |                    ^^^^^^^^^ use of undeclared crate or module `sourcegen`
[INFO] [stdout] 
[INFO] [stdout] 
[INFO] [stdout] error[E0433]: failed to resolve: use of undeclared crate or module `sourcegen`
[INFO] [stdout]   --> src/tests/sourcegen.rs:20:15
[INFO] [stdout]    |
[INFO] [stdout] 20 |     location: sourcegen::Location,
[INFO] [stdout]    |               ^^^^^^^^^ use of undeclared crate or module `sourcegen`
[INFO] [stdout] 
[INFO] [stdout] 
[INFO] [stdout] error[E0433]: failed to resolve: use of undeclared crate or module `sourcegen`
[INFO] [stdout]   --> src/tests/sourcegen.rs:29:21
[INFO] [stdout]    |
[INFO] [stdout] 29 |         for path in sourcegen::list_rust_files(&handlers_dir) {
[INFO] [stdout]    |                     ^^^^^^^^^ use of undeclared crate or module `sourcegen`
[INFO] [stdout] 
[INFO] [stdout] 
[INFO] [stdout] error[E0433]: failed to resolve: use of undeclared crate or module `sourcegen`
[INFO] [stdout]   --> src/tests/sourcegen.rs:37:34
[INFO] [stdout]    |
[INFO] [stdout] 37 |             let comment_blocks = sourcegen::CommentBlock::extract("Diagnostic", &text);
[INFO] [stdout]    |                                  ^^^^^^^^^ use of undeclared crate or module `sourcegen`
[INFO] [stdout] 
[INFO] [stdout] 
[INFO] [stdout] error[E0433]: failed to resolve: use of undeclared crate or module `sourcegen`
[INFO] [stdout]   --> src/tests/sourcegen.rs:45:32
[INFO] [stdout]    |
[INFO] [stdout] 45 |                 let location = sourcegen::Location { file: path.clone(), line: block.line };
[INFO] [stdout]    |                                ^^^^^^^^^ use of undeclared crate or module `sourcegen`
[INFO] [stdout] 
[INFO] [stdout] 
[INFO] [stdout] error[E0277]: the size for values of type `str` cannot be known at compilation time
[INFO] [stdout]    --> src/tests/sourcegen.rs:42:21
[INFO] [stdout]     |
[INFO] [stdout] 42  |                     panic!("invalid diagnostic name: {:?}:\n  {}", id, msg)
[INFO] [stdout]     |                     ^^^^^^^^^^^^^^^^^^^^^^^^^^^^^^^^^^^^^^^^^^^^^^^^^^^^^^^ doesn't have a size known at compile-time
[INFO] [stdout]     |
[INFO] [stdout]     = help: the trait `Sized` is not implemented for `str`
[INFO] [stdout]     = note: this error originates in the macro `$crate::format_args` (in Nightly builds, run with -Z macro-backtrace for more info)
[INFO] [stdout] 
[INFO] [stdout] 
[INFO] [stdout] error[E0308]: mismatched types
[INFO] [stdout]   --> src/tests/sourcegen.rs:46:39
[INFO] [stdout]    |
[INFO] [stdout] 46 |                 acc.push(Diagnostic { id, location, doc })
[INFO] [stdout]    |                                       ^^
[INFO] [stdout]    |                                       |
[INFO] [stdout]    |                                       expected struct `std::string::String`, found `str`
[INFO] [stdout]    |                                       help: try using a conversion method: `id: id.to_string()`
[INFO] [stdout] 
[INFO] [stdout] 
[INFO] [stdout] error: aborting due to 10 previous errors
[INFO] [stdout] 
[INFO] [stdout] 
[INFO] [stdout] Some errors have detailed explanations: E0277, E0308, E0432, E0433.
[INFO] [stdout] 
[INFO] [stdout] For more information about an error, try `rustc --explain E0277`.
[INFO] [stdout] 
[INFO] [stderr] error: could not compile `ra_ap_ide_diagnostics` due to 11 previous errors
[INFO] running `Command { std: "docker" "inspect" "565ca3aa3cd4795d1a02da57fde33bfca73bc6ed4a8351e0bcb8ca193f775515", kill_on_drop: false }`
[INFO] running `Command { std: "docker" "rm" "-f" "565ca3aa3cd4795d1a02da57fde33bfca73bc6ed4a8351e0bcb8ca193f775515", kill_on_drop: false }`
[INFO] [stdout] 565ca3aa3cd4795d1a02da57fde33bfca73bc6ed4a8351e0bcb8ca193f775515
