[INFO] fetching crate ra_ap_ide_completion 0.0.77...
[INFO] checking ra_ap_ide_completion-0.0.77 against beta-2021-10-15 for beta-1.56-3
[INFO] extracting crate ra_ap_ide_completion 0.0.77 into /workspace/builds/worker-7/source
[INFO] validating manifest of crates.io crate ra_ap_ide_completion 0.0.77 on toolchain beta-2021-10-15
[INFO] running `Command { std: "/workspace/cargo-home/bin/cargo" "+beta-2021-10-15" "metadata" "--manifest-path" "Cargo.toml" "--no-deps", kill_on_drop: false }`
[INFO] started tweaking crates.io crate ra_ap_ide_completion 0.0.77
[INFO] finished tweaking crates.io crate ra_ap_ide_completion 0.0.77
[INFO] tweaked toml for crates.io crate ra_ap_ide_completion 0.0.77 written to /workspace/builds/worker-7/source/Cargo.toml
[INFO] running `Command { std: "/workspace/cargo-home/bin/cargo" "+beta-2021-10-15" "generate-lockfile" "--manifest-path" "Cargo.toml" "-Zno-index-update", kill_on_drop: false }`
[INFO] running `Command { std: "/workspace/cargo-home/bin/cargo" "+beta-2021-10-15" "fetch" "--manifest-path" "Cargo.toml", kill_on_drop: false }`
[INFO] running `Command { std: "docker" "create" "-v" "/var/lib/crater-agent-workspace/builds/worker-7/target:/opt/rustwide/target:rw,Z" "-v" "/var/lib/crater-agent-workspace/builds/worker-7/source:/opt/rustwide/workdir:ro,Z" "-v" "/var/lib/crater-agent-workspace/cargo-home:/opt/rustwide/cargo-home:ro,Z" "-v" "/var/lib/crater-agent-workspace/rustup-home:/opt/rustwide/rustup-home:ro,Z" "-e" "SOURCE_DIR=/opt/rustwide/workdir" "-e" "CARGO_TARGET_DIR=/opt/rustwide/target" "-e" "CARGO_HOME=/opt/rustwide/cargo-home" "-e" "RUSTUP_HOME=/opt/rustwide/rustup-home" "-w" "/opt/rustwide/workdir" "-m" "1610612736" "--user" "0:0" "--network" "none" "ghcr.io/rust-lang/crates-build-env/linux@sha256:a89201d6b5b9fd45c15d5952ece0a0129e7e80cb26ec023fd59cf09bc26f1604" "/opt/rustwide/cargo-home/bin/cargo" "+beta-2021-10-15" "metadata" "--no-deps" "--format-version=1", kill_on_drop: false }`
[INFO] [stderr] WARNING: Your kernel does not support swap limit capabilities or the cgroup is not mounted. Memory limited without swap.
[INFO] [stdout] 762f34fe59e09c7381eb8a3a952281cfece288cb020527c4b9ed3c6df5253e4a
[INFO] running `Command { std: "docker" "start" "-a" "762f34fe59e09c7381eb8a3a952281cfece288cb020527c4b9ed3c6df5253e4a", kill_on_drop: false }`
[INFO] running `Command { std: "docker" "inspect" "762f34fe59e09c7381eb8a3a952281cfece288cb020527c4b9ed3c6df5253e4a", kill_on_drop: false }`
[INFO] running `Command { std: "docker" "rm" "-f" "762f34fe59e09c7381eb8a3a952281cfece288cb020527c4b9ed3c6df5253e4a", kill_on_drop: false }`
[INFO] [stdout] 762f34fe59e09c7381eb8a3a952281cfece288cb020527c4b9ed3c6df5253e4a
[INFO] running `Command { std: "docker" "create" "-v" "/var/lib/crater-agent-workspace/builds/worker-7/target:/opt/rustwide/target:rw,Z" "-v" "/var/lib/crater-agent-workspace/builds/worker-7/source:/opt/rustwide/workdir:ro,Z" "-v" "/var/lib/crater-agent-workspace/cargo-home:/opt/rustwide/cargo-home:ro,Z" "-v" "/var/lib/crater-agent-workspace/rustup-home:/opt/rustwide/rustup-home:ro,Z" "-e" "SOURCE_DIR=/opt/rustwide/workdir" "-e" "CARGO_TARGET_DIR=/opt/rustwide/target" "-e" "CARGO_INCREMENTAL=0" "-e" "RUST_BACKTRACE=full" "-e" "RUSTFLAGS=--cap-lints=warn" "-e" "CARGO_HOME=/opt/rustwide/cargo-home" "-e" "RUSTUP_HOME=/opt/rustwide/rustup-home" "-w" "/opt/rustwide/workdir" "-m" "1610612736" "--user" "0:0" "--network" "none" "ghcr.io/rust-lang/crates-build-env/linux@sha256:a89201d6b5b9fd45c15d5952ece0a0129e7e80cb26ec023fd59cf09bc26f1604" "/opt/rustwide/cargo-home/bin/cargo" "+beta-2021-10-15" "check" "--frozen" "--all" "--all-targets" "--message-format=json", kill_on_drop: false }`
[INFO] [stdout] 758e8a45baa03b51e9b600612a971c5613361cc3a81f6fb2b1cceab8d94388fb
[INFO] [stderr] WARNING: Your kernel does not support swap limit capabilities or the cgroup is not mounted. Memory limited without swap.
[INFO] running `Command { std: "docker" "start" "-a" "758e8a45baa03b51e9b600612a971c5613361cc3a81f6fb2b1cceab8d94388fb", kill_on_drop: false }`
[INFO] [stderr]     Checking hashbrown v0.11.2
[INFO] [stderr]     Checking text-size v1.1.0
[INFO] [stderr]    Compiling fst v0.4.7
[INFO] [stderr]     Checking cov-mark v2.0.0-pre.1
[INFO] [stderr]     Checking ra_ap_limit v0.0.77
[INFO] [stderr]     Checking anymap v0.12.1
[INFO] [stderr]    Compiling xshell-macros v0.1.17
[INFO] [stderr]     Checking ra_ap_parser v0.0.77
[INFO] [stderr]     Checking rustc-ap-rustc_lexer v725.0.0
[INFO] [stderr]     Checking expect-test v1.2.0-pre.1
[INFO] [stderr]     Checking ena v0.14.0
[INFO] [stderr]     Checking dashmap v4.0.2
[INFO] [stderr]    Compiling salsa-macros v0.17.0-pre.2
[INFO] [stderr]    Compiling chalk-derive v0.71.0
[INFO] [stderr]     Checking ra_ap_cfg v0.0.77
[INFO] [stderr]     Checking ra_ap_text_edit v0.0.77
[INFO] [stderr]     Checking countme v2.0.4
[INFO] [stderr]     Checking indexmap v1.7.0
[INFO] [stderr]     Checking ra_ap_profile v0.0.77
[INFO] [stderr]     Checking rowan v0.14.1
[INFO] [stderr]     Checking xshell v0.1.17
[INFO] [stderr]     Checking ra_ap_test_utils v0.0.77
[INFO] [stderr]     Checking petgraph v0.5.1
[INFO] [stderr]     Checking ra_ap_syntax v0.0.77
[INFO] [stderr]     Checking ra_ap_vfs v0.0.77
[INFO] [stderr]     Checking chalk-ir v0.71.0
[INFO] [stderr]     Checking salsa v0.17.0-pre.2
[INFO] [stderr]     Checking ra_ap_mbe v0.0.77
[INFO] [stderr]     Checking ra_ap_base_db v0.0.77
[INFO] [stderr]     Checking ra_ap_hir_expand v0.0.77
[INFO] [stderr]     Checking chalk-solve v0.71.0
[INFO] [stderr]     Checking ra_ap_hir_def v0.0.77
[INFO] [stderr]     Checking chalk-recursive v0.71.0
[INFO] [stderr]     Checking ra_ap_hir_ty v0.0.77
[INFO] [stderr]     Checking ra_ap_hir v0.0.77
[INFO] [stderr]     Checking ra_ap_ide_db v0.0.77
[INFO] [stderr]     Checking ra_ap_ide_completion v0.0.77 (/opt/rustwide/workdir)
[INFO] [stdout] error[E0432]: unresolved import `test_utils`
[INFO] [stdout]    --> src/item.rs:543:9
[INFO] [stdout]     |
[INFO] [stdout] 543 |     use test_utils::assert_eq_text;
[INFO] [stdout]     |         ^^^^^^^^^^ use of undeclared crate or module `test_utils`
[INFO] [stdout] 
[INFO] [stdout] 
[INFO] [stdout] error[E0432]: unresolved import `test_utils`
[INFO] [stdout]  --> src/tests/sourcegen.rs:5:5
[INFO] [stdout]   |
[INFO] [stdout] 5 | use test_utils::project_root;
[INFO] [stdout]   |     ^^^^^^^^^^ use of undeclared crate or module `test_utils`
[INFO] [stdout] 
[INFO] [stdout] 
[INFO] [stdout] error[E0432]: unresolved import `test_utils`
[INFO] [stdout]   --> src/tests.rs:39:5
[INFO] [stdout]    |
[INFO] [stdout] 39 | use test_utils::assert_eq_text;
[INFO] [stdout]    |     ^^^^^^^^^^ use of undeclared crate or module `test_utils`
[INFO] [stdout] 
[INFO] [stdout] 
[INFO] [stdout] error: cannot determine resolution for the macro `assert_eq_text`
[INFO] [stdout]    --> src/item.rs:580:9
[INFO] [stdout]     |
[INFO] [stdout] 580 |         assert_eq_text!(&expected, &actual);
[INFO] [stdout]     |         ^^^^^^^^^^^^^^
[INFO] [stdout]     |
[INFO] [stdout]     = note: import resolution is stuck, try simplifying macro imports
[INFO] [stdout] 
[INFO] [stdout] 
[INFO] [stdout] error: cannot determine resolution for the macro `assert_eq_text`
[INFO] [stdout]    --> src/tests.rs:196:5
[INFO] [stdout]     |
[INFO] [stdout] 196 |     assert_eq_text!(&ra_fixture_after, &actual)
[INFO] [stdout]     |     ^^^^^^^^^^^^^^
[INFO] [stdout]     |
[INFO] [stdout]     = note: import resolution is stuck, try simplifying macro imports
[INFO] [stdout] 
[INFO] [stdout] 
[INFO] [stdout] error[E0433]: failed to resolve: use of undeclared crate or module `sourcegen`
[INFO] [stdout]   --> src/tests/sourcegen.rs:38:9
[INFO] [stdout]    |
[INFO] [stdout] 38 |         sourcegen::add_preamble("sourcegen_lint_completions", sourcegen::reformat(contents));
[INFO] [stdout]    |         ^^^^^^^^^ use of undeclared crate or module `sourcegen`
[INFO] [stdout] 
[INFO] [stdout] 
[INFO] [stdout] error[E0433]: failed to resolve: use of undeclared crate or module `sourcegen`
[INFO] [stdout]   --> src/tests/sourcegen.rs:38:63
[INFO] [stdout]    |
[INFO] [stdout] 38 |         sourcegen::add_preamble("sourcegen_lint_completions", sourcegen::reformat(contents));
[INFO] [stdout]    |                                                               ^^^^^^^^^ use of undeclared crate or module `sourcegen`
[INFO] [stdout] 
[INFO] [stdout] 
[INFO] [stdout] error[E0433]: failed to resolve: use of undeclared crate or module `sourcegen`
[INFO] [stdout]   --> src/tests/sourcegen.rs:41:5
[INFO] [stdout]    |
[INFO] [stdout] 41 |     sourcegen::ensure_file_contents(destination.as_path(), &contents);
[INFO] [stdout]    |     ^^^^^^^^^ use of undeclared crate or module `sourcegen`
[INFO] [stdout] 
[INFO] [stdout] 
[INFO] [stdout] error[E0433]: failed to resolve: use of undeclared crate or module `sourcegen`
[INFO] [stdout]   --> src/tests/sourcegen.rs:84:24
[INFO] [stdout]    |
[INFO] [stdout] 84 |         .flat_map(|it| sourcegen::list_files(&src_dir.join(it)))
[INFO] [stdout]    |                        ^^^^^^^^^ use of undeclared crate or module `sourcegen`
[INFO] [stdout] 
[INFO] [stdout] 
[INFO] [stdout] error[E0277]: the size for values of type `str` cannot be known at compilation time
[INFO] [stdout]   --> src/tests/sourcegen.rs:98:10
[INFO] [stdout]    |
[INFO] [stdout] 98 |     for (feature_ident, doc) in features.into_iter() {
[INFO] [stdout]    |          ^^^^^^^^^^^^^ doesn't have a size known at compile-time
[INFO] [stdout]    |
[INFO] [stdout]    = help: the trait `Sized` is not implemented for `str`
[INFO] [stdout]    = note: all local variables must have a statically known size
[INFO] [stdout]    = help: unsized locals are gated as an unstable feature
[INFO] [stdout] 
[INFO] [stdout] 
[INFO] [stdout] error[E0277]: the size for values of type `str` cannot be known at compilation time
[INFO] [stdout]   --> src/tests/sourcegen.rs:98:33
[INFO] [stdout]    |
[INFO] [stdout] 98 |     for (feature_ident, doc) in features.into_iter() {
[INFO] [stdout]    |                                 ^^^^^^^^^^^^^^^^^^^^ doesn't have a size known at compile-time
[INFO] [stdout]    |
[INFO] [stdout]    = help: the trait `Sized` is not implemented for `str`
[INFO] [stdout]    = note: only the last element of a tuple may have a dynamically sized type
[INFO] [stdout] 
[INFO] [stdout] 
[INFO] [stdout] error[E0277]: the size for values of type `str` cannot be known at compilation time
[INFO] [stdout]   --> src/tests/sourcegen.rs:98:25
[INFO] [stdout]    |
[INFO] [stdout] 98 |     for (feature_ident, doc) in features.into_iter() {
[INFO] [stdout]    |                         ^^^ doesn't have a size known at compile-time
[INFO] [stdout]    |
[INFO] [stdout]    = help: the trait `Sized` is not implemented for `str`
[INFO] [stdout]    = note: all local variables must have a statically known size
[INFO] [stdout]    = help: unsized locals are gated as an unstable feature
[INFO] [stdout] 
[INFO] [stdout] 
[INFO] [stdout] error[E0277]: the size for values of type `str` cannot be known at compilation time
[INFO] [stdout]   --> src/tests/sourcegen.rs:98:9
[INFO] [stdout]    |
[INFO] [stdout] 98 |     for (feature_ident, doc) in features.into_iter() {
[INFO] [stdout]    |         ^^^^^^^^^^^^^^^^^^^^ doesn't have a size known at compile-time
[INFO] [stdout]    |
[INFO] [stdout]    = help: within `(str, str)`, the trait `Sized` is not implemented for `str`
[INFO] [stdout]    = note: required because it appears within the type `(str, str)`
[INFO] [stdout]    = note: all local variables must have a statically known size
[INFO] [stdout]    = help: unsized locals are gated as an unstable feature
[INFO] [stdout] 
[INFO] [stdout] 
[INFO] [stdout] error: aborting due to 13 previous errors
[INFO] [stdout] 
[INFO] [stdout] 
[INFO] [stdout] Some errors have detailed explanations: E0277, E0432, E0433.
[INFO] [stdout] 
[INFO] [stdout] For more information about an error, try `rustc --explain E0277`.
[INFO] [stdout] 
[INFO] [stderr] error: could not compile `ra_ap_ide_completion` due to 14 previous errors
[INFO] [stderr] warning: build failed, waiting for other jobs to finish...
[INFO] [stderr] error: build failed
[INFO] running `Command { std: "docker" "inspect" "758e8a45baa03b51e9b600612a971c5613361cc3a81f6fb2b1cceab8d94388fb", kill_on_drop: false }`
[INFO] running `Command { std: "docker" "rm" "-f" "758e8a45baa03b51e9b600612a971c5613361cc3a81f6fb2b1cceab8d94388fb", kill_on_drop: false }`
[INFO] [stdout] 758e8a45baa03b51e9b600612a971c5613361cc3a81f6fb2b1cceab8d94388fb
