[INFO] fetching crate ra_ap_ide 0.0.77...
[INFO] checking ra_ap_ide-0.0.77 against 1.55.0 for beta-1.56-3
[INFO] extracting crate ra_ap_ide 0.0.77 into /workspace/builds/worker-4/source
[INFO] validating manifest of crates.io crate ra_ap_ide 0.0.77 on toolchain 1.55.0
[INFO] running `Command { std: "/workspace/cargo-home/bin/cargo" "+1.55.0" "metadata" "--manifest-path" "Cargo.toml" "--no-deps", kill_on_drop: false }`
[INFO] started tweaking crates.io crate ra_ap_ide 0.0.77
[INFO] finished tweaking crates.io crate ra_ap_ide 0.0.77
[INFO] tweaked toml for crates.io crate ra_ap_ide 0.0.77 written to /workspace/builds/worker-4/source/Cargo.toml
[INFO] running `Command { std: "/workspace/cargo-home/bin/cargo" "+1.55.0" "generate-lockfile" "--manifest-path" "Cargo.toml" "-Zno-index-update", kill_on_drop: false }`
[INFO] running `Command { std: "/workspace/cargo-home/bin/cargo" "+1.55.0" "fetch" "--manifest-path" "Cargo.toml", kill_on_drop: false }`
[INFO] running `Command { std: "docker" "create" "-v" "/var/lib/crater-agent-workspace/builds/worker-4/target:/opt/rustwide/target:rw,Z" "-v" "/var/lib/crater-agent-workspace/builds/worker-4/source:/opt/rustwide/workdir:ro,Z" "-v" "/var/lib/crater-agent-workspace/cargo-home:/opt/rustwide/cargo-home:ro,Z" "-v" "/var/lib/crater-agent-workspace/rustup-home:/opt/rustwide/rustup-home:ro,Z" "-e" "SOURCE_DIR=/opt/rustwide/workdir" "-e" "CARGO_TARGET_DIR=/opt/rustwide/target" "-e" "CARGO_HOME=/opt/rustwide/cargo-home" "-e" "RUSTUP_HOME=/opt/rustwide/rustup-home" "-w" "/opt/rustwide/workdir" "-m" "1610612736" "--user" "0:0" "--network" "none" "ghcr.io/rust-lang/crates-build-env/linux@sha256:a89201d6b5b9fd45c15d5952ece0a0129e7e80cb26ec023fd59cf09bc26f1604" "/opt/rustwide/cargo-home/bin/cargo" "+1.55.0" "metadata" "--no-deps" "--format-version=1", kill_on_drop: false }`
[INFO] [stdout] 34c44975ed11073baeb1e7da89419012167277a7648fe05458e53812ae20b335
[INFO] [stderr] WARNING: Your kernel does not support swap limit capabilities or the cgroup is not mounted. Memory limited without swap.
[INFO] running `Command { std: "docker" "start" "-a" "34c44975ed11073baeb1e7da89419012167277a7648fe05458e53812ae20b335", kill_on_drop: false }`
[INFO] running `Command { std: "docker" "inspect" "34c44975ed11073baeb1e7da89419012167277a7648fe05458e53812ae20b335", kill_on_drop: false }`
[INFO] running `Command { std: "docker" "rm" "-f" "34c44975ed11073baeb1e7da89419012167277a7648fe05458e53812ae20b335", kill_on_drop: false }`
[INFO] [stdout] 34c44975ed11073baeb1e7da89419012167277a7648fe05458e53812ae20b335
[INFO] running `Command { std: "docker" "create" "-v" "/var/lib/crater-agent-workspace/builds/worker-4/target:/opt/rustwide/target:rw,Z" "-v" "/var/lib/crater-agent-workspace/builds/worker-4/source:/opt/rustwide/workdir:ro,Z" "-v" "/var/lib/crater-agent-workspace/cargo-home:/opt/rustwide/cargo-home:ro,Z" "-v" "/var/lib/crater-agent-workspace/rustup-home:/opt/rustwide/rustup-home:ro,Z" "-e" "SOURCE_DIR=/opt/rustwide/workdir" "-e" "CARGO_TARGET_DIR=/opt/rustwide/target" "-e" "CARGO_INCREMENTAL=0" "-e" "RUST_BACKTRACE=full" "-e" "RUSTFLAGS=--cap-lints=warn" "-e" "CARGO_HOME=/opt/rustwide/cargo-home" "-e" "RUSTUP_HOME=/opt/rustwide/rustup-home" "-w" "/opt/rustwide/workdir" "-m" "1610612736" "--user" "0:0" "--network" "none" "ghcr.io/rust-lang/crates-build-env/linux@sha256:a89201d6b5b9fd45c15d5952ece0a0129e7e80cb26ec023fd59cf09bc26f1604" "/opt/rustwide/cargo-home/bin/cargo" "+1.55.0" "check" "--frozen" "--all" "--all-targets" "--message-format=json", kill_on_drop: false }`
[INFO] [stderr] WARNING: Your kernel does not support swap limit capabilities or the cgroup is not mounted. Memory limited without swap.
[INFO] [stdout] 55cbf0404490901e9867a879ed3a59a9291b60e81fac129194f6ea4bb3a9ddf7
[INFO] running `Command { std: "docker" "start" "-a" "55cbf0404490901e9867a879ed3a59a9291b60e81fac129194f6ea4bb3a9ddf7", kill_on_drop: false }`
[INFO] [stderr]     Checking ra_ap_limit v0.0.77
[INFO] [stderr]     Checking dot v0.1.4
[INFO] [stderr]     Checking itertools v0.10.1
[INFO] [stderr]     Checking ena v0.14.0
[INFO] [stderr]     Checking dashmap v4.0.2
[INFO] [stderr]     Checking ra_ap_vfs v0.0.77
[INFO] [stderr]     Checking petgraph v0.5.1
[INFO] [stderr]    Compiling salsa-macros v0.17.0-pre.2
[INFO] [stderr]     Checking ra_ap_cfg v0.0.77
[INFO] [stderr]    Compiling chalk-derive v0.71.0
[INFO] [stderr]     Checking pulldown-cmark-to-cmark v6.0.4
[INFO] [stderr]     Checking rayon v1.5.1
[INFO] [stderr]     Checking countme v2.0.4
[INFO] [stderr]     Checking ra_ap_profile v0.0.77
[INFO] [stderr]     Checking rowan v0.14.1
[INFO] [stderr]     Checking ra_ap_test_utils v0.0.77
[INFO] [stderr]     Checking ra_ap_syntax v0.0.77
[INFO] [stderr]     Checking chalk-ir v0.71.0
[INFO] [stderr]     Checking salsa v0.17.0-pre.2
[INFO] [stderr]     Checking ra_ap_mbe v0.0.77
[INFO] [stderr]     Checking ra_ap_base_db v0.0.77
[INFO] [stderr]     Checking chalk-solve v0.71.0
[INFO] [stderr]     Checking ra_ap_hir_expand v0.0.77
[INFO] [stderr]     Checking ra_ap_hir_def v0.0.77
[INFO] [stderr]     Checking chalk-recursive v0.71.0
[INFO] [stderr]     Checking ra_ap_hir_ty v0.0.77
[INFO] [stderr]     Checking ra_ap_hir v0.0.77
[INFO] [stderr]     Checking ra_ap_ide_db v0.0.77
[INFO] [stderr]     Checking ra_ap_ide_completion v0.0.77
[INFO] [stderr]     Checking ra_ap_ide_assists v0.0.77
[INFO] [stderr]     Checking ra_ap_ide_diagnostics v0.0.77
[INFO] [stderr]     Checking ra_ap_ide_ssr v0.0.77
[INFO] [stderr]     Checking ra_ap_ide v0.0.77 (/opt/rustwide/workdir)
[INFO] [stdout] error[E0432]: unresolved import `test_utils`
[INFO] [stdout]  --> src/fixture.rs:4:5
[INFO] [stdout]   |
[INFO] [stdout] 4 | use test_utils::{extract_annotations, RangeOrOffset};
[INFO] [stdout]   |     ^^^^^^^^^^ use of undeclared crate or module `test_utils`
[INFO] [stdout] 
[INFO] [stdout] 
[INFO] [stdout] error[E0432]: unresolved import `test_utils`
[INFO] [stdout]    --> src/folding_ranges.rs:271:9
[INFO] [stdout]     |
[INFO] [stdout] 271 |     use test_utils::extract_tags;
[INFO] [stdout]     |         ^^^^^^^^^^ use of undeclared crate or module `test_utils`
[INFO] [stdout] 
[INFO] [stdout] 
[INFO] [stdout] error[E0432]: unresolved import `test_utils`
[INFO] [stdout]    --> src/inlay_hints.rs:530:9
[INFO] [stdout]     |
[INFO] [stdout] 530 |     use test_utils::extract_annotations;
[INFO] [stdout]     |         ^^^^^^^^^^ use of undeclared crate or module `test_utils`
[INFO] [stdout] 
[INFO] [stdout] 
[INFO] [stdout] error[E0432]: unresolved import `test_utils`
[INFO] [stdout]    --> src/join_lines.rs:311:9
[INFO] [stdout]     |
[INFO] [stdout] 311 |     use test_utils::{add_cursor, assert_eq_text, extract_offset, extract_range};
[INFO] [stdout]     |         ^^^^^^^^^^ use of undeclared crate or module `test_utils`
[INFO] [stdout] 
[INFO] [stdout] 
[INFO] [stdout] error[E0432]: unresolved import `test_utils`
[INFO] [stdout]   --> src/matching_brace.rs:41:9
[INFO] [stdout]    |
[INFO] [stdout] 41 |     use test_utils::{add_cursor, assert_eq_text, extract_offset};
[INFO] [stdout]    |         ^^^^^^^^^^ use of undeclared crate or module `test_utils`
[INFO] [stdout] 
[INFO] [stdout] 
[INFO] [stdout] error[E0432]: unresolved import `test_utils`
[INFO] [stdout]    --> src/rename.rs:270:9
[INFO] [stdout]     |
[INFO] [stdout] 270 |     use test_utils::assert_eq_text;
[INFO] [stdout]     |         ^^^^^^^^^^ use of undeclared crate or module `test_utils`
[INFO] [stdout] 
[INFO] [stdout] 
[INFO] [stdout] error[E0432]: unresolved import `test_utils`
[INFO] [stdout]  --> src/syntax_highlighting/tests.rs:5:5
[INFO] [stdout]   |
[INFO] [stdout] 5 | use test_utils::{bench, bench_fixture, skip_slow_tests, AssertLinear};
[INFO] [stdout]   |     ^^^^^^^^^^ use of undeclared crate or module `test_utils`
[INFO] [stdout] 
[INFO] [stdout] 
[INFO] [stdout] error[E0432]: unresolved import `test_utils`
[INFO] [stdout]    --> src/typing/on_enter.rs:196:9
[INFO] [stdout]     |
[INFO] [stdout] 196 |     use test_utils::assert_eq_text;
[INFO] [stdout]     |         ^^^^^^^^^^ use of undeclared crate or module `test_utils`
[INFO] [stdout] 
[INFO] [stdout] 
[INFO] [stdout] error[E0432]: unresolved import `test_utils`
[INFO] [stdout]    --> src/typing.rs:239:9
[INFO] [stdout]     |
[INFO] [stdout] 239 |     use test_utils::{assert_eq_text, extract_offset};
[INFO] [stdout]     |         ^^^^^^^^^^ use of undeclared crate or module `test_utils`
[INFO] [stdout] 
[INFO] [stdout] 
[INFO] [stdout] error: cannot determine resolution for the macro `assert_eq_text`
[INFO] [stdout]    --> src/join_lines.rs:338:9
[INFO] [stdout]     |
[INFO] [stdout] 338 |         assert_eq_text!(ra_fixture_after, &actual);
[INFO] [stdout]     |         ^^^^^^^^^^^^^^
[INFO] [stdout]     |
[INFO] [stdout]     = note: import resolution is stuck, try simplifying macro imports
[INFO] [stdout] 
[INFO] [stdout] 
[INFO] [stdout] error: cannot determine resolution for the macro `assert_eq_text`
[INFO] [stdout]    --> src/join_lines.rs:357:9
[INFO] [stdout]     |
[INFO] [stdout] 357 |         assert_eq_text!(ra_fixture_after, &actual);
[INFO] [stdout]     |         ^^^^^^^^^^^^^^
[INFO] [stdout]     |
[INFO] [stdout]     = note: import resolution is stuck, try simplifying macro imports
[INFO] [stdout] 
[INFO] [stdout] 
[INFO] [stdout] error: cannot determine resolution for the macro `assert_eq_text`
[INFO] [stdout]   --> src/matching_brace.rs:55:13
[INFO] [stdout]    |
[INFO] [stdout] 55 |             assert_eq_text!(after, &actual);
[INFO] [stdout]    |             ^^^^^^^^^^^^^^
[INFO] [stdout]    |
[INFO] [stdout]    = note: import resolution is stuck, try simplifying macro imports
[INFO] [stdout] 
[INFO] [stdout] 
[INFO] [stdout] error: cannot determine resolution for the macro `assert_eq_text`
[INFO] [stdout]    --> src/rename.rs:297:21
[INFO] [stdout]     |
[INFO] [stdout] 297 |                     assert_eq_text!(ra_fixture_after, &*result);
[INFO] [stdout]     |                     ^^^^^^^^^^^^^^
[INFO] [stdout]     |
[INFO] [stdout]     = note: import resolution is stuck, try simplifying macro imports
[INFO] [stdout] 
[INFO] [stdout] 
[INFO] [stdout] error: cannot determine resolution for the macro `assert_eq_text`
[INFO] [stdout]    --> src/typing/on_enter.rs:212:9
[INFO] [stdout]     |
[INFO] [stdout] 212 |         assert_eq_text!(ra_fixture_after, &actual);
[INFO] [stdout]     |         ^^^^^^^^^^^^^^
[INFO] [stdout]     |
[INFO] [stdout]     = note: import resolution is stuck, try simplifying macro imports
[INFO] [stdout] 
[INFO] [stdout] 
[INFO] [stdout] error: cannot determine resolution for the macro `assert_eq_text`
[INFO] [stdout]    --> src/typing.rs:258:9
[INFO] [stdout]     |
[INFO] [stdout] 258 |         assert_eq_text!(ra_fixture_after, &actual);
[INFO] [stdout]     |         ^^^^^^^^^^^^^^
[INFO] [stdout]     |
[INFO] [stdout]     = note: import resolution is stuck, try simplifying macro imports
[INFO] [stdout] 
[INFO] [stdout] 
[INFO] [stdout] error[E0277]: the size for values of type `str` cannot be known at compilation time
[INFO] [stdout]    --> src/folding_ranges.rs:276:22
[INFO] [stdout]     |
[INFO] [stdout] 276 |         let (ranges, text) = extract_tags(ra_fixture, "fold");
[INFO] [stdout]     |                      ^^^^ doesn't have a size known at compile-time
[INFO] [stdout]     |
[INFO] [stdout]     = help: the trait `Sized` is not implemented for `str`
[INFO] [stdout]     = note: all local variables must have a statically known size
[INFO] [stdout]     = help: unsized locals are gated as an unstable feature
[INFO] [stdout] 
[INFO] [stdout] 
[INFO] [stdout] error[E0277]: the size for values of type `str` cannot be known at compilation time
[INFO] [stdout]    --> src/join_lines.rs:323:33
[INFO] [stdout]     |
[INFO] [stdout] 323 |         let (before_cursor_pos, before) = extract_offset(ra_fixture_before);
[INFO] [stdout]     |                                 ^^^^^^ doesn't have a size known at compile-time
[INFO] [stdout]     |
[INFO] [stdout]     = help: the trait `Sized` is not implemented for `str`
[INFO] [stdout]     = note: all local variables must have a statically known size
[INFO] [stdout]     = help: unsized locals are gated as an unstable feature
[INFO] [stdout] 
[INFO] [stdout] 
[INFO] [stdout] error[E0308]: mismatched types
[INFO] [stdout]    --> src/join_lines.rs:331:26
[INFO] [stdout]     |
[INFO] [stdout] 331 |             result.apply(&mut actual);
[INFO] [stdout]     |                          ^^^^^^^^^^^ expected struct `std::string::String`, found `str`
[INFO] [stdout]     |
[INFO] [stdout]     = note: expected mutable reference `&mut std::string::String`
[INFO] [stdout]                found mutable reference `&mut str`
[INFO] [stdout] 
[INFO] [stdout] 
[INFO] [stdout] error[E0277]: the size for values of type `str` cannot be known at compilation time
[INFO] [stdout]    --> src/join_lines.rs:330:17
[INFO] [stdout]     |
[INFO] [stdout] 330 |             let mut actual = before;
[INFO] [stdout]     |                 ^^^^^^^^^^ doesn't have a size known at compile-time
[INFO] [stdout]     |
[INFO] [stdout]     = help: the trait `Sized` is not implemented for `str`
[INFO] [stdout]     = note: all local variables must have a statically known size
[INFO] [stdout]     = help: unsized locals are gated as an unstable feature
[INFO] [stdout] 
[INFO] [stdout] 
[INFO] [stdout] error[E0277]: the size for values of type `str` cannot be known at compilation time
[INFO] [stdout]    --> src/join_lines.rs:329:13
[INFO] [stdout]     |
[INFO] [stdout] 329 |         let actual = {
[INFO] [stdout]     |             ^^^^^^ doesn't have a size known at compile-time
[INFO] [stdout]     |
[INFO] [stdout]     = help: the trait `Sized` is not implemented for `str`
[INFO] [stdout]     = note: all local variables must have a statically known size
[INFO] [stdout]     = help: unsized locals are gated as an unstable feature
[INFO] [stdout] 
[INFO] [stdout] 
[INFO] [stdout] error[E0277]: the size for values of type `str` cannot be known at compilation time
[INFO] [stdout]    --> src/join_lines.rs:349:19
[INFO] [stdout]     |
[INFO] [stdout] 349 |         let (sel, before) = extract_range(ra_fixture_before);
[INFO] [stdout]     |                   ^^^^^^ doesn't have a size known at compile-time
[INFO] [stdout]     |
[INFO] [stdout]     = help: the trait `Sized` is not implemented for `str`
[INFO] [stdout]     = note: all local variables must have a statically known size
[INFO] [stdout]     = help: unsized locals are gated as an unstable feature
[INFO] [stdout] 
[INFO] [stdout] 
[INFO] [stdout] error[E0308]: mismatched types
[INFO] [stdout]    --> src/join_lines.rs:354:26
[INFO] [stdout]     |
[INFO] [stdout] 354 |             result.apply(&mut actual);
[INFO] [stdout]     |                          ^^^^^^^^^^^ expected struct `std::string::String`, found `str`
[INFO] [stdout]     |
[INFO] [stdout]     = note: expected mutable reference `&mut std::string::String`
[INFO] [stdout]                found mutable reference `&mut str`
[INFO] [stdout] 
[INFO] [stdout] 
[INFO] [stdout] error[E0277]: the size for values of type `str` cannot be known at compilation time
[INFO] [stdout]    --> src/join_lines.rs:353:17
[INFO] [stdout]     |
[INFO] [stdout] 353 |             let mut actual = before;
[INFO] [stdout]     |                 ^^^^^^^^^^ doesn't have a size known at compile-time
[INFO] [stdout]     |
[INFO] [stdout]     = help: the trait `Sized` is not implemented for `str`
[INFO] [stdout]     = note: all local variables must have a statically known size
[INFO] [stdout]     = help: unsized locals are gated as an unstable feature
[INFO] [stdout] 
[INFO] [stdout] 
[INFO] [stdout] error[E0277]: the size for values of type `str` cannot be known at compilation time
[INFO] [stdout]    --> src/join_lines.rs:352:13
[INFO] [stdout]     |
[INFO] [stdout] 352 |         let actual = {
[INFO] [stdout]     |             ^^^^^^ doesn't have a size known at compile-time
[INFO] [stdout]     |
[INFO] [stdout]     = help: the trait `Sized` is not implemented for `str`
[INFO] [stdout]     = note: all local variables must have a statically known size
[INFO] [stdout]     = help: unsized locals are gated as an unstable feature
[INFO] [stdout] 
[INFO] [stdout] 
[INFO] [stdout] error[E0277]: the size for values of type `str` cannot be known at compilation time
[INFO] [stdout]   --> src/matching_brace.rs:48:23
[INFO] [stdout]    |
[INFO] [stdout] 48 |             let (pos, before) = extract_offset(before);
[INFO] [stdout]    |                       ^^^^^^ doesn't have a size known at compile-time
[INFO] [stdout]    |
[INFO] [stdout]    = help: the trait `Sized` is not implemented for `str`
[INFO] [stdout]    = note: all local variables must have a statically known size
[INFO] [stdout]    = help: unsized locals are gated as an unstable feature
[INFO] [stdout] 
[INFO] [stdout] 
[INFO] [stdout] error: aborting due to 25 previous errors
[INFO] [stdout] 
[INFO] [stdout] 
[INFO] [stdout] Some errors have detailed explanations: E0277, E0308, E0432.
[INFO] [stdout] 
[INFO] [stdout] For more information about an error, try `rustc --explain E0277`.
[INFO] [stdout] 
[INFO] [stderr] error: could not compile `ra_ap_ide` due to 26 previous errors
[INFO] [stderr] warning: build failed, waiting for other jobs to finish...
[INFO] [stderr] error: build failed
[INFO] running `Command { std: "docker" "inspect" "55cbf0404490901e9867a879ed3a59a9291b60e81fac129194f6ea4bb3a9ddf7", kill_on_drop: false }`
[INFO] running `Command { std: "docker" "rm" "-f" "55cbf0404490901e9867a879ed3a59a9291b60e81fac129194f6ea4bb3a9ddf7", kill_on_drop: false }`
[INFO] [stdout] 55cbf0404490901e9867a879ed3a59a9291b60e81fac129194f6ea4bb3a9ddf7
