[INFO] fetching crate r1cs-zkinterface 0.1.2...
[INFO] checking r1cs-zkinterface-0.1.2 against beta-2021-10-15 for beta-1.56-3
[INFO] extracting crate r1cs-zkinterface 0.1.2 into /workspace/builds/worker-9/source
[INFO] validating manifest of crates.io crate r1cs-zkinterface 0.1.2 on toolchain beta-2021-10-15
[INFO] running `Command { std: "/workspace/cargo-home/bin/cargo" "+beta-2021-10-15" "metadata" "--manifest-path" "Cargo.toml" "--no-deps", kill_on_drop: false }`
[INFO] started tweaking crates.io crate r1cs-zkinterface 0.1.2
[INFO] finished tweaking crates.io crate r1cs-zkinterface 0.1.2
[INFO] tweaked toml for crates.io crate r1cs-zkinterface 0.1.2 written to /workspace/builds/worker-9/source/Cargo.toml
[INFO] running `Command { std: "/workspace/cargo-home/bin/cargo" "+beta-2021-10-15" "generate-lockfile" "--manifest-path" "Cargo.toml" "-Zno-index-update", kill_on_drop: false }`
[INFO] running `Command { std: "/workspace/cargo-home/bin/cargo" "+beta-2021-10-15" "fetch" "--manifest-path" "Cargo.toml", kill_on_drop: false }`
[INFO] [stderr]  Downloading crates ...
[INFO] [stderr]   Downloaded bimap v0.4.0
[INFO] [stderr]   Downloaded r1cs v0.4.7
[INFO] [stderr]   Downloaded flatbuffers v0.5.0
[INFO] [stderr]   Downloaded zkinterface v1.3.4
[INFO] running `Command { std: "docker" "create" "-v" "/var/lib/crater-agent-workspace/builds/worker-9/target:/opt/rustwide/target:rw,Z" "-v" "/var/lib/crater-agent-workspace/builds/worker-9/source:/opt/rustwide/workdir:ro,Z" "-v" "/var/lib/crater-agent-workspace/cargo-home:/opt/rustwide/cargo-home:ro,Z" "-v" "/var/lib/crater-agent-workspace/rustup-home:/opt/rustwide/rustup-home:ro,Z" "-e" "SOURCE_DIR=/opt/rustwide/workdir" "-e" "CARGO_TARGET_DIR=/opt/rustwide/target" "-e" "CARGO_HOME=/opt/rustwide/cargo-home" "-e" "RUSTUP_HOME=/opt/rustwide/rustup-home" "-w" "/opt/rustwide/workdir" "-m" "1610612736" "--user" "0:0" "--network" "none" "ghcr.io/rust-lang/crates-build-env/linux@sha256:a89201d6b5b9fd45c15d5952ece0a0129e7e80cb26ec023fd59cf09bc26f1604" "/opt/rustwide/cargo-home/bin/cargo" "+beta-2021-10-15" "metadata" "--no-deps" "--format-version=1", kill_on_drop: false }`
[INFO] [stdout] 1eab5010a9f0bdded6954f598ba1b095b739d2e23a17bdd4993ca8b12bdf1342
[INFO] [stderr] WARNING: Your kernel does not support swap limit capabilities or the cgroup is not mounted. Memory limited without swap.
[INFO] running `Command { std: "docker" "start" "-a" "1eab5010a9f0bdded6954f598ba1b095b739d2e23a17bdd4993ca8b12bdf1342", kill_on_drop: false }`
[INFO] running `Command { std: "docker" "inspect" "1eab5010a9f0bdded6954f598ba1b095b739d2e23a17bdd4993ca8b12bdf1342", kill_on_drop: false }`
[INFO] running `Command { std: "docker" "rm" "-f" "1eab5010a9f0bdded6954f598ba1b095b739d2e23a17bdd4993ca8b12bdf1342", kill_on_drop: false }`
[INFO] [stdout] 1eab5010a9f0bdded6954f598ba1b095b739d2e23a17bdd4993ca8b12bdf1342
[INFO] running `Command { std: "docker" "create" "-v" "/var/lib/crater-agent-workspace/builds/worker-9/target:/opt/rustwide/target:rw,Z" "-v" "/var/lib/crater-agent-workspace/builds/worker-9/source:/opt/rustwide/workdir:ro,Z" "-v" "/var/lib/crater-agent-workspace/cargo-home:/opt/rustwide/cargo-home:ro,Z" "-v" "/var/lib/crater-agent-workspace/rustup-home:/opt/rustwide/rustup-home:ro,Z" "-e" "SOURCE_DIR=/opt/rustwide/workdir" "-e" "CARGO_TARGET_DIR=/opt/rustwide/target" "-e" "CARGO_INCREMENTAL=0" "-e" "RUST_BACKTRACE=full" "-e" "RUSTFLAGS=--cap-lints=warn" "-e" "CARGO_HOME=/opt/rustwide/cargo-home" "-e" "RUSTUP_HOME=/opt/rustwide/rustup-home" "-w" "/opt/rustwide/workdir" "-m" "1610612736" "--user" "0:0" "--network" "none" "ghcr.io/rust-lang/crates-build-env/linux@sha256:a89201d6b5b9fd45c15d5952ece0a0129e7e80cb26ec023fd59cf09bc26f1604" "/opt/rustwide/cargo-home/bin/cargo" "+beta-2021-10-15" "check" "--frozen" "--all" "--all-targets" "--message-format=json", kill_on_drop: false }`
[INFO] [stdout] 0fdf6e970fd9a1bf2e9f35a1f834770b35e2731b00ed68105baed9fb91914bc4
[INFO] [stderr] WARNING: Your kernel does not support swap limit capabilities or the cgroup is not mounted. Memory limited without swap.
[INFO] running `Command { std: "docker" "start" "-a" "0fdf6e970fd9a1bf2e9f35a1f834770b35e2731b00ed68105baed9fb91914bc4", kill_on_drop: false }`
[INFO] [stderr]    Compiling num-bigint v0.2.6
[INFO] [stderr]    Compiling num-complex v0.2.4
[INFO] [stderr]    Compiling num-bigint v0.3.3
[INFO] [stderr]     Checking bimap v0.4.0
[INFO] [stderr]     Checking rand v0.5.6
[INFO] [stderr]     Checking num-iter v0.1.42
[INFO] [stderr]     Checking flatbuffers v0.5.0
[INFO] [stderr]    Compiling zkinterface v1.3.4
[INFO] [stderr]    Compiling structopt-derive v0.4.16
[INFO] [stderr]     Checking serde_yaml v0.8.21
[INFO] [stderr]     Checking num-rational v0.2.4
[INFO] [stderr]     Checking num v0.2.1
[INFO] [stderr]     Checking r1cs v0.4.7
[INFO] [stderr]     Checking structopt v0.3.23
[INFO] [stderr]     Checking r1cs-zkinterface v0.1.2 (/opt/rustwide/workdir)
[INFO] [stdout] error[E0432]: unresolved import `zkinterface::writing`
[INFO] [stdout]  --> src/lib.rs:6:18
[INFO] [stdout]   |
[INFO] [stdout] 6 | use zkinterface::writing::{CircuitOwned, VariablesOwned};
[INFO] [stdout]   |                  ^^^^^^^ could not find `writing` in `zkinterface`
[INFO] [stdout] 
[INFO] [stdout] 
[INFO] [stdout] error[E0432]: unresolved imports `zkinterface::zkinterface_generated::zkinterface::R1CSConstraints`, `zkinterface::zkinterface_generated::zkinterface::R1CSConstraintsArgs`
[INFO] [stdout]  --> src/lib.rs:7:108
[INFO] [stdout]   |
[INFO] [stdout] 7 | ...tArgs, Message, R1CSConstraints, R1CSConstraintsArgs, Root, RootArgs, Variables, VariablesArgs, Witness, WitnessArgs};
[INFO] [stdout]   |                    ^^^^^^^^^^^^^^^  ^^^^^^^^^^^^^^^^^^^ no `R1CSConstraintsArgs` in `zkinterface_generated::zkinterface`
[INFO] [stdout]   |                    |
[INFO] [stdout]   |                    no `R1CSConstraints` in `zkinterface_generated::zkinterface`
[INFO] [stdout] 
[INFO] [stdout] 
[INFO] [stdout] error[E0599]: no variant or associated item named `R1CSConstraints` found for enum `zkinterface::zkinterface_generated::zkinterface::Message` in the current scope
[INFO] [stdout]   --> src/lib.rs:46:32
[INFO] [stdout]    |
[INFO] [stdout] 46 |         message_type: Message::R1CSConstraints,
[INFO] [stdout]    |                                ^^^^^^^^^^^^^^^ variant or associated item not found in `zkinterface::zkinterface_generated::zkinterface::Message`
[INFO] [stdout] 
[INFO] [stdout] 
[INFO] [stdout] error: aborting due to 3 previous errors
[INFO] [stdout] 
[INFO] [stdout] 
[INFO] [stdout] Some errors have detailed explanations: E0432, E0599.
[INFO] [stdout] 
[INFO] [stdout] For more information about an error, try `rustc --explain E0432`.
[INFO] [stdout] 
[INFO] [stderr] error: could not compile `r1cs-zkinterface` due to 4 previous errors
[INFO] [stderr] warning: build failed, waiting for other jobs to finish...
[INFO] [stdout] error[E0432]: unresolved import `zkinterface::writing`
[INFO] [stdout]  --> src/lib.rs:6:18
[INFO] [stdout]   |
[INFO] [stdout] 6 | use zkinterface::writing::{CircuitOwned, VariablesOwned};
[INFO] [stdout]   |                  ^^^^^^^ could not find `writing` in `zkinterface`
[INFO] [stdout] 
[INFO] [stdout] 
[INFO] [stdout] error[E0432]: unresolved imports `zkinterface::zkinterface_generated::zkinterface::R1CSConstraints`, `zkinterface::zkinterface_generated::zkinterface::R1CSConstraintsArgs`
[INFO] [stdout]  --> src/lib.rs:7:108
[INFO] [stdout]   |
[INFO] [stdout] 7 | ...tArgs, Message, R1CSConstraints, R1CSConstraintsArgs, Root, RootArgs, Variables, VariablesArgs, Witness, WitnessArgs};
[INFO] [stdout]   |                    ^^^^^^^^^^^^^^^  ^^^^^^^^^^^^^^^^^^^ no `R1CSConstraintsArgs` in `zkinterface_generated::zkinterface`
[INFO] [stdout]   |                    |
[INFO] [stdout]   |                    no `R1CSConstraints` in `zkinterface_generated::zkinterface`
[INFO] [stdout] 
[INFO] [stdout] 
[INFO] [stdout] error[E0599]: no variant or associated item named `R1CSConstraints` found for enum `zkinterface::zkinterface_generated::zkinterface::Message` in the current scope
[INFO] [stdout]   --> src/lib.rs:46:32
[INFO] [stdout]    |
[INFO] [stdout] 46 |         message_type: Message::R1CSConstraints,
[INFO] [stdout]    |                                ^^^^^^^^^^^^^^^ variant or associated item not found in `zkinterface::zkinterface_generated::zkinterface::Message`
[INFO] [stdout] 
[INFO] [stdout] 
[INFO] [stdout] error: aborting due to 3 previous errors
[INFO] [stdout] 
[INFO] [stdout] 
[INFO] [stdout] Some errors have detailed explanations: E0432, E0599.
[INFO] [stdout] 
[INFO] [stdout] For more information about an error, try `rustc --explain E0432`.
[INFO] [stdout] 
[INFO] [stderr] error: build failed
[INFO] running `Command { std: "docker" "inspect" "0fdf6e970fd9a1bf2e9f35a1f834770b35e2731b00ed68105baed9fb91914bc4", kill_on_drop: false }`
[INFO] running `Command { std: "docker" "rm" "-f" "0fdf6e970fd9a1bf2e9f35a1f834770b35e2731b00ed68105baed9fb91914bc4", kill_on_drop: false }`
[INFO] [stdout] 0fdf6e970fd9a1bf2e9f35a1f834770b35e2731b00ed68105baed9fb91914bc4
