[INFO] fetching crate r-graph 0.1.5...
[INFO] checking r-graph-0.1.5 against 1.55.0 for beta-1.56-3
[INFO] extracting crate r-graph 0.1.5 into /workspace/builds/worker-0/source
[INFO] validating manifest of crates.io crate r-graph 0.1.5 on toolchain 1.55.0
[INFO] running `Command { std: "/workspace/cargo-home/bin/cargo" "+1.55.0" "metadata" "--manifest-path" "Cargo.toml" "--no-deps", kill_on_drop: false }`
[INFO] started tweaking crates.io crate r-graph 0.1.5
[INFO] finished tweaking crates.io crate r-graph 0.1.5
[INFO] tweaked toml for crates.io crate r-graph 0.1.5 written to /workspace/builds/worker-0/source/Cargo.toml
[INFO] running `Command { std: "/workspace/cargo-home/bin/cargo" "+1.55.0" "generate-lockfile" "--manifest-path" "Cargo.toml" "-Zno-index-update", kill_on_drop: false }`
[INFO] running `Command { std: "/workspace/cargo-home/bin/cargo" "+1.55.0" "fetch" "--manifest-path" "Cargo.toml", kill_on_drop: false }`
[INFO] running `Command { std: "docker" "create" "-v" "/var/lib/crater-agent-workspace/builds/worker-0/target:/opt/rustwide/target:rw,Z" "-v" "/var/lib/crater-agent-workspace/builds/worker-0/source:/opt/rustwide/workdir:ro,Z" "-v" "/var/lib/crater-agent-workspace/cargo-home:/opt/rustwide/cargo-home:ro,Z" "-v" "/var/lib/crater-agent-workspace/rustup-home:/opt/rustwide/rustup-home:ro,Z" "-e" "SOURCE_DIR=/opt/rustwide/workdir" "-e" "CARGO_TARGET_DIR=/opt/rustwide/target" "-e" "CARGO_HOME=/opt/rustwide/cargo-home" "-e" "RUSTUP_HOME=/opt/rustwide/rustup-home" "-w" "/opt/rustwide/workdir" "-m" "1610612736" "--user" "0:0" "--network" "none" "ghcr.io/rust-lang/crates-build-env/linux@sha256:a89201d6b5b9fd45c15d5952ece0a0129e7e80cb26ec023fd59cf09bc26f1604" "/opt/rustwide/cargo-home/bin/cargo" "+1.55.0" "metadata" "--no-deps" "--format-version=1", kill_on_drop: false }`
[INFO] [stdout] 21eba9d1a99c98e8b9f4bf3d092bc80c75b2fc06a2633554f18efa66cb057f79
[INFO] [stderr] WARNING: Your kernel does not support swap limit capabilities or the cgroup is not mounted. Memory limited without swap.
[INFO] running `Command { std: "docker" "start" "-a" "21eba9d1a99c98e8b9f4bf3d092bc80c75b2fc06a2633554f18efa66cb057f79", kill_on_drop: false }`
[INFO] running `Command { std: "docker" "inspect" "21eba9d1a99c98e8b9f4bf3d092bc80c75b2fc06a2633554f18efa66cb057f79", kill_on_drop: false }`
[INFO] running `Command { std: "docker" "rm" "-f" "21eba9d1a99c98e8b9f4bf3d092bc80c75b2fc06a2633554f18efa66cb057f79", kill_on_drop: false }`
[INFO] [stdout] 21eba9d1a99c98e8b9f4bf3d092bc80c75b2fc06a2633554f18efa66cb057f79
[INFO] running `Command { std: "docker" "create" "-v" "/var/lib/crater-agent-workspace/builds/worker-0/target:/opt/rustwide/target:rw,Z" "-v" "/var/lib/crater-agent-workspace/builds/worker-0/source:/opt/rustwide/workdir:ro,Z" "-v" "/var/lib/crater-agent-workspace/cargo-home:/opt/rustwide/cargo-home:ro,Z" "-v" "/var/lib/crater-agent-workspace/rustup-home:/opt/rustwide/rustup-home:ro,Z" "-e" "SOURCE_DIR=/opt/rustwide/workdir" "-e" "CARGO_TARGET_DIR=/opt/rustwide/target" "-e" "CARGO_INCREMENTAL=0" "-e" "RUST_BACKTRACE=full" "-e" "RUSTFLAGS=--cap-lints=warn" "-e" "CARGO_HOME=/opt/rustwide/cargo-home" "-e" "RUSTUP_HOME=/opt/rustwide/rustup-home" "-w" "/opt/rustwide/workdir" "-m" "1610612736" "--user" "0:0" "--network" "none" "ghcr.io/rust-lang/crates-build-env/linux@sha256:a89201d6b5b9fd45c15d5952ece0a0129e7e80cb26ec023fd59cf09bc26f1604" "/opt/rustwide/cargo-home/bin/cargo" "+1.55.0" "check" "--frozen" "--all" "--all-targets" "--message-format=json", kill_on_drop: false }`
[INFO] [stdout] 1e7380f3a566d8f451071c380d42f33d618febf2035da4a18e58b6b8facb95cf
[INFO] [stderr] WARNING: Your kernel does not support swap limit capabilities or the cgroup is not mounted. Memory limited without swap.
[INFO] running `Command { std: "docker" "start" "-a" "1e7380f3a566d8f451071c380d42f33d618febf2035da4a18e58b6b8facb95cf", kill_on_drop: false }`
[INFO] [stderr]     Checking r-graph v0.1.5 (/opt/rustwide/workdir)
[INFO] [stdout] error[E0554]: `#![feature]` may not be used on the stable release channel
[INFO] [stdout]  --> src/lib.rs:1:1
[INFO] [stdout]   |
[INFO] [stdout] 1 | #![feature(type_alias_impl_trait)]
[INFO] [stdout]   | ^^^^^^^^^^^^^^^^^^^^^^^^^^^^^^^^^^
[INFO] [stdout] 
[INFO] [stdout] 
[INFO] [stdout] error[E0658]: `impl Trait` in type aliases is unstable
[INFO] [stdout]    --> src/dev/mod.rs:110:19
[INFO] [stdout]     |
[INFO] [stdout] 110 |     type Output = impl Fn(T) -> R2;
[INFO] [stdout]     |                   ^^^^^^^^^^^^^^^^
[INFO] [stdout]     |
[INFO] [stdout]     = note: see issue #63063 <https://github.com/rust-lang/rust/issues/63063> for more information
[INFO] [stdout] 
[INFO] [stdout] 
[INFO] [stdout] warning: the feature `type_alias_impl_trait` is incomplete and may not be safe to use and/or cause compiler crashes
[INFO] [stdout]  --> src/lib.rs:1:12
[INFO] [stdout]   |
[INFO] [stdout] 1 | #![feature(type_alias_impl_trait)]
[INFO] [stdout]   |            ^^^^^^^^^^^^^^^^^^^^^
[INFO] [stdout]   |
[INFO] [stdout]   = note: `#[warn(incomplete_features)]` on by default
[INFO] [stdout]   = note: see issue #63063 <https://github.com/rust-lang/rust/issues/63063> for more information
[INFO] [stdout] 
[INFO] [stdout] 
[INFO] [stdout] warning: unused imports: `AddEdge`, `Undirected`
[INFO] [stdout]  --> src/extended/clique.rs:1:31
[INFO] [stdout]   |
[INFO] [stdout] 1 | use crate::dev::orientation::{AddEdge, Orientation, Undirected};
[INFO] [stdout]   |                               ^^^^^^^               ^^^^^^^^^^
[INFO] [stdout]   |
[INFO] [stdout]   = note: `#[warn(unused_imports)]` on by default
[INFO] [stdout] 
[INFO] [stdout] 
[INFO] [stdout] warning: unused imports: `AddVertex`, `GetVertex`, `Vertices`
[INFO] [stdout]  --> src/extended/clique.rs:3:18
[INFO] [stdout]   |
[INFO] [stdout] 3 | use crate::dev::{AddVertex, GetVertex, Neighbours, Vertices, orientation};
[INFO] [stdout]   |                  ^^^^^^^^^  ^^^^^^^^^              ^^^^^^^^
[INFO] [stdout] 
[INFO] [stdout] 
[INFO] [stdout] warning: unused import: `SubGraph`
[INFO] [stdout]  --> src/extended/clique.rs:5:41
[INFO] [stdout]   |
[INFO] [stdout] 5 | use crate::wrapper::sub::{intersection, SubGraph};
[INFO] [stdout]   |                                         ^^^^^^^^
[INFO] [stdout] 
[INFO] [stdout] 
[INFO] [stdout] warning: unused import: `crate::dev::transform::transformers::VertexKey`
[INFO] [stdout]   --> src/extended/clique.rs:10:5
[INFO] [stdout]    |
[INFO] [stdout] 10 | use crate::dev::transform::transformers::VertexKey;
[INFO] [stdout]    |     ^^^^^^^^^^^^^^^^^^^^^^^^^^^^^^^^^^^^^^^^^^^^^^
[INFO] [stdout] 
[INFO] [stdout] 
[INFO] [stdout] warning: unused import: `Orientation`
[INFO] [stdout]  --> src/wrapper/sub.rs:1:40
[INFO] [stdout]   |
[INFO] [stdout] 1 | use crate::dev::orientation::{AddEdge, Orientation};
[INFO] [stdout]   |                                        ^^^^^^^^^^^
[INFO] [stdout] 
[INFO] [stdout] 
[INFO] [stdout] error[E0554]: `#![feature]` may not be used on the stable release channel
[INFO] [stdout]  --> src/lib.rs:1:1
[INFO] [stdout]   |
[INFO] [stdout] 1 | #![feature(type_alias_impl_trait)]
[INFO] [stdout]   | ^^^^^^^^^^^^^^^^^^^^^^^^^^^^^^^^^^
[INFO] [stdout] 
[INFO] [stdout] 
[INFO] [stdout] error[E0658]: `impl Trait` in type aliases is unstable
[INFO] [stdout]    --> src/dev/mod.rs:110:19
[INFO] [stdout]     |
[INFO] [stdout] 110 |     type Output = impl Fn(T) -> R2;
[INFO] [stdout]     |                   ^^^^^^^^^^^^^^^^
[INFO] [stdout]     |
[INFO] [stdout]     = note: see issue #63063 <https://github.com/rust-lang/rust/issues/63063> for more information
[INFO] [stdout] 
[INFO] [stdout] 
[INFO] [stdout] warning: the feature `type_alias_impl_trait` is incomplete and may not be safe to use and/or cause compiler crashes
[INFO] [stdout]  --> src/lib.rs:1:12
[INFO] [stdout]   |
[INFO] [stdout] 1 | #![feature(type_alias_impl_trait)]
[INFO] [stdout]   |            ^^^^^^^^^^^^^^^^^^^^^
[INFO] [stdout]   |
[INFO] [stdout]   = note: `#[warn(incomplete_features)]` on by default
[INFO] [stdout]   = note: see issue #63063 <https://github.com/rust-lang/rust/issues/63063> for more information
[INFO] [stdout] 
[INFO] [stdout] 
[INFO] [stdout] warning: unused imports: `AddEdge`, `Undirected`
[INFO] [stdout]  --> src/extended/clique.rs:1:31
[INFO] [stdout]   |
[INFO] [stdout] 1 | use crate::dev::orientation::{AddEdge, Orientation, Undirected};
[INFO] [stdout]   |                               ^^^^^^^               ^^^^^^^^^^
[INFO] [stdout]   |
[INFO] [stdout]   = note: `#[warn(unused_imports)]` on by default
[INFO] [stdout] 
[INFO] [stdout] 
[INFO] [stdout] warning: unused imports: `AddVertex`, `GetVertex`, `Vertices`
[INFO] [stdout]  --> src/extended/clique.rs:3:18
[INFO] [stdout]   |
[INFO] [stdout] 3 | use crate::dev::{AddVertex, GetVertex, Neighbours, Vertices, orientation};
[INFO] [stdout]   |                  ^^^^^^^^^  ^^^^^^^^^              ^^^^^^^^
[INFO] [stdout] 
[INFO] [stdout] 
[INFO] [stdout] warning: unused import: `SubGraph`
[INFO] [stdout]  --> src/extended/clique.rs:5:41
[INFO] [stdout]   |
[INFO] [stdout] 5 | use crate::wrapper::sub::{intersection, SubGraph};
[INFO] [stdout]   |                                         ^^^^^^^^
[INFO] [stdout] 
[INFO] [stdout] 
[INFO] [stdout] warning: unused import: `crate::dev::transform::transformers::VertexKey`
[INFO] [stdout]   --> src/extended/clique.rs:10:5
[INFO] [stdout]    |
[INFO] [stdout] 10 | use crate::dev::transform::transformers::VertexKey;
[INFO] [stdout]    |     ^^^^^^^^^^^^^^^^^^^^^^^^^^^^^^^^^^^^^^^^^^^^^^
[INFO] [stdout] 
[INFO] [stdout] 
[INFO] [stdout] warning: unused import: `Orientation`
[INFO] [stdout]  --> src/wrapper/sub.rs:1:40
[INFO] [stdout]   |
[INFO] [stdout] 1 | use crate::dev::orientation::{AddEdge, Orientation};
[INFO] [stdout]   |                                        ^^^^^^^^^^^
[INFO] [stdout] 
[INFO] [stdout] 
[INFO] [stdout] error: aborting due to 2 previous errors; 6 warnings emitted
[INFO] [stdout] 
[INFO] [stdout] 
[INFO] [stdout] Some errors have detailed explanations: E0554, E0658.
[INFO] [stdout] 
[INFO] [stdout] For more information about an error, try `rustc --explain E0554`.
[INFO] [stdout] 
[INFO] [stderr] error: could not compile `r-graph` due to 3 previous errors; 6 warnings emitted
[INFO] [stderr] warning: build failed, waiting for other jobs to finish...
[INFO] [stdout] error: aborting due to 2 previous errors; 6 warnings emitted
[INFO] [stdout] 
[INFO] [stdout] 
[INFO] [stdout] Some errors have detailed explanations: E0554, E0658.
[INFO] [stdout] 
[INFO] [stdout] For more information about an error, try `rustc --explain E0554`.
[INFO] [stdout] 
[INFO] [stderr] error: build failed
[INFO] running `Command { std: "docker" "inspect" "1e7380f3a566d8f451071c380d42f33d618febf2035da4a18e58b6b8facb95cf", kill_on_drop: false }`
[INFO] running `Command { std: "docker" "rm" "-f" "1e7380f3a566d8f451071c380d42f33d618febf2035da4a18e58b6b8facb95cf", kill_on_drop: false }`
[INFO] [stdout] 1e7380f3a566d8f451071c380d42f33d618febf2035da4a18e58b6b8facb95cf
