[INFO] fetching crate queueue 0.1.1-beta.3...
[INFO] checking queueue-0.1.1-beta.3 against 1.55.0 for beta-1.56-3
[INFO] extracting crate queueue 0.1.1-beta.3 into /workspace/builds/worker-4/source
[INFO] validating manifest of crates.io crate queueue 0.1.1-beta.3 on toolchain 1.55.0
[INFO] running `Command { std: "/workspace/cargo-home/bin/cargo" "+1.55.0" "metadata" "--manifest-path" "Cargo.toml" "--no-deps", kill_on_drop: false }`
[INFO] started tweaking crates.io crate queueue 0.1.1-beta.3
[INFO] finished tweaking crates.io crate queueue 0.1.1-beta.3
[INFO] tweaked toml for crates.io crate queueue 0.1.1-beta.3 written to /workspace/builds/worker-4/source/Cargo.toml
[INFO] running `Command { std: "/workspace/cargo-home/bin/cargo" "+1.55.0" "generate-lockfile" "--manifest-path" "Cargo.toml" "-Zno-index-update", kill_on_drop: false }`
[INFO] running `Command { std: "/workspace/cargo-home/bin/cargo" "+1.55.0" "fetch" "--manifest-path" "Cargo.toml", kill_on_drop: false }`
[INFO] running `Command { std: "docker" "create" "-v" "/var/lib/crater-agent-workspace/builds/worker-4/target:/opt/rustwide/target:rw,Z" "-v" "/var/lib/crater-agent-workspace/builds/worker-4/source:/opt/rustwide/workdir:ro,Z" "-v" "/var/lib/crater-agent-workspace/cargo-home:/opt/rustwide/cargo-home:ro,Z" "-v" "/var/lib/crater-agent-workspace/rustup-home:/opt/rustwide/rustup-home:ro,Z" "-e" "SOURCE_DIR=/opt/rustwide/workdir" "-e" "CARGO_TARGET_DIR=/opt/rustwide/target" "-e" "CARGO_HOME=/opt/rustwide/cargo-home" "-e" "RUSTUP_HOME=/opt/rustwide/rustup-home" "-w" "/opt/rustwide/workdir" "-m" "1610612736" "--user" "0:0" "--network" "none" "ghcr.io/rust-lang/crates-build-env/linux@sha256:a89201d6b5b9fd45c15d5952ece0a0129e7e80cb26ec023fd59cf09bc26f1604" "/opt/rustwide/cargo-home/bin/cargo" "+1.55.0" "metadata" "--no-deps" "--format-version=1", kill_on_drop: false }`
[INFO] [stdout] d785df7abbb1e6e421dc510e1b543384104f40aeda2cd89d4eea813d3075263d
[INFO] [stderr] WARNING: Your kernel does not support swap limit capabilities or the cgroup is not mounted. Memory limited without swap.
[INFO] running `Command { std: "docker" "start" "-a" "d785df7abbb1e6e421dc510e1b543384104f40aeda2cd89d4eea813d3075263d", kill_on_drop: false }`
[INFO] running `Command { std: "docker" "inspect" "d785df7abbb1e6e421dc510e1b543384104f40aeda2cd89d4eea813d3075263d", kill_on_drop: false }`
[INFO] running `Command { std: "docker" "rm" "-f" "d785df7abbb1e6e421dc510e1b543384104f40aeda2cd89d4eea813d3075263d", kill_on_drop: false }`
[INFO] [stdout] d785df7abbb1e6e421dc510e1b543384104f40aeda2cd89d4eea813d3075263d
[INFO] running `Command { std: "docker" "create" "-v" "/var/lib/crater-agent-workspace/builds/worker-4/target:/opt/rustwide/target:rw,Z" "-v" "/var/lib/crater-agent-workspace/builds/worker-4/source:/opt/rustwide/workdir:ro,Z" "-v" "/var/lib/crater-agent-workspace/cargo-home:/opt/rustwide/cargo-home:ro,Z" "-v" "/var/lib/crater-agent-workspace/rustup-home:/opt/rustwide/rustup-home:ro,Z" "-e" "SOURCE_DIR=/opt/rustwide/workdir" "-e" "CARGO_TARGET_DIR=/opt/rustwide/target" "-e" "CARGO_INCREMENTAL=0" "-e" "RUST_BACKTRACE=full" "-e" "RUSTFLAGS=--cap-lints=warn" "-e" "CARGO_HOME=/opt/rustwide/cargo-home" "-e" "RUSTUP_HOME=/opt/rustwide/rustup-home" "-w" "/opt/rustwide/workdir" "-m" "1610612736" "--user" "0:0" "--network" "none" "ghcr.io/rust-lang/crates-build-env/linux@sha256:a89201d6b5b9fd45c15d5952ece0a0129e7e80cb26ec023fd59cf09bc26f1604" "/opt/rustwide/cargo-home/bin/cargo" "+1.55.0" "check" "--frozen" "--all" "--all-targets" "--message-format=json", kill_on_drop: false }`
[INFO] [stderr] WARNING: Your kernel does not support swap limit capabilities or the cgroup is not mounted. Memory limited without swap.
[INFO] [stdout] 3d3e4fdadc50d4d301991927605aef73a48038bc2fcd2bcfc64e152c6c0d74ce
[INFO] running `Command { std: "docker" "start" "-a" "3d3e4fdadc50d4d301991927605aef73a48038bc2fcd2bcfc64e152c6c0d74ce", kill_on_drop: false }`
[INFO] [stderr]     Checking queueue v0.1.1-beta.3 (/opt/rustwide/workdir)
[INFO] [stderr]     Checking rand_distr v0.2.2
[INFO] [stdout] error[E0557]: feature has been removed
[INFO] [stdout]  --> src/lib.rs:1:78
[INFO] [stdout]   |
[INFO] [stdout] 1 | #![feature(const_generics, maybe_uninit_uninit_array, internal_uninit_const, const_fn, const_in_array_repeat_expressions)]
[INFO] [stdout]   |                                                                              ^^^^^^^^ feature has been removed
[INFO] [stdout]   |
[INFO] [stdout]   = note: split into finer-grained feature gates
[INFO] [stdout] 
[INFO] [stdout] 
[INFO] [stdout] error[E0557]: feature has been removed
[INFO] [stdout]  --> src/lib.rs:1:88
[INFO] [stdout]   |
[INFO] [stdout] 1 | #![feature(const_generics, maybe_uninit_uninit_array, internal_uninit_const, const_fn, const_in_array_repeat_expressions)]
[INFO] [stdout]   |                                                                                        ^^^^^^^^^^^^^^^^^^^^^^^^^^^^^^^^^ feature has been removed
[INFO] [stdout]   |
[INFO] [stdout]   = note: removed due to causing promotable bugs
[INFO] [stdout] 
[INFO] [stdout] 
[INFO] [stdout] error[E0554]: `#![feature]` may not be used on the stable release channel
[INFO] [stdout]  --> src/lib.rs:1:1
[INFO] [stdout]   |
[INFO] [stdout] 1 | #![feature(const_generics, maybe_uninit_uninit_array, internal_uninit_const, const_fn, const_in_array_repeat_expressions)]
[INFO] [stdout]   | ^^^^^^^^^^^^^^^^^^^^^^^^^^^^^^^^^^^^^^^^^^^^^^^^^^^^^^^^^^^^^^^^^^^^^^^^^^^^^^^^^^^^^^^^^^^^^^^^^^^^^^^^^^^^^^^^^^^^^^^^^^
[INFO] [stdout] 
[INFO] [stdout] 
[INFO] [stdout] warning: the feature `const_generics` is incomplete and may not be safe to use and/or cause compiler crashes
[INFO] [stdout]  --> src/lib.rs:1:12
[INFO] [stdout]   |
[INFO] [stdout] 1 | #![feature(const_generics, maybe_uninit_uninit_array, internal_uninit_const, const_fn, const_in_array_repeat_expressions)]
[INFO] [stdout]   |            ^^^^^^^^^^^^^^
[INFO] [stdout]   |
[INFO] [stdout]   = note: `#[warn(incomplete_features)]` on by default
[INFO] [stdout]   = note: see issue #44580 <https://github.com/rust-lang/rust/issues/44580> for more information
[INFO] [stdout] 
[INFO] [stdout] 
[INFO] [stdout] warning: unnecessary braces around const expression
[INFO] [stdout]   --> src/queue/nonblocking.rs:35:25
[INFO] [stdout]    |
[INFO] [stdout] 35 |     slots: [Slot<T, S>; {N}],
[INFO] [stdout]    |                         ^^^ help: remove these braces
[INFO] [stdout]    |
[INFO] [stdout]    = note: `#[warn(unused_braces)]` on by default
[INFO] [stdout] 
[INFO] [stdout] 
[INFO] [stdout] warning: unnecessary braces around const expression
[INFO] [stdout]    --> src/timing_wheel/hierarchical.rs:222:31
[INFO] [stdout]     |
[INFO] [stdout] 222 |     storage: [MaybeUninit<T>; {N}],
[INFO] [stdout]     |                               ^^^ help: remove these braces
[INFO] [stdout] 
[INFO] [stdout] 
[INFO] [stdout] error: constant expression depends on a generic parameter
[INFO] [stdout]    --> src/timing_wheel/hierarchical.rs:103:13
[INFO] [stdout]     |
[INFO] [stdout] 103 |     levels: [WheelLevel<S, CUTOFF>; LEVEL],
[INFO] [stdout]     |             ^^^^^^^^^^^^^^^^^^^^^^^^^^^^^^
[INFO] [stdout]     |
[INFO] [stdout]     = note: this may fail depending on what value the parameter takes
[INFO] [stdout] 
[INFO] [stdout] 
[INFO] [stdout] error: aborting due to 4 previous errors; 3 warnings emitted
[INFO] [stdout] 
[INFO] [stdout] 
[INFO] [stdout] Some errors have detailed explanations: E0554, E0557.
[INFO] [stdout] 
[INFO] [stdout] For more information about an error, try `rustc --explain E0554`.
[INFO] [stdout] 
[INFO] [stderr] error: could not compile `queueue` due to 5 previous errors; 3 warnings emitted
[INFO] [stderr] warning: build failed, waiting for other jobs to finish...
[INFO] [stderr] error: build failed
[INFO] running `Command { std: "docker" "inspect" "3d3e4fdadc50d4d301991927605aef73a48038bc2fcd2bcfc64e152c6c0d74ce", kill_on_drop: false }`
[INFO] running `Command { std: "docker" "rm" "-f" "3d3e4fdadc50d4d301991927605aef73a48038bc2fcd2bcfc64e152c6c0d74ce", kill_on_drop: false }`
[INFO] [stdout] 3d3e4fdadc50d4d301991927605aef73a48038bc2fcd2bcfc64e152c6c0d74ce
