[INFO] fetching crate queue_times 0.0.4...
[INFO] checking queue_times-0.0.4 against beta-2021-10-15 for beta-1.56-3
[INFO] extracting crate queue_times 0.0.4 into /workspace/builds/worker-12/source
[INFO] validating manifest of crates.io crate queue_times 0.0.4 on toolchain beta-2021-10-15
[INFO] running `Command { std: "/workspace/cargo-home/bin/cargo" "+beta-2021-10-15" "metadata" "--manifest-path" "Cargo.toml" "--no-deps", kill_on_drop: false }`
[INFO] started tweaking crates.io crate queue_times 0.0.4
[INFO] finished tweaking crates.io crate queue_times 0.0.4
[INFO] tweaked toml for crates.io crate queue_times 0.0.4 written to /workspace/builds/worker-12/source/Cargo.toml
[INFO] running `Command { std: "/workspace/cargo-home/bin/cargo" "+beta-2021-10-15" "generate-lockfile" "--manifest-path" "Cargo.toml" "-Zno-index-update", kill_on_drop: false }`
[INFO] running `Command { std: "/workspace/cargo-home/bin/cargo" "+beta-2021-10-15" "fetch" "--manifest-path" "Cargo.toml", kill_on_drop: false }`
[INFO] [stderr]  Downloading crates ...
[INFO] [stderr]   Downloaded phf_codegen v0.8.0
[INFO] [stderr]   Downloaded phf_macros v0.8.0
[INFO] [stderr]   Downloaded cssparser v0.27.2
[INFO] [stderr]   Downloaded string_cache_codegen v0.5.1
[INFO] [stderr]   Downloaded markup5ever v0.10.1
[INFO] [stderr]   Downloaded string_cache v0.8.2
[INFO] [stderr]   Downloaded selectors v0.22.0
[INFO] [stderr]   Downloaded scraper v0.12.0
[INFO] [stderr]   Downloaded html5ever v0.25.1
[INFO] [stderr]   Downloaded cssparser-macros v0.6.0
[INFO] [stderr]   Downloaded phf_generator v0.8.0
[INFO] running `Command { std: "docker" "create" "-v" "/var/lib/crater-agent-workspace/builds/worker-12/target:/opt/rustwide/target:rw,Z" "-v" "/var/lib/crater-agent-workspace/builds/worker-12/source:/opt/rustwide/workdir:ro,Z" "-v" "/var/lib/crater-agent-workspace/cargo-home:/opt/rustwide/cargo-home:ro,Z" "-v" "/var/lib/crater-agent-workspace/rustup-home:/opt/rustwide/rustup-home:ro,Z" "-e" "SOURCE_DIR=/opt/rustwide/workdir" "-e" "CARGO_TARGET_DIR=/opt/rustwide/target" "-e" "CARGO_HOME=/opt/rustwide/cargo-home" "-e" "RUSTUP_HOME=/opt/rustwide/rustup-home" "-w" "/opt/rustwide/workdir" "-m" "1610612736" "--user" "0:0" "--network" "none" "ghcr.io/rust-lang/crates-build-env/linux@sha256:a89201d6b5b9fd45c15d5952ece0a0129e7e80cb26ec023fd59cf09bc26f1604" "/opt/rustwide/cargo-home/bin/cargo" "+beta-2021-10-15" "metadata" "--no-deps" "--format-version=1", kill_on_drop: false }`
[INFO] [stdout] a43aaa93976d4d284abb8a401e55c402ecd737a5d69629c0461df6316545d5fd
[INFO] [stderr] WARNING: Your kernel does not support swap limit capabilities or the cgroup is not mounted. Memory limited without swap.
[INFO] running `Command { std: "docker" "start" "-a" "a43aaa93976d4d284abb8a401e55c402ecd737a5d69629c0461df6316545d5fd", kill_on_drop: false }`
[INFO] running `Command { std: "docker" "inspect" "a43aaa93976d4d284abb8a401e55c402ecd737a5d69629c0461df6316545d5fd", kill_on_drop: false }`
[INFO] running `Command { std: "docker" "rm" "-f" "a43aaa93976d4d284abb8a401e55c402ecd737a5d69629c0461df6316545d5fd", kill_on_drop: false }`
[INFO] [stdout] a43aaa93976d4d284abb8a401e55c402ecd737a5d69629c0461df6316545d5fd
[INFO] running `Command { std: "docker" "create" "-v" "/var/lib/crater-agent-workspace/builds/worker-12/target:/opt/rustwide/target:rw,Z" "-v" "/var/lib/crater-agent-workspace/builds/worker-12/source:/opt/rustwide/workdir:ro,Z" "-v" "/var/lib/crater-agent-workspace/cargo-home:/opt/rustwide/cargo-home:ro,Z" "-v" "/var/lib/crater-agent-workspace/rustup-home:/opt/rustwide/rustup-home:ro,Z" "-e" "SOURCE_DIR=/opt/rustwide/workdir" "-e" "CARGO_TARGET_DIR=/opt/rustwide/target" "-e" "CARGO_INCREMENTAL=0" "-e" "RUST_BACKTRACE=full" "-e" "RUSTFLAGS=--cap-lints=warn" "-e" "CARGO_HOME=/opt/rustwide/cargo-home" "-e" "RUSTUP_HOME=/opt/rustwide/rustup-home" "-w" "/opt/rustwide/workdir" "-m" "1610612736" "--user" "0:0" "--network" "none" "ghcr.io/rust-lang/crates-build-env/linux@sha256:a89201d6b5b9fd45c15d5952ece0a0129e7e80cb26ec023fd59cf09bc26f1604" "/opt/rustwide/cargo-home/bin/cargo" "+beta-2021-10-15" "check" "--frozen" "--all" "--all-targets" "--message-format=json", kill_on_drop: false }`
[INFO] [stdout] f9f84738ee62dd147dd8f17f7c4cf3a4645ca2652ae99636848f2eebd2a4ace4
[INFO] [stderr] WARNING: Your kernel does not support swap limit capabilities or the cgroup is not mounted. Memory limited without swap.
[INFO] running `Command { std: "docker" "start" "-a" "f9f84738ee62dd147dd8f17f7c4cf3a4645ca2652ae99636848f2eebd2a4ace4", kill_on_drop: false }`
[INFO] [stderr]     Blocking waiting for file lock on package cache
[INFO] [stderr]     Checking nodrop v0.1.14
[INFO] [stderr]     Checking thin-slice v0.1.1
[INFO] [stderr]     Checking ego-tree v0.6.2
[INFO] [stderr]     Checking phf_shared v0.8.0
[INFO] [stderr]     Checking dtoa-short v0.3.3
[INFO] [stderr]     Checking tendril v0.4.2
[INFO] [stderr]    Compiling getrandom v0.1.16
[INFO] [stderr]    Compiling syn v1.0.80
[INFO] [stderr]     Checking servo_arc v0.1.1
[INFO] [stderr]    Compiling rand_core v0.5.1
[INFO] [stderr]    Compiling rand_chacha v0.2.2
[INFO] [stderr]    Compiling rand_pcg v0.2.1
[INFO] [stderr]    Compiling rand v0.7.3
[INFO] [stderr]    Compiling phf_generator v0.8.0
[INFO] [stderr]    Compiling phf_codegen v0.8.0
[INFO] [stderr]    Compiling string_cache_codegen v0.5.1
[INFO] [stderr]    Compiling selectors v0.22.0
[INFO] [stderr]    Compiling markup5ever v0.10.1
[INFO] [stderr]    Compiling phf_macros v0.8.0
[INFO] [stderr]    Compiling serde_derive v1.0.130
[INFO] [stderr]    Compiling cssparser v0.27.2
[INFO] [stderr]    Compiling cssparser-macros v0.6.0
[INFO] [stderr]    Compiling html5ever v0.25.1
[INFO] [stderr]    Compiling derive_more v0.99.16
[INFO] [stderr]     Checking phf v0.8.0
[INFO] [stderr]     Checking serde v1.0.130
[INFO] [stderr]     Checking string_cache v0.8.2
[INFO] [stderr]     Checking scraper v0.12.0
[INFO] [stderr]     Checking queue_times v0.0.4 (/opt/rustwide/workdir)
[INFO] [stdout] error[E0433]: failed to resolve: use of undeclared crate or module `reqwest`
[INFO] [stdout]    --> src/parser.rs:210:24
[INFO] [stdout]     |
[INFO] [stdout] 210 |         let html_str = reqwest::blocking::get("https://queue-times.com/en-US/parks/50/queue_times")
[INFO] [stdout]     |                        ^^^^^^^ use of undeclared crate or module `reqwest`
[INFO] [stdout] 
[INFO] [stdout] 
[INFO] [stdout] error[E0433]: failed to resolve: use of undeclared crate or module `reqwest`
[INFO] [stdout]    --> src/parser.rs:227:20
[INFO] [stdout]     |
[INFO] [stdout] 227 |         let html = reqwest::blocking::get("https://queue-times.com/en-US/parks/273/queue_times")
[INFO] [stdout]     |                    ^^^^^^^ use of undeclared crate or module `reqwest`
[INFO] [stdout] 
[INFO] [stdout] 
[INFO] [stdout] error[E0433]: failed to resolve: use of undeclared crate or module `reqwest`
[INFO] [stdout]    --> src/parser.rs:244:20
[INFO] [stdout]     |
[INFO] [stdout] 244 |         let html = reqwest::blocking::get("https://queue-times.com/en-US/parks/48/queue_times")
[INFO] [stdout]     |                    ^^^^^^^ use of undeclared crate or module `reqwest`
[INFO] [stdout] 
[INFO] [stdout] 
[INFO] [stdout] error[E0433]: failed to resolve: use of undeclared crate or module `reqwest`
[INFO] [stdout]    --> src/parser.rs:261:20
[INFO] [stdout]     |
[INFO] [stdout] 261 |         let html = reqwest::blocking::get("https://queue-times.com/en-US/parks/282/queue_times")
[INFO] [stdout]     |                    ^^^^^^^ use of undeclared crate or module `reqwest`
[INFO] [stdout] 
[INFO] [stdout] 
[INFO] [stdout] error[E0433]: failed to resolve: use of undeclared crate or module `reqwest`
[INFO] [stdout]    --> src/parser.rs:277:20
[INFO] [stdout]     |
[INFO] [stdout] 277 |         let html = reqwest::blocking::get("https://queue-times.com/en-US/parks/")
[INFO] [stdout]     |                    ^^^^^^^ use of undeclared crate or module `reqwest`
[INFO] [stdout] 
[INFO] [stdout] 
[INFO] [stdout] error[E0433]: failed to resolve: use of undeclared crate or module `reqwest`
[INFO] [stdout]    --> src/parser.rs:288:9
[INFO] [stdout]     |
[INFO] [stdout] 288 |         reqwest::blocking::get(parks.get("Cedar Point").unwrap().to_owned()).unwrap();
[INFO] [stdout]     |         ^^^^^^^ use of undeclared crate or module `reqwest`
[INFO] [stdout] 
[INFO] [stdout] 
[INFO] [stderr] error: could not compile `queue_times` due to 7 previous errors
[INFO] [stdout] error: aborting due to 6 previous errors
[INFO] [stdout] 
[INFO] [stdout] 
[INFO] [stderr] warning: build failed, waiting for other jobs to finish...
[INFO] [stdout] For more information about this error, try `rustc --explain E0433`.
[INFO] [stdout] 
[INFO] [stderr] error: build failed
[INFO] running `Command { std: "docker" "inspect" "f9f84738ee62dd147dd8f17f7c4cf3a4645ca2652ae99636848f2eebd2a4ace4", kill_on_drop: false }`
[INFO] running `Command { std: "docker" "rm" "-f" "f9f84738ee62dd147dd8f17f7c4cf3a4645ca2652ae99636848f2eebd2a4ace4", kill_on_drop: false }`
[INFO] [stdout] f9f84738ee62dd147dd8f17f7c4cf3a4645ca2652ae99636848f2eebd2a4ace4
