[INFO] fetching crate qbittorrent 0.1.1...
[INFO] checking qbittorrent-0.1.1 against 1.55.0 for beta-1.56-3
[INFO] extracting crate qbittorrent 0.1.1 into /workspace/builds/worker-55/source
[INFO] validating manifest of crates.io crate qbittorrent 0.1.1 on toolchain 1.55.0
[INFO] running `Command { std: "/workspace/cargo-home/bin/cargo" "+1.55.0" "metadata" "--manifest-path" "Cargo.toml" "--no-deps", kill_on_drop: false }`
[INFO] started tweaking crates.io crate qbittorrent 0.1.1
[INFO] finished tweaking crates.io crate qbittorrent 0.1.1
[INFO] tweaked toml for crates.io crate qbittorrent 0.1.1 written to /workspace/builds/worker-55/source/Cargo.toml
[INFO] crate crates.io crate qbittorrent 0.1.1 already has a lockfile, it will not be regenerated
[INFO] running `Command { std: "/workspace/cargo-home/bin/cargo" "+1.55.0" "fetch" "--manifest-path" "Cargo.toml", kill_on_drop: false }`
[INFO] [stderr]     Blocking waiting for file lock on package cache
[INFO] [stderr]     Blocking waiting for file lock on package cache
[INFO] [stderr]  Downloading crates ...
[INFO] [stderr]   Downloaded pin-project-lite v0.1.2
[INFO] [stderr]   Downloaded net2 v0.2.33
[INFO] [stderr]   Downloaded smallvec v0.6.10
[INFO] [stderr]   Downloaded tokio-macros v0.2.3
[INFO] [stderr]   Downloaded unicode-normalization v0.1.8
[INFO] [stderr]   Downloaded serde_urlencoded v0.6.1
[INFO] [stderr]   Downloaded weedle v0.10.0
[INFO] [stderr]   Downloaded wasm-bindgen-backend v0.2.58
[INFO] [stderr]   Downloaded wasm-bindgen v0.2.58
[INFO] [stderr]   Downloaded web-sys v0.3.35
[INFO] [stderr]   Downloaded serde_derive v1.0.104
[INFO] [stderr]   Downloaded serde v1.0.104
[INFO] [stderr]   Downloaded native-tls v0.2.3
[INFO] [stderr]   Downloaded dtoa v0.4.4
[INFO] [stderr]   Downloaded remove_dir_all v0.5.2
[INFO] [stderr]   Downloaded c2-chacha v0.2.2
[INFO] [stderr]   Downloaded wasm-bindgen-futures v0.4.8
[INFO] [stderr]   Downloaded wasi v0.7.0
[INFO] [stderr]   Downloaded want v0.3.0
[INFO] [stderr]   Downloaded anyhow v1.0.26
[INFO] [stderr]   Downloaded ppv-lite86 v0.2.5
[INFO] [stderr]   Downloaded darling v0.10.2
[INFO] [stderr]   Downloaded schannel v0.1.16
[INFO] [stderr]   Downloaded wasm-bindgen-macro v0.2.58
[INFO] [stderr]   Downloaded openssl v0.10.24
[INFO] [stderr]   Downloaded ident_case v1.0.1
[INFO] [stderr]   Downloaded futures-channel v0.3.1
[INFO] [stderr]   Downloaded base64 v0.11.0
[INFO] [stderr]   Downloaded pkg-config v0.3.16
[INFO] [stderr]   Downloaded fnv v1.0.6
[INFO] [stderr]   Downloaded derive_builder v0.9.0
[INFO] [stderr]   Downloaded hyper v0.13.1
[INFO] [stderr]   Downloaded darling_core v0.10.2
[INFO] [stderr]   Downloaded tower-service v0.3.0
[INFO] [stderr]   Downloaded autocfg v0.1.6
[INFO] [stderr]   Downloaded derive_builder_core v0.9.0
[INFO] [stderr]   Downloaded pin-project v0.4.6
[INFO] [stderr]   Downloaded strsim v0.9.3
[INFO] [stderr]   Downloaded mio v0.6.21
[INFO] [stderr]   Downloaded http-body v0.3.1
[INFO] [stderr]   Downloaded futures-util v0.3.1
[INFO] [stderr]   Downloaded futures-sink v0.3.1
[INFO] [stderr]   Downloaded futures-task v0.3.1
[INFO] [stderr]   Downloaded futures-core v0.3.1
[INFO] [stderr]   Downloaded unicase v2.5.1
[INFO] [stderr]   Downloaded async-trait v0.1.22
[INFO] [stderr]   Downloaded darling_macro v0.10.2
[INFO] [stderr]   Downloaded cc v1.0.45
[INFO] [stderr]   Downloaded encoding_rs v0.8.20
[INFO] [stderr]   Downloaded security-framework-sys v0.3.1
[INFO] [stderr]   Downloaded pin-utils v0.1.0-alpha.4
[INFO] [stderr]   Downloaded openssl-sys v0.9.49
[INFO] [stderr]   Downloaded mime_guess v2.0.1
[INFO] [stderr]   Downloaded rand v0.7.2
[INFO] [stderr]   Downloaded itoa v0.4.4
[INFO] [stderr]   Downloaded url v2.1.0
[INFO] [stderr]   Downloaded derive-getters v0.1.0
[INFO] [stderr]   Downloaded wasm-bindgen-macro-support v0.2.58
[INFO] [stderr]   Downloaded js-sys v0.3.35
[INFO] [stderr]   Downloaded libc v0.2.62
[INFO] [stderr]   Downloaded wasm-bindgen-shared v0.2.58
[INFO] [stderr]   Downloaded memchr v2.2.1
[INFO] [stderr]   Downloaded rand_chacha v0.2.1
[INFO] [stderr]   Downloaded bitflags v1.2.0
[INFO] [stderr]   Downloaded reqwest v0.10.1
[INFO] [stderr]   Downloaded http v0.2.0
[INFO] [stderr]   Downloaded hyper-tls v0.4.1
[INFO] [stderr]   Downloaded vcpkg v0.2.7
[INFO] [stderr]   Downloaded mime v0.3.14
[INFO] [stderr]   Downloaded indexmap v1.2.0
[INFO] [stderr]   Downloaded h2 v0.2.1
[INFO] [stderr]   Downloaded core-foundation-sys v0.6.2
[INFO] [stderr]   Downloaded tokio-util v0.2.0
[INFO] [stderr]   Downloaded tokio v0.2.9
[INFO] [stderr]   Downloaded pin-project-internal v0.4.6
[INFO] [stderr]   Downloaded core-foundation v0.6.4
[INFO] [stderr]   Downloaded bumpalo v3.1.2
[INFO] [stderr]   Downloaded security-framework v0.3.1
[INFO] [stderr]   Downloaded serde_json v1.0.44
[INFO] [stderr]   Downloaded sourcefile v0.1.4
[INFO] [stderr]   Downloaded thiserror v1.0.11
[INFO] [stderr]   Downloaded getrandom v0.1.12
[INFO] [stderr]   Downloaded tokio-tls v0.3.0
[INFO] [stderr]   Downloaded thiserror-impl v1.0.11
[INFO] [stderr]   Downloaded wasm-bindgen-webidl v0.2.58
[INFO] [stderr]   Downloaded bytes v0.5.3
[INFO] [stderr]   Downloaded ryu v1.0.0
[INFO] running `Command { std: "docker" "create" "-v" "/var/lib/crater-agent-workspace/builds/worker-55/target:/opt/rustwide/target:rw,Z" "-v" "/var/lib/crater-agent-workspace/builds/worker-55/source:/opt/rustwide/workdir:ro,Z" "-v" "/var/lib/crater-agent-workspace/cargo-home:/opt/rustwide/cargo-home:ro,Z" "-v" "/var/lib/crater-agent-workspace/rustup-home:/opt/rustwide/rustup-home:ro,Z" "-e" "SOURCE_DIR=/opt/rustwide/workdir" "-e" "CARGO_TARGET_DIR=/opt/rustwide/target" "-e" "CARGO_HOME=/opt/rustwide/cargo-home" "-e" "RUSTUP_HOME=/opt/rustwide/rustup-home" "-w" "/opt/rustwide/workdir" "-m" "1610612736" "--user" "0:0" "--network" "none" "ghcr.io/rust-lang/crates-build-env/linux@sha256:a89201d6b5b9fd45c15d5952ece0a0129e7e80cb26ec023fd59cf09bc26f1604" "/opt/rustwide/cargo-home/bin/cargo" "+1.55.0" "metadata" "--no-deps" "--format-version=1", kill_on_drop: false }`
[INFO] [stdout] ce34372a3ebf1384b4abacfe0f9891d64928f91fbc695b867818a17e573176ab
[INFO] running `Command { std: "docker" "start" "-a" "ce34372a3ebf1384b4abacfe0f9891d64928f91fbc695b867818a17e573176ab", kill_on_drop: false }`
[INFO] running `Command { std: "docker" "inspect" "ce34372a3ebf1384b4abacfe0f9891d64928f91fbc695b867818a17e573176ab", kill_on_drop: false }`
[INFO] running `Command { std: "docker" "rm" "-f" "ce34372a3ebf1384b4abacfe0f9891d64928f91fbc695b867818a17e573176ab", kill_on_drop: false }`
[INFO] [stdout] ce34372a3ebf1384b4abacfe0f9891d64928f91fbc695b867818a17e573176ab
[INFO] running `Command { std: "docker" "create" "-v" "/var/lib/crater-agent-workspace/builds/worker-55/target:/opt/rustwide/target:rw,Z" "-v" "/var/lib/crater-agent-workspace/builds/worker-55/source:/opt/rustwide/workdir:ro,Z" "-v" "/var/lib/crater-agent-workspace/cargo-home:/opt/rustwide/cargo-home:ro,Z" "-v" "/var/lib/crater-agent-workspace/rustup-home:/opt/rustwide/rustup-home:ro,Z" "-e" "SOURCE_DIR=/opt/rustwide/workdir" "-e" "CARGO_TARGET_DIR=/opt/rustwide/target" "-e" "CARGO_INCREMENTAL=0" "-e" "RUST_BACKTRACE=full" "-e" "RUSTFLAGS=--cap-lints=warn" "-e" "CARGO_HOME=/opt/rustwide/cargo-home" "-e" "RUSTUP_HOME=/opt/rustwide/rustup-home" "-w" "/opt/rustwide/workdir" "-m" "1610612736" "--user" "0:0" "--network" "none" "ghcr.io/rust-lang/crates-build-env/linux@sha256:a89201d6b5b9fd45c15d5952ece0a0129e7e80cb26ec023fd59cf09bc26f1604" "/opt/rustwide/cargo-home/bin/cargo" "+1.55.0" "check" "--frozen" "--all" "--all-targets" "--message-format=json", kill_on_drop: false }`
[INFO] [stdout] 8b91ce87ef26f26376fc930e481b7a61ac6a68f5eb5fa061a0380da66d9ad233
[INFO] running `Command { std: "docker" "start" "-a" "8b91ce87ef26f26376fc930e481b7a61ac6a68f5eb5fa061a0380da66d9ad233", kill_on_drop: false }`
[INFO] [stderr]     Blocking waiting for file lock on package cache
[INFO] [stderr]    Compiling proc-macro2 v1.0.8
[INFO] [stderr]    Compiling syn v1.0.14
[INFO] [stderr]    Compiling libc v0.2.62
[INFO] [stderr]    Compiling log v0.4.8
[INFO] [stderr]    Compiling pkg-config v0.3.16
[INFO] [stderr]    Compiling autocfg v0.1.6
[INFO] [stderr]    Compiling cc v1.0.45
[INFO] [stderr]     Checking bytes v0.5.3
[INFO] [stderr]    Compiling version_check v0.1.5
[INFO] [stderr]    Compiling bitflags v1.2.0
[INFO] [stderr]     Checking pin-project-lite v0.1.2
[INFO] [stderr]    Compiling openssl v0.10.24
[INFO] [stderr]     Checking foreign-types-shared v0.1.1
[INFO] [stderr]     Checking smallvec v0.6.10
[INFO] [stderr]    Compiling native-tls v0.2.3
[INFO] [stderr]    Compiling serde v1.0.104
[INFO] [stderr]    Compiling strsim v0.9.3
[INFO] [stderr]     Checking futures-task v0.3.1
[INFO] [stderr]    Compiling ident_case v1.0.1
[INFO] [stderr]    Compiling fnv v1.0.6
[INFO] [stderr]    Compiling httparse v1.3.4
[INFO] [stderr]     Checking futures-sink v0.3.1
[INFO] [stderr]     Checking try-lock v0.2.2
[INFO] [stderr]    Compiling ryu v1.0.0
[INFO] [stderr]     Checking indexmap v1.2.0
[INFO] [stderr]    Compiling encoding_rs v0.8.20
[INFO] [stderr]     Checking tower-service v0.3.0
[INFO] [stderr]    Compiling derive_builder v0.9.0
[INFO] [stderr]     Checking base64 v0.11.0
[INFO] [stderr]     Checking futures-channel v0.3.1
[INFO] [stderr]     Checking foreign-types v0.3.2
[INFO] [stderr]     Checking futures-util v0.3.1
[INFO] [stderr]     Checking unicode-normalization v0.1.8
[INFO] [stderr]    Compiling unicase v2.5.1
[INFO] [stderr]     Checking http v0.2.0
[INFO] [stderr]     Checking http-body v0.3.1
[INFO] [stderr]     Checking want v0.3.0
[INFO] [stderr]    Compiling openssl-sys v0.9.49
[INFO] [stderr]    Compiling quote v1.0.2
[INFO] [stderr]     Checking net2 v0.2.33
[INFO] [stderr]     Checking iovec v0.1.4
[INFO] [stderr]     Checking time v0.1.42
[INFO] [stderr]     Checking idna v0.2.0
[INFO] [stderr]    Compiling mime_guess v2.0.1
[INFO] [stderr]     Checking mio v0.6.21
[INFO] [stderr]     Checking url v2.1.0
[INFO] [stderr]    Compiling darling_core v0.10.2
[INFO] [stderr]    Compiling tokio-macros v0.2.3
[INFO] [stderr]    Compiling serde_derive v1.0.104
[INFO] [stderr]    Compiling pin-project-internal v0.4.6
[INFO] [stderr]    Compiling thiserror-impl v1.0.11
[INFO] [stderr]    Compiling async-trait v0.1.22
[INFO] [stderr]    Compiling derive-getters v0.1.0
[INFO] [stderr]    Compiling darling_macro v0.10.2
[INFO] [stderr]     Checking tokio v0.2.9
[INFO] [stderr]     Checking thiserror v1.0.11
[INFO] [stderr]    Compiling darling v0.10.2
[INFO] [stderr]    Compiling derive_builder_core v0.9.0
[INFO] [stderr]     Checking pin-project v0.4.6
[INFO] [stderr]     Checking tokio-util v0.2.0
[INFO] [stderr]     Checking tokio-tls v0.3.0
[INFO] [stderr]     Checking h2 v0.2.1
[INFO] [stderr]     Checking hyper v0.13.1
[INFO] [stderr]     Checking hyper-tls v0.4.1
[INFO] [stderr]     Checking serde_json v1.0.44
[INFO] [stderr]     Checking serde_urlencoded v0.6.1
[INFO] [stderr]     Checking reqwest v0.10.1
[INFO] [stderr]     Checking qbittorrent v0.1.1 (/opt/rustwide/workdir)
[INFO] [stdout] error[E0433]: failed to resolve: use of undeclared crate or module `queries`
[INFO] [stdout]    --> src/tests.rs:108:17
[INFO] [stdout]     |
[INFO] [stdout] 108 |         .filter(queries::TorrentFilter::Completed)
[INFO] [stdout]     |                 ^^^^^^^ use of undeclared crate or module `queries`
[INFO] [stdout] 
[INFO] [stdout] 
[INFO] [stdout] error[E0433]: failed to resolve: use of undeclared crate or module `queries`
[INFO] [stdout]    --> src/tests.rs:129:17
[INFO] [stdout]     |
[INFO] [stdout] 129 |         .filter(queries::TorrentFilter::Active)
[INFO] [stdout]     |                 ^^^^^^^ use of undeclared crate or module `queries`
[INFO] [stdout] 
[INFO] [stdout] 
[INFO] [stdout] error[E0433]: failed to resolve: use of undeclared crate or module `queries`
[INFO] [stdout]   --> src/tests.rs:69:29
[INFO] [stdout]    |
[INFO] [stdout] 69 |     let download = queries::TorrentDownloadBuilder::default()
[INFO] [stdout]    |                             ^^^^^^^^^^^^^^^^^^^^^^ not found in `queries`
[INFO] [stdout]    |
[INFO] [stdout] help: consider importing this struct
[INFO] [stdout]    |
[INFO] [stdout] 1  | use crate::queries::TorrentDownloadBuilder;
[INFO] [stdout]    |
[INFO] [stdout] 
[INFO] [stdout] 
[INFO] [stdout] error[E0433]: failed to resolve: use of undeclared crate or module `queries`
[INFO] [stdout]    --> src/tests.rs:107:29
[INFO] [stdout]     |
[INFO] [stdout] 107 |     let torrents = queries::TorrentRequestBuilder::default()
[INFO] [stdout]     |                             ^^^^^^^^^^^^^^^^^^^^^ not found in `queries`
[INFO] [stdout]     |
[INFO] [stdout] help: consider importing this struct
[INFO] [stdout]     |
[INFO] [stdout] 1   | use crate::queries::TorrentRequestBuilder;
[INFO] [stdout]     |
[INFO] [stdout] 
[INFO] [stdout] 
[INFO] [stdout] error[E0433]: failed to resolve: use of undeclared crate or module `queries`
[INFO] [stdout]    --> src/tests.rs:128:49
[INFO] [stdout]     |
[INFO] [stdout] 128 |     let torrents: Vec<data::Torrent> = queries::TorrentRequestBuilder::default()
[INFO] [stdout]     |                                                 ^^^^^^^^^^^^^^^^^^^^^ not found in `queries`
[INFO] [stdout]     |
[INFO] [stdout] help: consider importing this struct
[INFO] [stdout]     |
[INFO] [stdout] 1   | use crate::queries::TorrentRequestBuilder;
[INFO] [stdout]     |
[INFO] [stdout] 
[INFO] [stdout] 
[INFO] [stdout] error[E0433]: failed to resolve: use of undeclared crate or module `queries`
[INFO] [stdout]    --> src/tests.rs:159:32
[INFO] [stdout]     |
[INFO] [stdout] 159 |     let new_torrent = queries::TorrentRequestBuilder::default()
[INFO] [stdout]     |                                ^^^^^^^^^^^^^^^^^^^^^ not found in `queries`
[INFO] [stdout]     |
[INFO] [stdout] help: consider importing this struct
[INFO] [stdout]     |
[INFO] [stdout] 1   | use crate::queries::TorrentRequestBuilder;
[INFO] [stdout]     |
[INFO] [stdout] 
[INFO] [stdout] 
[INFO] [stdout] error[E0599]: no method named `properties` found for struct `data::Torrent` in the current scope
[INFO] [stdout]   --> src/tests.rs:90:25
[INFO] [stdout]    |
[INFO] [stdout] 90 |     let props = torrent.properties(&api).await;
[INFO] [stdout]    |                         ^^^^^^^^^^ method not found in `data::Torrent`
[INFO] [stdout]    | 
[INFO] [stdout]   ::: src/data.rs:69:1
[INFO] [stdout]    |
[INFO] [stdout] 69 | pub struct Torrent {
[INFO] [stdout]    | ------------------ method `properties` not found for this
[INFO] [stdout]    | 
[INFO] [stdout]   ::: src/traits.rs:12:14
[INFO] [stdout]    |
[INFO] [stdout] 12 |     async fn properties(&self, other: &'_ T) -> Result<TorrentProperties, Error>;
[INFO] [stdout]    |              ---------- the method is available for `data::Torrent` here
[INFO] [stdout]    |
[INFO] [stdout]    = help: items from traits can only be used if the trait is in scope
[INFO] [stdout]    = note: the following trait is implemented but not in scope; perhaps add a `use` for it:
[INFO] [stdout]            `use crate::traits::TorrentData;`
[INFO] [stdout] 
[INFO] [stdout] 
[INFO] [stdout] error[E0599]: no method named `trackers` found for struct `data::Torrent` in the current scope
[INFO] [stdout]    | 
[INFO] [stdout]   ::: src/data.rs:69:1
[INFO] [stdout]    |
[INFO] [stdout] 69 | pub struct Torrent {
[INFO] [stdout]    | ------------------ method `trackers` not found for this
[INFO] [stdout]    | 
[INFO] [stdout]   ::: src/traits.rs:13:14
[INFO] [stdout]    |
[INFO] [stdout] 13 |     async fn trackers(&self, other: &'_ T) -> Result<Vec<Tracker>, Error>;
[INFO] [stdout]    |              -------- the method is available for `data::Torrent` here
[INFO] [stdout]   --> src/tests.rs:99:28
[INFO] [stdout]    |
[INFO] [stdout] 99 |     let trackers = torrent.trackers(&api).await;
[INFO] [stdout]    |                            ^^^^^^^^ help: there is an associated function with a similar name: `tracker`
[INFO] [stdout]    |
[INFO] [stdout]    = help: items from traits can only be used if the trait is in scope
[INFO] [stdout]    = note: the following trait is implemented but not in scope; perhaps add a `use` for it:
[INFO] [stdout]            `use crate::traits::TorrentData;`
[INFO] [stdout] 
[INFO] [stdout] 
[INFO] [stdout] error[E0599]: no method named `pause` found for reference `&data::Hash` in the current scope
[INFO] [stdout]    --> src/tests.rs:152:32
[INFO] [stdout]     |
[INFO] [stdout] 152 |     let pause = torrent.hash().pause(&api).await;
[INFO] [stdout]     |                                ^^^^^ help: there is an associated function with a similar name: `parse`
[INFO] [stdout]     |
[INFO] [stdout]     = help: items from traits can only be used if the trait is in scope
[INFO] [stdout]     = note: the following trait is implemented but not in scope; perhaps add a `use` for it:
[INFO] [stdout]             `use crate::traits::Pause;`
[INFO] [stdout] 
[INFO] [stdout] 
[INFO] [stdout] error: aborting due to 9 previous errors
[INFO] [stdout] 
[INFO] [stdout] 
[INFO] [stderr] error: could not compile `qbittorrent` due to 10 previous errors
[INFO] [stdout] Some errors have detailed explanations: E0433, E0599.
[INFO] [stdout] 
[INFO] [stderr] warning: build failed, waiting for other jobs to finish...
[INFO] [stdout] For more information about an error, try `rustc --explain E0433`.
[INFO] [stdout] 
[INFO] [stderr] error: build failed
[INFO] running `Command { std: "docker" "inspect" "8b91ce87ef26f26376fc930e481b7a61ac6a68f5eb5fa061a0380da66d9ad233", kill_on_drop: false }`
[INFO] running `Command { std: "docker" "rm" "-f" "8b91ce87ef26f26376fc930e481b7a61ac6a68f5eb5fa061a0380da66d9ad233", kill_on_drop: false }`
[INFO] [stdout] 8b91ce87ef26f26376fc930e481b7a61ac6a68f5eb5fa061a0380da66d9ad233
