[INFO] fetching crate pwrs 1.1.0...
[INFO] checking pwrs-1.1.0 against 1.55.0 for beta-1.56-3
[INFO] extracting crate pwrs 1.1.0 into /workspace/builds/worker-11/source
[INFO] validating manifest of crates.io crate pwrs 1.1.0 on toolchain 1.55.0
[INFO] running `Command { std: "/workspace/cargo-home/bin/cargo" "+1.55.0" "metadata" "--manifest-path" "Cargo.toml" "--no-deps", kill_on_drop: false }`
[INFO] started tweaking crates.io crate pwrs 1.1.0
[INFO] finished tweaking crates.io crate pwrs 1.1.0
[INFO] tweaked toml for crates.io crate pwrs 1.1.0 written to /workspace/builds/worker-11/source/Cargo.toml
[INFO] running `Command { std: "/workspace/cargo-home/bin/cargo" "+1.55.0" "generate-lockfile" "--manifest-path" "Cargo.toml" "-Zno-index-update", kill_on_drop: false }`
[INFO] [stderr]     Blocking waiting for file lock on package cache
[INFO] running `Command { std: "/workspace/cargo-home/bin/cargo" "+1.55.0" "fetch" "--manifest-path" "Cargo.toml", kill_on_drop: false }`
[INFO] [stderr]     Blocking waiting for file lock on package cache
[INFO] [stderr]     Blocking waiting for file lock on package cache
[INFO] running `Command { std: "docker" "create" "-v" "/var/lib/crater-agent-workspace/builds/worker-11/target:/opt/rustwide/target:rw,Z" "-v" "/var/lib/crater-agent-workspace/builds/worker-11/source:/opt/rustwide/workdir:ro,Z" "-v" "/var/lib/crater-agent-workspace/cargo-home:/opt/rustwide/cargo-home:ro,Z" "-v" "/var/lib/crater-agent-workspace/rustup-home:/opt/rustwide/rustup-home:ro,Z" "-e" "SOURCE_DIR=/opt/rustwide/workdir" "-e" "CARGO_TARGET_DIR=/opt/rustwide/target" "-e" "CARGO_HOME=/opt/rustwide/cargo-home" "-e" "RUSTUP_HOME=/opt/rustwide/rustup-home" "-w" "/opt/rustwide/workdir" "-m" "1610612736" "--user" "0:0" "--network" "none" "ghcr.io/rust-lang/crates-build-env/linux@sha256:a89201d6b5b9fd45c15d5952ece0a0129e7e80cb26ec023fd59cf09bc26f1604" "/opt/rustwide/cargo-home/bin/cargo" "+1.55.0" "metadata" "--no-deps" "--format-version=1", kill_on_drop: false }`
[INFO] [stdout] 164199fcf5b26e3f5ff29b6975d88293b270015e53da0d914bb5c7117a626dc2
[INFO] running `Command { std: "docker" "start" "-a" "164199fcf5b26e3f5ff29b6975d88293b270015e53da0d914bb5c7117a626dc2", kill_on_drop: false }`
[INFO] running `Command { std: "docker" "inspect" "164199fcf5b26e3f5ff29b6975d88293b270015e53da0d914bb5c7117a626dc2", kill_on_drop: false }`
[INFO] running `Command { std: "docker" "rm" "-f" "164199fcf5b26e3f5ff29b6975d88293b270015e53da0d914bb5c7117a626dc2", kill_on_drop: false }`
[INFO] [stdout] 164199fcf5b26e3f5ff29b6975d88293b270015e53da0d914bb5c7117a626dc2
[INFO] running `Command { std: "docker" "create" "-v" "/var/lib/crater-agent-workspace/builds/worker-11/target:/opt/rustwide/target:rw,Z" "-v" "/var/lib/crater-agent-workspace/builds/worker-11/source:/opt/rustwide/workdir:ro,Z" "-v" "/var/lib/crater-agent-workspace/cargo-home:/opt/rustwide/cargo-home:ro,Z" "-v" "/var/lib/crater-agent-workspace/rustup-home:/opt/rustwide/rustup-home:ro,Z" "-e" "SOURCE_DIR=/opt/rustwide/workdir" "-e" "CARGO_TARGET_DIR=/opt/rustwide/target" "-e" "CARGO_INCREMENTAL=0" "-e" "RUST_BACKTRACE=full" "-e" "RUSTFLAGS=--cap-lints=warn" "-e" "CARGO_HOME=/opt/rustwide/cargo-home" "-e" "RUSTUP_HOME=/opt/rustwide/rustup-home" "-w" "/opt/rustwide/workdir" "-m" "1610612736" "--user" "0:0" "--network" "none" "ghcr.io/rust-lang/crates-build-env/linux@sha256:a89201d6b5b9fd45c15d5952ece0a0129e7e80cb26ec023fd59cf09bc26f1604" "/opt/rustwide/cargo-home/bin/cargo" "+1.55.0" "check" "--frozen" "--all" "--all-targets" "--message-format=json", kill_on_drop: false }`
[INFO] [stdout] 0f8f397daa5b7a8c86bb6d051e65e2fa9d5aaa71fab884163304770c94e43958
[INFO] running `Command { std: "docker" "start" "-a" "0f8f397daa5b7a8c86bb6d051e65e2fa9d5aaa71fab884163304770c94e43958", kill_on_drop: false }`
[INFO] [stderr]     Blocking waiting for file lock on package cache
[INFO] [stderr]    Compiling libc v0.2.103
[INFO] [stderr]     Checking getopts v0.2.21
[INFO] [stderr]     Checking getrandom v0.2.3
[INFO] [stderr]     Checking rand_core v0.6.3
[INFO] [stderr]     Checking rand_chacha v0.3.1
[INFO] [stderr]     Checking rand v0.8.4
[INFO] [stderr]     Checking pwrs v1.1.0 (/opt/rustwide/workdir)
[INFO] [stdout] error[E0425]: cannot find function `sample` in crate `rand`
[INFO] [stdout]   --> src/main.rs:53:11
[INFO] [stdout]    |
[INFO] [stdout] 53 |     rand::sample(&mut rng, words.iter(), cfg.number)
[INFO] [stdout]    |           ^^^^^^ not found in `rand`
[INFO] [stdout]    |
[INFO] [stdout] help: consider importing this function
[INFO] [stdout]    |
[INFO] [stdout] 9  | use rand::seq::index::sample;
[INFO] [stdout]    |
[INFO] [stdout] 
[INFO] [stdout] 
[INFO] [stdout] warning: use of deprecated macro `try`: use the `?` operator instead
[INFO] [stdout]   --> src/main.rs:41:5
[INFO] [stdout]    |
[INFO] [stdout] 41 |     try!(dict.read_to_string(&mut buf));
[INFO] [stdout]    |     ^^^
[INFO] [stdout]    |
[INFO] [stdout]    = note: `#[warn(deprecated)]` on by default
[INFO] [stdout] 
[INFO] [stdout] 
[INFO] [stdout] warning: use of deprecated macro `try`: use the `?` operator instead
[INFO] [stdout]   --> src/main.rs:39:20
[INFO] [stdout]    |
[INFO] [stdout] 39 |     let mut dict = try!(File::open(&cfg.filename));
[INFO] [stdout]    |                    ^^^
[INFO] [stdout] 
[INFO] [stdout] 
[INFO] [stdout] warning: unnecessary parentheses around `for` iterator expression
[INFO] [stdout]    --> src/main.rs:130:14
[INFO] [stdout]     |
[INFO] [stdout] 130 |     for _ in (0..cfg.count) {
[INFO] [stdout]     |              ^^^^^^^^^^^^^^ help: remove these parentheses
[INFO] [stdout]     |
[INFO] [stdout]     = note: `#[warn(unused_parens)]` on by default
[INFO] [stdout] 
[INFO] [stdout] 
[INFO] [stdout] error[E0425]: cannot find function `sample` in crate `rand`
[INFO] [stdout]   --> src/main.rs:53:11
[INFO] [stdout]    |
[INFO] [stdout] 53 |     rand::sample(&mut rng, words.iter(), cfg.number)
[INFO] [stdout]    |           ^^^^^^ not found in `rand`
[INFO] [stdout]    |
[INFO] [stdout] help: consider importing this function
[INFO] [stdout]    |
[INFO] [stdout] 9  | use rand::seq::index::sample;
[INFO] [stdout]    |
[INFO] [stdout] 
[INFO] [stdout] 
[INFO] [stdout] warning: use of deprecated associated function `std::slice::<impl [T]>::connect`: renamed to join
[INFO] [stdout]    --> src/main.rs:136:25
[INFO] [stdout]     |
[INFO] [stdout] 136 |         let out = inter.connect(" ");
[INFO] [stdout]     |                         ^^^^^^^
[INFO] [stdout] 
[INFO] [stdout] 
[INFO] [stdout] error: aborting due to previous error; 4 warnings emitted
[INFO] [stdout] 
[INFO] [stdout] 
[INFO] [stdout] For more information about this error, try `rustc --explain E0425`.
[INFO] [stdout] 
[INFO] [stderr] error: could not compile `pwrs` due to 2 previous errors; 4 warnings emitted
[INFO] [stderr] warning: build failed, waiting for other jobs to finish...
[INFO] [stdout] error[E0554]: `#![feature]` may not be used on the stable release channel
[INFO] [stdout]  --> src/main.rs:1:19
[INFO] [stdout]   |
[INFO] [stdout] 1 | #![cfg_attr(test, feature(test))]
[INFO] [stdout]   |                   ^^^^^^^^^^^^^
[INFO] [stdout] 
[INFO] [stdout] 
[INFO] [stdout] warning: use of deprecated macro `try`: use the `?` operator instead
[INFO] [stdout]   --> src/main.rs:41:5
[INFO] [stdout]    |
[INFO] [stdout] 41 |     try!(dict.read_to_string(&mut buf));
[INFO] [stdout]    |     ^^^
[INFO] [stdout]    |
[INFO] [stdout]    = note: `#[warn(deprecated)]` on by default
[INFO] [stdout] 
[INFO] [stdout] 
[INFO] [stdout] warning: use of deprecated macro `try`: use the `?` operator instead
[INFO] [stdout]   --> src/main.rs:39:20
[INFO] [stdout]    |
[INFO] [stdout] 39 |     let mut dict = try!(File::open(&cfg.filename));
[INFO] [stdout]    |                    ^^^
[INFO] [stdout] 
[INFO] [stdout] 
[INFO] [stdout] warning: unnecessary parentheses around `for` iterator expression
[INFO] [stdout]    --> src/main.rs:130:14
[INFO] [stdout]     |
[INFO] [stdout] 130 |     for _ in (0..cfg.count) {
[INFO] [stdout]     |              ^^^^^^^^^^^^^^ help: remove these parentheses
[INFO] [stdout]     |
[INFO] [stdout]     = note: `#[warn(unused_parens)]` on by default
[INFO] [stdout] 
[INFO] [stdout] 
[INFO] [stdout] warning: use of deprecated associated function `std::slice::<impl [T]>::connect`: renamed to join
[INFO] [stdout]    --> src/main.rs:136:25
[INFO] [stdout]     |
[INFO] [stdout] 136 |         let out = inter.connect(" ");
[INFO] [stdout]     |                         ^^^^^^^
[INFO] [stdout] 
[INFO] [stdout] 
[INFO] [stdout] error: aborting due to 2 previous errors; 4 warnings emitted
[INFO] [stdout] 
[INFO] [stdout] 
[INFO] [stdout] Some errors have detailed explanations: E0425, E0554.
[INFO] [stdout] 
[INFO] [stdout] For more information about an error, try `rustc --explain E0425`.
[INFO] [stdout] 
[INFO] [stderr] error: build failed
[INFO] running `Command { std: "docker" "inspect" "0f8f397daa5b7a8c86bb6d051e65e2fa9d5aaa71fab884163304770c94e43958", kill_on_drop: false }`
[INFO] running `Command { std: "docker" "rm" "-f" "0f8f397daa5b7a8c86bb6d051e65e2fa9d5aaa71fab884163304770c94e43958", kill_on_drop: false }`
[INFO] [stdout] 0f8f397daa5b7a8c86bb6d051e65e2fa9d5aaa71fab884163304770c94e43958
