[INFO] fetching crate ptr-origin-tracker 0.2.0...
[INFO] checking ptr-origin-tracker-0.2.0 against beta-2021-10-15 for beta-1.56-3
[INFO] extracting crate ptr-origin-tracker 0.2.0 into /workspace/builds/worker-69/source
[INFO] validating manifest of crates.io crate ptr-origin-tracker 0.2.0 on toolchain beta-2021-10-15
[INFO] running `Command { std: "/workspace/cargo-home/bin/cargo" "+beta-2021-10-15" "metadata" "--manifest-path" "Cargo.toml" "--no-deps", kill_on_drop: false }`
[INFO] started tweaking crates.io crate ptr-origin-tracker 0.2.0
[INFO] finished tweaking crates.io crate ptr-origin-tracker 0.2.0
[INFO] tweaked toml for crates.io crate ptr-origin-tracker 0.2.0 written to /workspace/builds/worker-69/source/Cargo.toml
[INFO] running `Command { std: "/workspace/cargo-home/bin/cargo" "+beta-2021-10-15" "generate-lockfile" "--manifest-path" "Cargo.toml" "-Zno-index-update", kill_on_drop: false }`
[INFO] running `Command { std: "/workspace/cargo-home/bin/cargo" "+beta-2021-10-15" "fetch" "--manifest-path" "Cargo.toml", kill_on_drop: false }`
[INFO] [stderr]     Blocking waiting for file lock on package cache
[INFO] running `Command { std: "docker" "create" "-v" "/var/lib/crater-agent-workspace/builds/worker-69/target:/opt/rustwide/target:rw,Z" "-v" "/var/lib/crater-agent-workspace/builds/worker-69/source:/opt/rustwide/workdir:ro,Z" "-v" "/var/lib/crater-agent-workspace/cargo-home:/opt/rustwide/cargo-home:ro,Z" "-v" "/var/lib/crater-agent-workspace/rustup-home:/opt/rustwide/rustup-home:ro,Z" "-e" "SOURCE_DIR=/opt/rustwide/workdir" "-e" "CARGO_TARGET_DIR=/opt/rustwide/target" "-e" "CARGO_HOME=/opt/rustwide/cargo-home" "-e" "RUSTUP_HOME=/opt/rustwide/rustup-home" "-w" "/opt/rustwide/workdir" "-m" "1610612736" "--user" "0:0" "--network" "none" "ghcr.io/rust-lang/crates-build-env/linux@sha256:a89201d6b5b9fd45c15d5952ece0a0129e7e80cb26ec023fd59cf09bc26f1604" "/opt/rustwide/cargo-home/bin/cargo" "+beta-2021-10-15" "metadata" "--no-deps" "--format-version=1", kill_on_drop: false }`
[INFO] [stdout] 3559c3b493b1f165d7ba2b4f8c68f7189dd7dcf9c20a87d315bf3be21004bfd0
[INFO] running `Command { std: "docker" "start" "-a" "3559c3b493b1f165d7ba2b4f8c68f7189dd7dcf9c20a87d315bf3be21004bfd0", kill_on_drop: false }`
[INFO] running `Command { std: "docker" "inspect" "3559c3b493b1f165d7ba2b4f8c68f7189dd7dcf9c20a87d315bf3be21004bfd0", kill_on_drop: false }`
[INFO] running `Command { std: "docker" "rm" "-f" "3559c3b493b1f165d7ba2b4f8c68f7189dd7dcf9c20a87d315bf3be21004bfd0", kill_on_drop: false }`
[INFO] [stdout] 3559c3b493b1f165d7ba2b4f8c68f7189dd7dcf9c20a87d315bf3be21004bfd0
[INFO] running `Command { std: "docker" "create" "-v" "/var/lib/crater-agent-workspace/builds/worker-69/target:/opt/rustwide/target:rw,Z" "-v" "/var/lib/crater-agent-workspace/builds/worker-69/source:/opt/rustwide/workdir:ro,Z" "-v" "/var/lib/crater-agent-workspace/cargo-home:/opt/rustwide/cargo-home:ro,Z" "-v" "/var/lib/crater-agent-workspace/rustup-home:/opt/rustwide/rustup-home:ro,Z" "-e" "SOURCE_DIR=/opt/rustwide/workdir" "-e" "CARGO_TARGET_DIR=/opt/rustwide/target" "-e" "CARGO_INCREMENTAL=0" "-e" "RUST_BACKTRACE=full" "-e" "RUSTFLAGS=--cap-lints=warn" "-e" "CARGO_HOME=/opt/rustwide/cargo-home" "-e" "RUSTUP_HOME=/opt/rustwide/rustup-home" "-w" "/opt/rustwide/workdir" "-m" "1610612736" "--user" "0:0" "--network" "none" "ghcr.io/rust-lang/crates-build-env/linux@sha256:a89201d6b5b9fd45c15d5952ece0a0129e7e80cb26ec023fd59cf09bc26f1604" "/opt/rustwide/cargo-home/bin/cargo" "+beta-2021-10-15" "check" "--frozen" "--all" "--all-targets" "--message-format=json", kill_on_drop: false }`
[INFO] [stdout] cd0bc21d50cde4089b3bf5b4bd50084dbdb0c6f207d3d5db67563a8c73c03273
[INFO] running `Command { std: "docker" "start" "-a" "cd0bc21d50cde4089b3bf5b4bd50084dbdb0c6f207d3d5db67563a8c73c03273", kill_on_drop: false }`
[INFO] [stderr]     Blocking waiting for file lock on package cache
[INFO] [stderr]     Checking ptr-origin-tracker v0.2.0 (/opt/rustwide/workdir)
[INFO] [stdout] warning: unused import: `std::convert::TryFrom`
[INFO] [stdout]  --> src/lib.rs:4:5
[INFO] [stdout]   |
[INFO] [stdout] 4 | use std::convert::TryFrom;
[INFO] [stdout]   |     ^^^^^^^^^^^^^^^^^^^^^
[INFO] [stdout]   |
[INFO] [stdout]   = note: `#[warn(unused_imports)]` on by default
[INFO] [stdout] 
[INFO] [stdout] 
[INFO] [stdout] error[E0599]: no function or associated item named `default` found for struct `X` in the current scope
[INFO] [stdout]    --> src/lib.rs:225:24
[INFO] [stdout]     |
[INFO] [stdout] 212 |     pub struct X {
[INFO] [stdout]     |     ------------ function or associated item `default` not found for this
[INFO] [stdout] ...
[INFO] [stdout] 225 |         let mut x = X::default();
[INFO] [stdout]     |                        ^^^^^^^ function or associated item not found in `X`
[INFO] [stdout]     |
[INFO] [stdout]     = help: items from traits can only be used if the trait is implemented and in scope
[INFO] [stdout]     = note: the following trait defines an item `default`, perhaps you need to implement it:
[INFO] [stdout]             candidate #1: `Default`
[INFO] [stdout] 
[INFO] [stdout] 
[INFO] [stdout] warning: 1 warning emitted
[INFO] [stdout] 
[INFO] [stdout] 
[INFO] [stdout] error[E0369]: binary operation `==` cannot be applied to type `Result<(), Error<X>>`
[INFO] [stdout]    --> src/lib.rs:227:9
[INFO] [stdout]     |
[INFO] [stdout] 227 |         assert_eq!(Tracker::<X>::track(ptr), Ok(()));
[INFO] [stdout]     |         ^^^^^^^^^^^^^^^^^^^^^^^^^^^^^^^^^^^^^^^^^^^^^
[INFO] [stdout]     |         |
[INFO] [stdout]     |         Result<(), Error<X>>
[INFO] [stdout]     |         Result<(), _>
[INFO] [stdout]     |
[INFO] [stdout]     = note: this error originates in the macro `assert_eq` (in Nightly builds, run with -Z macro-backtrace for more info)
[INFO] [stdout] 
[INFO] [stdout] 
[INFO] [stdout] warning: use of deprecated associated function `Tracker::<T>::contains`
[INFO] [stdout]    --> src/lib.rs:228:31
[INFO] [stdout]     |
[INFO] [stdout] 228 |         assert!(Tracker::<X>::contains(ptr));
[INFO] [stdout]     |                               ^^^^^^^^
[INFO] [stdout]     |
[INFO] [stdout]     = note: `#[warn(deprecated)]` on by default
[INFO] [stdout] 
[INFO] [stdout] 
[INFO] [stdout] error[E0369]: binary operation `==` cannot be applied to type `Result<(), Error<X>>`
[INFO] [stdout]    --> src/lib.rs:229:9
[INFO] [stdout]     |
[INFO] [stdout] 229 |         assert_eq!(Tracker::<X>::untrack(ptr), Ok(()));
[INFO] [stdout]     |         ^^^^^^^^^^^^^^^^^^^^^^^^^^^^^^^^^^^^^^^^^^^^^^^
[INFO] [stdout]     |         |
[INFO] [stdout]     |         Result<(), Error<X>>
[INFO] [stdout]     |         Result<(), _>
[INFO] [stdout]     |
[INFO] [stdout]     = note: this error originates in the macro `assert_eq` (in Nightly builds, run with -Z macro-backtrace for more info)
[INFO] [stdout] 
[INFO] [stdout] 
[INFO] [stdout] warning: unused import: `std::convert::TryFrom`
[INFO] [stdout]  --> src/lib.rs:4:5
[INFO] [stdout]   |
[INFO] [stdout] 4 | use std::convert::TryFrom;
[INFO] [stdout]   |     ^^^^^^^^^^^^^^^^^^^^^
[INFO] [stdout]   |
[INFO] [stdout]   = note: `#[warn(unused_imports)]` on by default
[INFO] [stdout] 
[INFO] [stdout] 
[INFO] [stdout] error: aborting due to 3 previous errors; 2 warnings emitted
[INFO] [stdout] 
[INFO] [stdout] 
[INFO] [stdout] Some errors have detailed explanations: E0369, E0599.
[INFO] [stdout] 
[INFO] [stdout] For more information about an error, try `rustc --explain E0369`.
[INFO] [stdout] 
[INFO] [stderr] error: could not compile `ptr-origin-tracker` due to 4 previous errors; 2 warnings emitted
[INFO] running `Command { std: "docker" "inspect" "cd0bc21d50cde4089b3bf5b4bd50084dbdb0c6f207d3d5db67563a8c73c03273", kill_on_drop: false }`
[INFO] running `Command { std: "docker" "rm" "-f" "cd0bc21d50cde4089b3bf5b4bd50084dbdb0c6f207d3d5db67563a8c73c03273", kill_on_drop: false }`
[INFO] [stdout] cd0bc21d50cde4089b3bf5b4bd50084dbdb0c6f207d3d5db67563a8c73c03273
