[INFO] fetching crate prisma 0.1.1...
[INFO] checking prisma-0.1.1 against beta-2021-10-15 for beta-1.56-3
[INFO] extracting crate prisma 0.1.1 into /workspace/builds/worker-86/source
[INFO] validating manifest of crates.io crate prisma 0.1.1 on toolchain beta-2021-10-15
[INFO] running `Command { std: "/workspace/cargo-home/bin/cargo" "+beta-2021-10-15" "metadata" "--manifest-path" "Cargo.toml" "--no-deps", kill_on_drop: false }`
[INFO] started tweaking crates.io crate prisma 0.1.1
[INFO] finished tweaking crates.io crate prisma 0.1.1
[INFO] tweaked toml for crates.io crate prisma 0.1.1 written to /workspace/builds/worker-86/source/Cargo.toml
[INFO] running `Command { std: "/workspace/cargo-home/bin/cargo" "+beta-2021-10-15" "generate-lockfile" "--manifest-path" "Cargo.toml" "-Zno-index-update", kill_on_drop: false }`
[INFO] [stderr]     Blocking waiting for file lock on package cache
[INFO] running `Command { std: "/workspace/cargo-home/bin/cargo" "+beta-2021-10-15" "fetch" "--manifest-path" "Cargo.toml", kill_on_drop: false }`
[INFO] [stderr]     Blocking waiting for file lock on package cache
[INFO] running `Command { std: "docker" "create" "-v" "/var/lib/crater-agent-workspace/builds/worker-86/target:/opt/rustwide/target:rw,Z" "-v" "/var/lib/crater-agent-workspace/builds/worker-86/source:/opt/rustwide/workdir:ro,Z" "-v" "/var/lib/crater-agent-workspace/cargo-home:/opt/rustwide/cargo-home:ro,Z" "-v" "/var/lib/crater-agent-workspace/rustup-home:/opt/rustwide/rustup-home:ro,Z" "-e" "SOURCE_DIR=/opt/rustwide/workdir" "-e" "CARGO_TARGET_DIR=/opt/rustwide/target" "-e" "CARGO_HOME=/opt/rustwide/cargo-home" "-e" "RUSTUP_HOME=/opt/rustwide/rustup-home" "-w" "/opt/rustwide/workdir" "-m" "1610612736" "--user" "0:0" "--network" "none" "ghcr.io/rust-lang/crates-build-env/linux@sha256:a89201d6b5b9fd45c15d5952ece0a0129e7e80cb26ec023fd59cf09bc26f1604" "/opt/rustwide/cargo-home/bin/cargo" "+beta-2021-10-15" "metadata" "--no-deps" "--format-version=1", kill_on_drop: false }`
[INFO] [stdout] 6f68174f21f735f15cfbf3883532a49be34d42191aa0c35d3e239f9991fb69fe
[INFO] running `Command { std: "docker" "start" "-a" "6f68174f21f735f15cfbf3883532a49be34d42191aa0c35d3e239f9991fb69fe", kill_on_drop: false }`
[INFO] running `Command { std: "docker" "inspect" "6f68174f21f735f15cfbf3883532a49be34d42191aa0c35d3e239f9991fb69fe", kill_on_drop: false }`
[INFO] running `Command { std: "docker" "rm" "-f" "6f68174f21f735f15cfbf3883532a49be34d42191aa0c35d3e239f9991fb69fe", kill_on_drop: false }`
[INFO] [stdout] 6f68174f21f735f15cfbf3883532a49be34d42191aa0c35d3e239f9991fb69fe
[INFO] running `Command { std: "docker" "create" "-v" "/var/lib/crater-agent-workspace/builds/worker-86/target:/opt/rustwide/target:rw,Z" "-v" "/var/lib/crater-agent-workspace/builds/worker-86/source:/opt/rustwide/workdir:ro,Z" "-v" "/var/lib/crater-agent-workspace/cargo-home:/opt/rustwide/cargo-home:ro,Z" "-v" "/var/lib/crater-agent-workspace/rustup-home:/opt/rustwide/rustup-home:ro,Z" "-e" "SOURCE_DIR=/opt/rustwide/workdir" "-e" "CARGO_TARGET_DIR=/opt/rustwide/target" "-e" "CARGO_INCREMENTAL=0" "-e" "RUST_BACKTRACE=full" "-e" "RUSTFLAGS=--cap-lints=warn" "-e" "CARGO_HOME=/opt/rustwide/cargo-home" "-e" "RUSTUP_HOME=/opt/rustwide/rustup-home" "-w" "/opt/rustwide/workdir" "-m" "1610612736" "--user" "0:0" "--network" "none" "ghcr.io/rust-lang/crates-build-env/linux@sha256:a89201d6b5b9fd45c15d5952ece0a0129e7e80cb26ec023fd59cf09bc26f1604" "/opt/rustwide/cargo-home/bin/cargo" "+beta-2021-10-15" "check" "--frozen" "--all" "--all-targets" "--message-format=json", kill_on_drop: false }`
[INFO] [stdout] ca5b002290cdfcbbc22add0b9cf37d27a2c5c7df51c256883bba5f284f60e841
[INFO] running `Command { std: "docker" "start" "-a" "ca5b002290cdfcbbc22add0b9cf37d27a2c5c7df51c256883bba5f284f60e841", kill_on_drop: false }`
[INFO] [stderr]     Blocking waiting for file lock on package cache
[INFO] [stderr]     Blocking waiting for file lock on package cache
[INFO] [stderr]     Blocking waiting for file lock on package cache
[INFO] [stderr]     Checking approx v0.3.2
[INFO] [stderr]     Checking angular-units v0.2.4
[INFO] [stderr]     Checking prisma v0.1.1 (/opt/rustwide/workdir)
[INFO] [stdout] warning: use of deprecated function `std::mem::uninitialized`: use `mem::MaybeUninit` instead
[INFO] [stdout]   --> src/linalg.rs:23:44
[INFO] [stdout]    |
[INFO] [stdout] 23 |             let mut new_arr: [T; 9] = mem::uninitialized();
[INFO] [stdout]    |                                            ^^^^^^^^^^^^^
[INFO] [stdout]    |
[INFO] [stdout]    = note: `#[warn(deprecated)]` on by default
[INFO] [stdout] 
[INFO] [stdout] 
[INFO] [stdout] warning: use of deprecated function `std::mem::uninitialized`: use `mem::MaybeUninit` instead
[INFO] [stdout]   --> src/linalg.rs:23:44
[INFO] [stdout]    |
[INFO] [stdout] 23 |             let mut new_arr: [T; 9] = mem::uninitialized();
[INFO] [stdout]    |                                            ^^^^^^^^^^^^^
[INFO] [stdout]    |
[INFO] [stdout]    = note: `#[warn(deprecated)]` on by default
[INFO] [stdout] 
[INFO] [stdout] 
[INFO] [stdout] warning: 1 warning emitted
[INFO] [stdout] 
[INFO] [stdout] 
[INFO] [stdout] error[E0282]: type annotations needed for `ehsi::eHsi<f32, A>`
[INFO] [stdout]    --> src/ehsi.rs:490:23
[INFO] [stdout]     |
[INFO] [stdout] 490 |             let hsi = eHsi::from_color(&item.rgb);
[INFO] [stdout]     |                 ---   ^^^^ cannot infer type for type parameter `A` declared on the struct `eHsi`
[INFO] [stdout]     |                 |
[INFO] [stdout]     |                 consider giving `hsi` the explicit type `ehsi::eHsi<f32, A>`, where the type parameter `A` is specified
[INFO] [stdout] 
[INFO] [stdout] 
[INFO] [stdout] error[E0283]: type annotations needed for `(&U, &angle::Deg<f64>)`
[INFO] [stdout]    --> src/hsv.rs:383:58
[INFO] [stdout]     |
[INFO] [stdout] 383 |         assert_ulps_eq!(Hsv::new(Deg(120.0), 0.25, 0.75).get_hue(), Deg(120.0));
[INFO] [stdout]     |         -------------------------------------------------^^^^^^^----------------
[INFO] [stdout]     |         |                                                |
[INFO] [stdout]     |         |                                                cannot infer type for type parameter `U` declared on the associated function `get_hue`
[INFO] [stdout]     |         consider giving this pattern the explicit type `(&U, &angle::Deg<f64>)`, where the type parameter `U` is specified
[INFO] [stdout]     |
[INFO] [stdout]     = note: cannot satisfy `_: angle::Angle`
[INFO] [stdout] 
[INFO] [stdout] 
[INFO] [stdout] error[E0283]: type annotations needed for `(&U, &angle::Deg<f64>)`
[INFO] [stdout]    --> src/lchuv.rs:386:32
[INFO] [stdout]     |
[INFO] [stdout] 386 |         assert_relative_eq!(c1.get_hue(), Deg(120.0));
[INFO] [stdout]     |         -----------------------^^^^^^^----------------
[INFO] [stdout]     |         |                      |
[INFO] [stdout]     |         |                      cannot infer type for type parameter `U` declared on the associated function `get_hue`
[INFO] [stdout]     |         consider giving this pattern the explicit type `(&U, &angle::Deg<f64>)`, where the type parameter `U` is specified
[INFO] [stdout]     |
[INFO] [stdout]     = note: cannot satisfy `_: angle::Angle`
[INFO] [stdout] 
[INFO] [stdout] 
[INFO] [stdout] error[E0283]: type annotations needed for `(&U, &angle::Deg<f64>)`
[INFO] [stdout]    --> src/rgb.rs:486:28
[INFO] [stdout]     |
[INFO] [stdout] 486 |         assert_ulps_eq!(c1.get_hue(), Deg(0.0));
[INFO] [stdout]     |         -------------------^^^^^^^--------------
[INFO] [stdout]     |         |                  |
[INFO] [stdout]     |         |                  cannot infer type for type parameter `U` declared on the associated function `get_hue`
[INFO] [stdout]     |         consider giving this pattern the explicit type `(&U, &angle::Deg<f64>)`, where the type parameter `U` is specified
[INFO] [stdout]     |
[INFO] [stdout]     = note: cannot satisfy `_: angle::Angle`
[INFO] [stdout] 
[INFO] [stdout] 
[INFO] [stdout] error: aborting due to 4 previous errors; 1 warning emitted
[INFO] [stdout] 
[INFO] [stdout] 
[INFO] [stdout] Some errors have detailed explanations: E0282, E0283.
[INFO] [stdout] 
[INFO] [stdout] For more information about an error, try `rustc --explain E0282`.
[INFO] [stdout] 
[INFO] [stderr] error: could not compile `prisma` due to 5 previous errors; 1 warning emitted
[INFO] running `Command { std: "docker" "inspect" "ca5b002290cdfcbbc22add0b9cf37d27a2c5c7df51c256883bba5f284f60e841", kill_on_drop: false }`
[INFO] running `Command { std: "docker" "rm" "-f" "ca5b002290cdfcbbc22add0b9cf37d27a2c5c7df51c256883bba5f284f60e841", kill_on_drop: false }`
[INFO] [stdout] ca5b002290cdfcbbc22add0b9cf37d27a2c5c7df51c256883bba5f284f60e841
