[INFO] fetching crate pretend 0.3.0...
[INFO] checking pretend-0.3.0 against beta-2021-10-15 for beta-1.56-3
[INFO] extracting crate pretend 0.3.0 into /workspace/builds/worker-79/source
[INFO] validating manifest of crates.io crate pretend 0.3.0 on toolchain beta-2021-10-15
[INFO] running `Command { std: "/workspace/cargo-home/bin/cargo" "+beta-2021-10-15" "metadata" "--manifest-path" "Cargo.toml" "--no-deps", kill_on_drop: false }`
[INFO] started tweaking crates.io crate pretend 0.3.0
[INFO] finished tweaking crates.io crate pretend 0.3.0
[INFO] tweaked toml for crates.io crate pretend 0.3.0 written to /workspace/builds/worker-79/source/Cargo.toml
[INFO] crate crates.io crate pretend 0.3.0 already has a lockfile, it will not be regenerated
[INFO] running `Command { std: "/workspace/cargo-home/bin/cargo" "+beta-2021-10-15" "fetch" "--manifest-path" "Cargo.toml", kill_on_drop: false }`
[INFO] [stderr]     Blocking waiting for file lock on package cache
[INFO] [stderr]     Blocking waiting for file lock on package cache
[INFO] running `Command { std: "docker" "create" "-v" "/var/lib/crater-agent-workspace/builds/worker-79/target:/opt/rustwide/target:rw,Z" "-v" "/var/lib/crater-agent-workspace/builds/worker-79/source:/opt/rustwide/workdir:ro,Z" "-v" "/var/lib/crater-agent-workspace/cargo-home:/opt/rustwide/cargo-home:ro,Z" "-v" "/var/lib/crater-agent-workspace/rustup-home:/opt/rustwide/rustup-home:ro,Z" "-e" "SOURCE_DIR=/opt/rustwide/workdir" "-e" "CARGO_TARGET_DIR=/opt/rustwide/target" "-e" "CARGO_HOME=/opt/rustwide/cargo-home" "-e" "RUSTUP_HOME=/opt/rustwide/rustup-home" "-w" "/opt/rustwide/workdir" "-m" "1610612736" "--user" "0:0" "--network" "none" "ghcr.io/rust-lang/crates-build-env/linux@sha256:a89201d6b5b9fd45c15d5952ece0a0129e7e80cb26ec023fd59cf09bc26f1604" "/opt/rustwide/cargo-home/bin/cargo" "+beta-2021-10-15" "metadata" "--no-deps" "--format-version=1", kill_on_drop: false }`
[INFO] [stdout] 4793c7334226a9fead07ef6d9be3e85614f4e87244dc923d25943a969b26222b
[INFO] running `Command { std: "docker" "start" "-a" "4793c7334226a9fead07ef6d9be3e85614f4e87244dc923d25943a969b26222b", kill_on_drop: false }`
[INFO] running `Command { std: "docker" "inspect" "4793c7334226a9fead07ef6d9be3e85614f4e87244dc923d25943a969b26222b", kill_on_drop: false }`
[INFO] running `Command { std: "docker" "rm" "-f" "4793c7334226a9fead07ef6d9be3e85614f4e87244dc923d25943a969b26222b", kill_on_drop: false }`
[INFO] [stdout] 4793c7334226a9fead07ef6d9be3e85614f4e87244dc923d25943a969b26222b
[INFO] running `Command { std: "docker" "create" "-v" "/var/lib/crater-agent-workspace/builds/worker-79/target:/opt/rustwide/target:rw,Z" "-v" "/var/lib/crater-agent-workspace/builds/worker-79/source:/opt/rustwide/workdir:ro,Z" "-v" "/var/lib/crater-agent-workspace/cargo-home:/opt/rustwide/cargo-home:ro,Z" "-v" "/var/lib/crater-agent-workspace/rustup-home:/opt/rustwide/rustup-home:ro,Z" "-e" "SOURCE_DIR=/opt/rustwide/workdir" "-e" "CARGO_TARGET_DIR=/opt/rustwide/target" "-e" "CARGO_INCREMENTAL=0" "-e" "RUST_BACKTRACE=full" "-e" "RUSTFLAGS=--cap-lints=warn" "-e" "CARGO_HOME=/opt/rustwide/cargo-home" "-e" "RUSTUP_HOME=/opt/rustwide/rustup-home" "-w" "/opt/rustwide/workdir" "-m" "1610612736" "--user" "0:0" "--network" "none" "ghcr.io/rust-lang/crates-build-env/linux@sha256:a89201d6b5b9fd45c15d5952ece0a0129e7e80cb26ec023fd59cf09bc26f1604" "/opt/rustwide/cargo-home/bin/cargo" "+beta-2021-10-15" "check" "--frozen" "--all" "--all-targets" "--message-format=json", kill_on_drop: false }`
[INFO] [stdout] f25c9e38cb3cf254d2315bc877a9303d1afaad4dfa046127912f65b3ad3c2ca8
[INFO] running `Command { std: "docker" "start" "-a" "f25c9e38cb3cf254d2315bc877a9303d1afaad4dfa046127912f65b3ad3c2ca8", kill_on_drop: false }`
[INFO] [stderr]     Blocking waiting for file lock on package cache
[INFO] [stderr]     Blocking waiting for file lock on package cache
[INFO] [stderr]    Compiling proc-macro2 v1.0.28
[INFO] [stderr]    Compiling syn v1.0.74
[INFO] [stderr]    Compiling libc v0.2.99
[INFO] [stderr]    Compiling memchr v2.4.0
[INFO] [stderr]    Compiling proc-macro-hack v0.5.19
[INFO] [stderr]    Compiling futures-core v0.3.16
[INFO] [stderr]    Compiling version_check v0.9.3
[INFO] [stderr]     Checking slab v0.4.4
[INFO] [stderr]     Checking futures-sink v0.3.16
[INFO] [stderr]     Checking cfg-if v0.1.10
[INFO] [stderr]    Compiling futures-channel v0.3.16
[INFO] [stderr]     Checking pin-project-lite v0.2.7
[INFO] [stderr]    Compiling futures-task v0.3.16
[INFO] [stderr]    Compiling proc-macro-nested v0.1.7
[INFO] [stderr]     Checking pin-utils v0.1.0
[INFO] [stderr]     Checking pin-project-lite v0.1.12
[INFO] [stderr]     Checking futures-io v0.3.16
[INFO] [stderr]     Checking bytes v0.5.6
[INFO] [stderr]     Checking smallvec v1.6.1
[INFO] [stderr]    Compiling pin-project-internal v0.4.28
[INFO] [stderr]     Checking scopeguard v1.1.0
[INFO] [stderr]    Compiling serde_derive v1.0.127
[INFO] [stderr]    Compiling serde v1.0.127
[INFO] [stderr]     Checking percent-encoding v2.1.0
[INFO] [stderr]    Compiling convert_case v0.4.0
[INFO] [stderr]     Checking itoa v0.4.7
[INFO] [stderr]     Checking bytes v1.0.1
[INFO] [stderr]     Checking copyless v0.1.5
[INFO] [stderr]     Checking unicode-bidi v0.3.6
[INFO] [stderr]     Checking bitflags v1.3.1
[INFO] [stderr]    Compiling typenum v1.13.0
[INFO] [stderr]    Compiling async-trait v0.1.51
[INFO] [stderr]     Checking either v1.6.1
[INFO] [stderr]     Checking fnv v1.0.7
[INFO] [stderr]     Checking ppv-lite86 v0.2.10
[INFO] [stderr]    Compiling serde_json v1.0.66
[INFO] [stderr]     Checking match_cfg v0.1.0
[INFO] [stderr]    Compiling cc v1.0.69
[INFO] [stderr]    Compiling const_fn v0.4.8
[INFO] [stderr]    Compiling encoding_rs v0.8.28
[INFO] [stderr]    Compiling crc32fast v1.2.1
[INFO] [stderr]     Checking quick-error v1.2.3
[INFO] [stderr]     Checking linked-hash-map v0.5.4
[INFO] [stderr]    Compiling httparse v1.4.1
[INFO] [stderr]     Checking regex-syntax v0.6.25
[INFO] [stderr]     Checking adler v1.0.2
[INFO] [stderr]     Checking byteorder v1.4.3
[INFO] [stderr]     Checking opaque-debug v0.3.0
[INFO] [stderr]     Checking cpufeatures v0.1.5
[INFO] [stderr]     Checking mime v0.3.16
[INFO] [stderr]     Checking language-tags v0.2.2
[INFO] [stderr]     Checking base64 v0.13.0
[INFO] [stderr]    Compiling trybuild v1.0.43
[INFO] [stderr]     Checking semver-parser v0.7.0
[INFO] [stderr]     Checking glob v0.3.0
[INFO] [stderr]     Checking termcolor v1.1.2
[INFO] [stderr]    Compiling futures-macro v0.3.16
[INFO] [stderr]    Compiling futures-util v0.3.16
[INFO] [stderr]     Checking instant v0.1.10
[INFO] [stderr]     Checking tinyvec v1.3.1
[INFO] [stderr]     Checking tracing-core v0.1.18
[INFO] [stderr]    Compiling miniz_oxide v0.4.4
[INFO] [stderr]    Compiling tokio v1.10.0
[INFO] [stderr]     Checking ryu v1.0.5
[INFO] [stderr]     Checking form_urlencoded v1.0.1
[INFO] [stderr]     Checking lock_api v0.4.4
[INFO] [stderr]     Checking http v0.2.4
[INFO] [stderr]     Checking bytestring v1.0.0
[INFO] [stderr]     Checking semver v0.9.0
[INFO] [stderr]     Checking lru-cache v0.1.2
[INFO] [stderr]     Checking fxhash v0.2.1
[INFO] [stderr]    Compiling aho-corasick v0.7.18
[INFO] [stderr]     Checking tracing v0.1.26
[INFO] [stderr]     Checking rustc_version v0.2.3
[INFO] [stderr]    Compiling standback v0.2.17
[INFO] [stderr]    Compiling generic-array v0.14.4
[INFO] [stderr]    Compiling time v0.2.27
[INFO] [stderr]    Compiling cookie v0.14.4
[INFO] [stderr]    Compiling quote v1.0.9
[INFO] [stderr]    Compiling brotli-sys v0.3.2
[INFO] [stderr]     Checking net2 v0.2.37
[INFO] [stderr]     Checking iovec v0.1.4
[INFO] [stderr]     Checking signal-hook-registry v1.4.0
[INFO] [stderr]     Checking num_cpus v1.13.0
[INFO] [stderr]     Checking parking_lot_core v0.8.3
[INFO] [stderr]     Checking getrandom v0.1.16
[INFO] [stderr]     Checking hostname v0.3.1
[INFO] [stderr]     Checking socket2 v0.3.19
[INFO] [stderr]     Checking flate2 v1.0.20
[INFO] [stderr]     Checking unicode-normalization v0.1.19
[INFO] [stderr]     Checking rand_core v0.5.1
[INFO] [stderr]     Checking mio v0.6.23
[INFO] [stderr]     Checking threadpool v1.8.1
[INFO] [stderr]     Checking resolv-conf v0.7.0
[INFO] [stderr]     Checking rand_chacha v0.2.2
[INFO] [stderr]     Checking parking_lot v0.11.1
[INFO] [stderr]     Checking regex v1.5.4
[INFO] [stderr]     Checking rand v0.7.3
[INFO] [stderr]     Checking mio-uds v0.6.8
[INFO] [stderr]     Checking tokio v0.2.25
[INFO] [stderr]     Checking idna v0.2.3
[INFO] [stderr]     Checking digest v0.9.0
[INFO] [stderr]     Checking block-buffer v0.9.0
[INFO] [stderr]     Checking sha-1 v0.9.7
[INFO] [stderr]     Checking url v2.2.2
[INFO] [stderr]     Checking tokio-util v0.3.1
[INFO] [stderr]     Checking brotli2 v0.3.2
[INFO] [stderr]    Compiling derive_more v0.99.16
[INFO] [stderr]    Compiling actix-macros v0.1.3
[INFO] [stderr]    Compiling thiserror-impl v1.0.26
[INFO] [stderr]    Compiling enum-as-inner v0.3.3
[INFO] [stderr]    Compiling time-macros-impl v0.1.2
[INFO] [stderr]    Compiling pin-project-internal v1.0.8
[INFO] [stderr]    Compiling tokio-macros v1.3.0
[INFO] [stderr]    Compiling pretend-codegen v0.3.0
[INFO] [stderr]    Compiling actix-web-codegen v0.4.0
[INFO] [stderr]     Checking time-macros v0.1.1
[INFO] [stderr]     Checking thiserror v1.0.26
[INFO] [stderr]     Checking pin-project v1.0.8
[INFO] [stderr]     Checking tracing-futures v0.2.5
[INFO] [stderr]     Checking pin-project v0.4.28
[INFO] [stderr]     Checking actix-codec v0.3.0
[INFO] [stderr]     Checking actix-threadpool v0.3.3
[INFO] [stderr]     Checking actix-service v1.0.6
[INFO] [stderr]     Checking futures v0.3.16
[INFO] [stderr]     Checking h2 v0.2.7
[INFO] [stderr]     Checking actix-rt v1.1.1
[INFO] [stderr]     Checking trust-dns-proto v0.19.7
[INFO] [stderr]     Checking actix-utils v2.0.0
[INFO] [stderr]     Checking actix-server v1.0.4
[INFO] [stderr]     Checking actix-tls v2.0.0
[INFO] [stderr]     Checking actix-testing v1.0.1
[INFO] [stderr]     Checking trust-dns-resolver v0.19.7
[INFO] [stderr]     Checking actix-connect v2.0.0
[INFO] [stderr]     Checking serde_urlencoded v0.7.0
[INFO] [stderr]     Checking actix-router v0.2.7
[INFO] [stderr]     Checking toml v0.5.8
[INFO] [stderr]     Checking actix-http v2.2.1
[INFO] [stderr]     Checking pretend v0.3.0 (/opt/rustwide/workdir)
[INFO] [stderr]     Checking awc v2.0.3
[INFO] [stderr]     Checking actix-web v3.3.2
[INFO] [stdout] error[E0432]: unresolved import `pretend_reqwest`
[INFO] [stdout]  --> tests/test_pretend.rs:5:5
[INFO] [stdout]   |
[INFO] [stdout] 5 | use pretend_reqwest::Client;
[INFO] [stdout]   |     ^^^^^^^^^^^^^^^ use of undeclared crate or module `pretend_reqwest`
[INFO] [stdout] 
[INFO] [stdout] 
[INFO] [stdout] error[E0432]: unresolved import `pretend_reqwest`
[INFO] [stdout]  --> examples/blocking.rs:2:5
[INFO] [stdout]   |
[INFO] [stdout] 2 | use pretend_reqwest::BlockingClient;
[INFO] [stdout]   |     ^^^^^^^^^^^^^^^ use of undeclared crate or module `pretend_reqwest`
[INFO] [stdout] 
[INFO] [stdout] 
[INFO] [stdout] error: aborting due to previous error
[INFO] [stdout] 
[INFO] [stdout] 
[INFO] [stdout] For more information about this error, try `rustc --explain E0432`.
[INFO] [stdout] 
[INFO] [stderr] error: could not compile `pretend` due to 2 previous errors
[INFO] [stderr] warning: build failed, waiting for other jobs to finish...
[INFO] [stdout] error[E0432]: unresolved import `pretend_reqwest`
[INFO] [stdout]  --> examples/queries.rs:2:5
[INFO] [stdout]   |
[INFO] [stdout] 2 | use pretend_reqwest::Client;
[INFO] [stdout]   |     ^^^^^^^^^^^^^^^ use of undeclared crate or module `pretend_reqwest`
[INFO] [stdout] 
[INFO] [stdout] 
[INFO] [stdout] error[E0432]: unresolved import `pretend_reqwest`
[INFO] [stdout]  --> examples/headers.rs:2:5
[INFO] [stdout]   |
[INFO] [stdout] 2 | use pretend_reqwest::Client;
[INFO] [stdout]   |     ^^^^^^^^^^^^^^^ use of undeclared crate or module `pretend_reqwest`
[INFO] [stdout] 
[INFO] [stdout] 
[INFO] [stdout] error[E0432]: unresolved import `pretend_reqwest`
[INFO] [stdout]  --> tests/test_visibility.rs:7:5
[INFO] [stdout]   |
[INFO] [stdout] 7 | use pretend_reqwest::Client as RClient;
[INFO] [stdout]   |     ^^^^^^^^^^^^^^^ use of undeclared crate or module `pretend_reqwest`
[INFO] [stdout] 
[INFO] [stdout] 
[INFO] [stdout] error: aborting due to previous error
[INFO] [stdout] 
[INFO] [stdout] 
[INFO] [stdout] For more information about this error, try `rustc --explain E0432`.
[INFO] [stdout] 
[INFO] [stdout] error: aborting due to previous error
[INFO] [stdout] 
[INFO] [stdout] 
[INFO] [stdout] For more information about this error, try `rustc --explain E0432`.
[INFO] [stdout] 
[INFO] [stdout] error[E0432]: unresolved import `pretend_reqwest`
[INFO] [stdout]  --> tests/test_construction.rs:6:5
[INFO] [stdout]   |
[INFO] [stdout] 6 | use pretend_reqwest::Client;
[INFO] [stdout]   |     ^^^^^^^^^^^^^^^ use of undeclared crate or module `pretend_reqwest`
[INFO] [stdout] 
[INFO] [stdout] 
[INFO] [stdout] error[E0432]: unresolved import `pretend_reqwest`
[INFO] [stdout]  --> examples/templating.rs:2:5
[INFO] [stdout]   |
[INFO] [stdout] 2 | use pretend_reqwest::Client;
[INFO] [stdout]   |     ^^^^^^^^^^^^^^^ use of undeclared crate or module `pretend_reqwest`
[INFO] [stdout] 
[INFO] [stdout] 
[INFO] [stdout] error[E0432]: unresolved import `pretend_reqwest`
[INFO] [stdout]  --> tests/test_output.rs:6:5
[INFO] [stdout]   |
[INFO] [stdout] 6 | use pretend_reqwest::Client;
[INFO] [stdout]   |     ^^^^^^^^^^^^^^^ use of undeclared crate or module `pretend_reqwest`
[INFO] [stdout] 
[INFO] [stdout] 
[INFO] [stdout] error[E0432]: unresolved import `pretend_awc`
[INFO] [stdout]   --> tests/test_clients.rs:10:5
[INFO] [stdout]    |
[INFO] [stdout] 10 | use pretend_awc::Client as AClient;
[INFO] [stdout]    |     ^^^^^^^^^^^ use of undeclared crate or module `pretend_awc`
[INFO] [stdout] 
[INFO] [stdout] 
[INFO] [stdout] error[E0432]: unresolved import `pretend_isahc`
[INFO] [stdout]   --> tests/test_clients.rs:11:5
[INFO] [stdout]    |
[INFO] [stdout] 11 | use pretend_isahc::Client as IClient;
[INFO] [stdout]    |     ^^^^^^^^^^^^^ use of undeclared crate or module `pretend_isahc`
[INFO] [stdout] 
[INFO] [stdout] 
[INFO] [stdout] error[E0433]: failed to resolve: use of undeclared crate or module `pretend_ureq`
[INFO] [stdout]   --> tests/test_clients.rs:13:5
[INFO] [stdout]    |
[INFO] [stdout] 13 | use pretend_ureq::ureq::AgentBuilder;
[INFO] [stdout]    |     ^^^^^^^^^^^^ use of undeclared crate or module `pretend_ureq`
[INFO] [stdout] 
[INFO] [stdout] 
[INFO] [stdout] error[E0432]: unresolved import `pretend_reqwest`
[INFO] [stdout]   --> tests/test_clients.rs:12:5
[INFO] [stdout]    |
[INFO] [stdout] 12 | use pretend_reqwest::{BlockingClient as RBlockingClient, Client as RClient};
[INFO] [stdout]    |     ^^^^^^^^^^^^^^^ use of undeclared crate or module `pretend_reqwest`
[INFO] [stdout] 
[INFO] [stdout] 
[INFO] [stdout] error[E0432]: unresolved import `pretend_ureq`
[INFO] [stdout]   --> tests/test_clients.rs:14:5
[INFO] [stdout]    |
[INFO] [stdout] 14 | use pretend_ureq::Client as UClient;
[INFO] [stdout]    |     ^^^^^^^^^^^^ use of undeclared crate or module `pretend_ureq`
[INFO] [stdout] 
[INFO] [stdout] 
[INFO] [stdout] error: aborting due to previous error
[INFO] [stdout] 
[INFO] [stdout] 
[INFO] [stdout] For more information about this error, try `rustc --explain E0432`.
[INFO] [stdout] 
[INFO] [stdout] error[E0433]: failed to resolve: use of undeclared type `AgentBuilder`
[INFO] [stdout]   --> tests/test_clients.rs:89:31
[INFO] [stdout]    |
[INFO] [stdout] 89 |         Box::new(UClient::new(AgentBuilder::new().build())),
[INFO] [stdout]    |                               ^^^^^^^^^^^^ use of undeclared type `AgentBuilder`
[INFO] [stdout] 
[INFO] [stdout] 
[INFO] [stdout] error[E0432]: unresolved import `pretend_reqwest`
[INFO] [stdout]  --> examples/bodies.rs:2:5
[INFO] [stdout]   |
[INFO] [stdout] 2 | use pretend_reqwest::Client;
[INFO] [stdout]   |     ^^^^^^^^^^^^^^^ use of undeclared crate or module `pretend_reqwest`
[INFO] [stdout] 
[INFO] [stdout] 
[INFO] [stdout] error: aborting due to previous error
[INFO] [stdout] 
[INFO] [stdout] 
[INFO] [stdout] For more information about this error, try `rustc --explain E0432`.
[INFO] [stdout] 
[INFO] [stdout] error[E0432]: unresolved import `pretend_reqwest`
[INFO] [stdout]  --> examples/responses.rs:2:5
[INFO] [stdout]   |
[INFO] [stdout] 2 | use pretend_reqwest::Client;
[INFO] [stdout]   |     ^^^^^^^^^^^^^^^ use of undeclared crate or module `pretend_reqwest`
[INFO] [stdout] 
[INFO] [stdout] 
[INFO] [stdout] error[E0432]: unresolved import `pretend_reqwest`
[INFO] [stdout]  --> examples/methods.rs:2:5
[INFO] [stdout]   |
[INFO] [stdout] 2 | use pretend_reqwest::Client;
[INFO] [stdout]   |     ^^^^^^^^^^^^^^^ use of undeclared crate or module `pretend_reqwest`
[INFO] [stdout] 
[INFO] [stdout] 
[INFO] [stdout] error: aborting due to previous error
[INFO] [stdout] 
[INFO] [stdout] 
[INFO] [stdout] For more information about this error, try `rustc --explain E0432`.
[INFO] [stdout] 
[INFO] [stdout] error: aborting due to previous error
[INFO] [stdout] 
[INFO] [stdout] 
[INFO] [stdout] For more information about this error, try `rustc --explain E0432`.
[INFO] [stdout] 
[INFO] [stdout] error: aborting due to previous error
[INFO] [stdout] 
[INFO] [stdout] 
[INFO] [stdout] For more information about this error, try `rustc --explain E0432`.
[INFO] [stdout] 
[INFO] [stdout] error[E0432]: unresolved import `pretend_reqwest`
[INFO] [stdout]  --> tests/test_blocking_local.rs:6:5
[INFO] [stdout]   |
[INFO] [stdout] 6 | use pretend_reqwest::BlockingClient;
[INFO] [stdout]   |     ^^^^^^^^^^^^^^^ use of undeclared crate or module `pretend_reqwest`
[INFO] [stdout] 
[INFO] [stdout] 
[INFO] [stdout] error[E0432]: unresolved import `pretend_reqwest`
[INFO] [stdout]  --> tests/test_blocking_local.rs:7:5
[INFO] [stdout]   |
[INFO] [stdout] 7 | use pretend_reqwest::Client;
[INFO] [stdout]   |     ^^^^^^^^^^^^^^^ use of undeclared crate or module `pretend_reqwest`
[INFO] [stdout] 
[INFO] [stdout] 
[INFO] [stdout] error: aborting due to 6 previous errors
[INFO] [stdout] 
[INFO] [stdout] 
[INFO] [stdout] Some errors have detailed explanations: E0432, E0433.
[INFO] [stdout] 
[INFO] [stdout] For more information about an error, try `rustc --explain E0432`.
[INFO] [stdout] 
[INFO] [stdout] error: aborting due to previous error
[INFO] [stdout] 
[INFO] [stdout] 
[INFO] [stdout] For more information about this error, try `rustc --explain E0432`.
[INFO] [stdout] 
[INFO] [stdout] error: aborting due to previous error
[INFO] [stdout] 
[INFO] [stdout] 
[INFO] [stdout] For more information about this error, try `rustc --explain E0432`.
[INFO] [stdout] 
[INFO] [stdout] error: aborting due to previous error
[INFO] [stdout] 
[INFO] [stdout] 
[INFO] [stdout] For more information about this error, try `rustc --explain E0432`.
[INFO] [stdout] 
[INFO] [stdout] error: aborting due to 2 previous errors
[INFO] [stdout] 
[INFO] [stdout] 
[INFO] [stdout] For more information about this error, try `rustc --explain E0432`.
[INFO] [stdout] 
[INFO] [stderr] error: build failed
[INFO] running `Command { std: "docker" "inspect" "f25c9e38cb3cf254d2315bc877a9303d1afaad4dfa046127912f65b3ad3c2ca8", kill_on_drop: false }`
[INFO] running `Command { std: "docker" "rm" "-f" "f25c9e38cb3cf254d2315bc877a9303d1afaad4dfa046127912f65b3ad3c2ca8", kill_on_drop: false }`
[INFO] [stdout] f25c9e38cb3cf254d2315bc877a9303d1afaad4dfa046127912f65b3ad3c2ca8
