[INFO] fetching crate polystrip 0.6.0...
[INFO] checking polystrip-0.6.0 against 1.55.0 for beta-1.56-3
[INFO] extracting crate polystrip 0.6.0 into /workspace/builds/worker-60/source
[INFO] validating manifest of crates.io crate polystrip 0.6.0 on toolchain 1.55.0
[INFO] running `Command { std: "/workspace/cargo-home/bin/cargo" "+1.55.0" "metadata" "--manifest-path" "Cargo.toml" "--no-deps", kill_on_drop: false }`
[INFO] started tweaking crates.io crate polystrip 0.6.0
[INFO] finished tweaking crates.io crate polystrip 0.6.0
[INFO] tweaked toml for crates.io crate polystrip 0.6.0 written to /workspace/builds/worker-60/source/Cargo.toml
[INFO] crate crates.io crate polystrip 0.6.0 already has a lockfile, it will not be regenerated
[INFO] running `Command { std: "/workspace/cargo-home/bin/cargo" "+1.55.0" "fetch" "--manifest-path" "Cargo.toml", kill_on_drop: false }`
[INFO] running `Command { std: "docker" "create" "-v" "/var/lib/crater-agent-workspace/builds/worker-60/target:/opt/rustwide/target:rw,Z" "-v" "/var/lib/crater-agent-workspace/builds/worker-60/source:/opt/rustwide/workdir:ro,Z" "-v" "/var/lib/crater-agent-workspace/cargo-home:/opt/rustwide/cargo-home:ro,Z" "-v" "/var/lib/crater-agent-workspace/rustup-home:/opt/rustwide/rustup-home:ro,Z" "-e" "SOURCE_DIR=/opt/rustwide/workdir" "-e" "CARGO_TARGET_DIR=/opt/rustwide/target" "-e" "CARGO_HOME=/opt/rustwide/cargo-home" "-e" "RUSTUP_HOME=/opt/rustwide/rustup-home" "-w" "/opt/rustwide/workdir" "-m" "1610612736" "--user" "0:0" "--network" "none" "ghcr.io/rust-lang/crates-build-env/linux@sha256:a89201d6b5b9fd45c15d5952ece0a0129e7e80cb26ec023fd59cf09bc26f1604" "/opt/rustwide/cargo-home/bin/cargo" "+1.55.0" "metadata" "--no-deps" "--format-version=1", kill_on_drop: false }`
[INFO] [stdout] ae479fa38cd78eabef46490f65d45089a8f23ee4bc654622666989f9f20d60b2
[INFO] running `Command { std: "docker" "start" "-a" "ae479fa38cd78eabef46490f65d45089a8f23ee4bc654622666989f9f20d60b2", kill_on_drop: false }`
[INFO] running `Command { std: "docker" "inspect" "ae479fa38cd78eabef46490f65d45089a8f23ee4bc654622666989f9f20d60b2", kill_on_drop: false }`
[INFO] running `Command { std: "docker" "rm" "-f" "ae479fa38cd78eabef46490f65d45089a8f23ee4bc654622666989f9f20d60b2", kill_on_drop: false }`
[INFO] [stdout] ae479fa38cd78eabef46490f65d45089a8f23ee4bc654622666989f9f20d60b2
[INFO] running `Command { std: "docker" "create" "-v" "/var/lib/crater-agent-workspace/builds/worker-60/target:/opt/rustwide/target:rw,Z" "-v" "/var/lib/crater-agent-workspace/builds/worker-60/source:/opt/rustwide/workdir:ro,Z" "-v" "/var/lib/crater-agent-workspace/cargo-home:/opt/rustwide/cargo-home:ro,Z" "-v" "/var/lib/crater-agent-workspace/rustup-home:/opt/rustwide/rustup-home:ro,Z" "-e" "SOURCE_DIR=/opt/rustwide/workdir" "-e" "CARGO_TARGET_DIR=/opt/rustwide/target" "-e" "CARGO_INCREMENTAL=0" "-e" "RUST_BACKTRACE=full" "-e" "RUSTFLAGS=--cap-lints=warn" "-e" "CARGO_HOME=/opt/rustwide/cargo-home" "-e" "RUSTUP_HOME=/opt/rustwide/rustup-home" "-w" "/opt/rustwide/workdir" "-m" "1610612736" "--user" "0:0" "--network" "none" "ghcr.io/rust-lang/crates-build-env/linux@sha256:a89201d6b5b9fd45c15d5952ece0a0129e7e80cb26ec023fd59cf09bc26f1604" "/opt/rustwide/cargo-home/bin/cargo" "+1.55.0" "check" "--frozen" "--all" "--all-targets" "--message-format=json", kill_on_drop: false }`
[INFO] [stdout] d0ec2170627cc867e519b95d4bcd9390e27da63ec2258f1cb8a84a60a8dc59b5
[INFO] running `Command { std: "docker" "start" "-a" "d0ec2170627cc867e519b95d4bcd9390e27da63ec2258f1cb8a84a60a8dc59b5", kill_on_drop: false }`
[INFO] [stderr]     Blocking waiting for file lock on package cache
[INFO] [stderr]     Blocking waiting for file lock on package cache
[INFO] [stderr]    Compiling libc v0.2.77
[INFO] [stderr]    Compiling proc-macro2 v1.0.23
[INFO] [stderr]    Compiling pkg-config v0.3.18
[INFO] [stderr]    Compiling log v0.4.11
[INFO] [stderr]    Compiling libloading v0.6.3
[INFO] [stderr]    Compiling xml-rs v0.8.3
[INFO] [stderr]    Compiling nix v0.18.0
[INFO] [stderr]    Compiling syn v1.0.53
[INFO] [stderr]     Checking smallvec v1.4.2
[INFO] [stderr]    Compiling rayon-core v1.8.1
[INFO] [stderr]     Checking once_cell v1.4.1
[INFO] [stderr]     Checking ttf-parser v0.6.2
[INFO] [stderr]     Checking scoped-tls v1.0.0
[INFO] [stderr]     Checking bit-vec v0.6.3
[INFO] [stderr]     Checking adler32 v1.2.0
[INFO] [stderr]     Checking downcast-rs v1.2.0
[INFO] [stderr]    Compiling crc32fast v1.2.0
[INFO] [stderr]     Checking ab_glyph_rasterizer v0.1.3
[INFO] [stderr]     Checking xdg v2.2.0
[INFO] [stderr]     Checking slab v0.4.2
[INFO] [stderr]     Checking color_quant v1.1.0
[INFO] [stderr]    Compiling winit v0.23.0
[INFO] [stderr]     Checking weezl v0.1.1
[INFO] [stderr]     Checking lzw v0.10.0
[INFO] [stderr]     Checking bytemuck v1.5.1
[INFO] [stderr]     Checking lazycell v1.3.0
[INFO] [stderr]     Checking mint v0.5.6
[INFO] [stderr]     Checking scoped_threadpool v0.1.9
[INFO] [stderr]     Checking arrayvec v0.5.2
[INFO] [stderr]     Checking percent-encoding v2.1.0
[INFO] [stderr]     Checking align-data v0.1.0
[INFO] [stderr]    Compiling num-traits v0.2.12
[INFO] [stderr]    Compiling crossbeam-utils v0.7.2
[INFO] [stderr]    Compiling memoffset v0.5.6
[INFO] [stderr]    Compiling crossbeam-epoch v0.8.2
[INFO] [stderr]    Compiling num-integer v0.1.43
[INFO] [stderr]    Compiling rayon v1.4.1
[INFO] [stderr]    Compiling num-rational v0.3.0
[INFO] [stderr]    Compiling num-iter v0.1.41
[INFO] [stderr]    Compiling nom v5.1.2
[INFO] [stderr]     Checking instant v0.1.7
[INFO] [stderr]     Checking lock_api v0.4.1
[INFO] [stderr]     Checking fxhash v0.2.1
[INFO] [stderr]     Checking gpu-alloc-types v0.2.0
[INFO] [stderr]     Checking gpu-alloc v0.3.0
[INFO] [stderr]     Checking miniz_oxide v0.3.7
[INFO] [stderr]     Checking deflate v0.8.6
[INFO] [stderr]     Checking bit-set v0.5.2
[INFO] [stderr]     Checking gif v0.11.1
[INFO] [stderr]    Compiling wayland-sys v0.28.0
[INFO] [stderr]    Compiling x11-dl v2.18.5
[INFO] [stderr]     Checking dlib v0.4.2
[INFO] [stderr]     Checking owned_ttf_parser v0.6.0
[INFO] [stderr]     Checking rusttype v0.9.2
[INFO] [stderr]     Checking png v0.16.7
[INFO] [stderr]     Checking tiff v0.5.0
[INFO] [stderr]    Compiling quote v1.0.7
[INFO] [stderr]     Checking num-traits v0.1.43
[INFO] [stderr]    Compiling wayland-scanner v0.28.0
[INFO] [stderr]     Checking crossbeam-channel v0.4.4
[INFO] [stderr]     Checking line_drawing v0.8.0
[INFO] [stderr]     Checking andrew v0.3.0
[INFO] [stderr]     Checking crossbeam-deque v0.7.3
[INFO] [stderr]     Checking raw-window-handle v0.3.3
[INFO] [stderr]     Checking num_cpus v1.13.0
[INFO] [stderr]     Checking net2 v0.2.35
[INFO] [stderr]     Checking iovec v0.1.4
[INFO] [stderr]     Checking parking_lot_core v0.8.0
[INFO] [stderr]     Checking memmap v0.7.0
[INFO] [stderr]     Checking xcursor v0.3.2
[INFO] [stderr]     Checking parking_lot v0.11.0
[INFO] [stderr]     Checking mio v0.6.22
[INFO] [stderr]    Compiling wayland-client v0.28.0
[INFO] [stderr]    Compiling wayland-protocols v0.28.0
[INFO] [stderr]     Checking mio-extras v2.0.6
[INFO] [stderr]     Checking jpeg-decoder v0.1.20
[INFO] [stderr]     Checking wayland-commons v0.28.0
[INFO] [stderr]     Checking calloop v0.6.4
[INFO] [stderr]     Checking image v0.23.10
[INFO] [stderr]    Compiling thiserror-impl v1.0.24
[INFO] [stderr]     Checking wayland-cursor v0.28.0
[INFO] [stderr]     Checking thiserror v1.0.24
[INFO] [stderr]     Checking naga v0.3.2
[INFO] [stderr]     Checking gfx-hal v0.7.0
[INFO] [stderr]     Checking gpu-alloc-gfx v0.3.0
[INFO] [stderr]     Checking polystrip v0.6.0 (/opt/rustwide/workdir)
[INFO] [stdout] error: Need to select a backend! Enable one of the ["vulkan", "metal", "dx12"] features
[INFO] [stdout]  --> src/backend.rs:4:1
[INFO] [stdout]   |
[INFO] [stdout] 4 | compile_error!("Need to select a backend! Enable one of the [\"vulkan\", \"metal\", \"dx12\"] features");
[INFO] [stdout]   | ^^^^^^^^^^^^^^^^^^^^^^^^^^^^^^^^^^^^^^^^^^^^^^^^^^^^^^^^^^^^^^^^^^^^^^^^^^^^^^^^^^^^^^^^^^^^^^^^^^^^^^^^^
[INFO] [stdout] 
[INFO] [stdout] 
[INFO] [stdout] error[E0412]: cannot find type `Backend` in this scope
[INFO] [stdout]   --> src/backend.rs:18:22
[INFO] [stdout]    |
[INFO] [stdout] 18 | pub type Instance = <Backend as gfx_hal::Backend>::Instance;
[INFO] [stdout]    |                      ^^^^^^^ not found in this scope
[INFO] [stdout]    |
[INFO] [stdout] help: consider importing this trait
[INFO] [stdout]    |
[INFO] [stdout] 18 | use gfx_hal::Backend;
[INFO] [stdout]    |
[INFO] [stdout] 
[INFO] [stdout] 
[INFO] [stdout] error[E0412]: cannot find type `Backend` in this scope
[INFO] [stdout]   --> src/backend.rs:19:28
[INFO] [stdout]    |
[INFO] [stdout] 19 | pub type PhysicalDevice = <Backend as gfx_hal::Backend>::PhysicalDevice;
[INFO] [stdout]    |                            ^^^^^^^ not found in this scope
[INFO] [stdout]    |
[INFO] [stdout] help: consider importing this trait
[INFO] [stdout]    |
[INFO] [stdout] 18 | use gfx_hal::Backend;
[INFO] [stdout]    |
[INFO] [stdout] 
[INFO] [stdout] 
[INFO] [stdout] error[E0412]: cannot find type `Backend` in this scope
[INFO] [stdout]   --> src/backend.rs:20:20
[INFO] [stdout]    |
[INFO] [stdout] 20 | pub type Device = <Backend as gfx_hal::Backend>::Device;
[INFO] [stdout]    |                    ^^^^^^^ not found in this scope
[INFO] [stdout]    |
[INFO] [stdout] help: consider importing this trait
[INFO] [stdout]    |
[INFO] [stdout] 18 | use gfx_hal::Backend;
[INFO] [stdout]    |
[INFO] [stdout] 
[INFO] [stdout] 
[INFO] [stdout] error[E0412]: cannot find type `Backend` in this scope
[INFO] [stdout]   --> src/backend.rs:21:21
[INFO] [stdout]    |
[INFO] [stdout] 21 | pub type Surface = <Backend as gfx_hal::Backend>::Surface;
[INFO] [stdout]    |                     ^^^^^^^ not found in this scope
[INFO] [stdout]    |
[INFO] [stdout] help: consider importing this trait
[INFO] [stdout]    |
[INFO] [stdout] 18 | use gfx_hal::Backend;
[INFO] [stdout]    |
[INFO] [stdout] 
[INFO] [stdout] 
[INFO] [stdout] error[E0412]: cannot find type `Backend` in this scope
[INFO] [stdout]   --> src/backend.rs:23:25
[INFO] [stdout]    |
[INFO] [stdout] 23 | pub type QueueFamily = <Backend as gfx_hal::Backend>::QueueFamily;
[INFO] [stdout]    |                         ^^^^^^^ not found in this scope
[INFO] [stdout]    |
[INFO] [stdout] help: consider importing this trait
[INFO] [stdout]    |
[INFO] [stdout] 18 | use gfx_hal::Backend;
[INFO] [stdout]    |
[INFO] [stdout] 
[INFO] [stdout] 
[INFO] [stdout] error[E0412]: cannot find type `Backend` in this scope
[INFO] [stdout]   --> src/backend.rs:24:26
[INFO] [stdout]    |
[INFO] [stdout] 24 | pub type CommandQueue = <Backend as gfx_hal::Backend>::CommandQueue;
[INFO] [stdout]    |                          ^^^^^^^ not found in this scope
[INFO] [stdout]    |
[INFO] [stdout] help: consider importing this trait
[INFO] [stdout]    |
[INFO] [stdout] 18 | use gfx_hal::Backend;
[INFO] [stdout]    |
[INFO] [stdout] 
[INFO] [stdout] 
[INFO] [stdout] error[E0412]: cannot find type `Backend` in this scope
[INFO] [stdout]   --> src/backend.rs:25:27
[INFO] [stdout]    |
[INFO] [stdout] 25 | pub type CommandBuffer = <Backend as gfx_hal::Backend>::CommandBuffer;
[INFO] [stdout]    |                           ^^^^^^^ not found in this scope
[INFO] [stdout]    |
[INFO] [stdout] help: consider importing this trait
[INFO] [stdout]    |
[INFO] [stdout] 18 | use gfx_hal::Backend;
[INFO] [stdout]    |
[INFO] [stdout] 
[INFO] [stdout] 
[INFO] [stdout] error[E0412]: cannot find type `Backend` in this scope
[INFO] [stdout]   --> src/backend.rs:27:26
[INFO] [stdout]    |
[INFO] [stdout] 27 | pub type ShaderModule = <Backend as gfx_hal::Backend>::ShaderModule;
[INFO] [stdout]    |                          ^^^^^^^ not found in this scope
[INFO] [stdout]    |
[INFO] [stdout] help: consider importing this trait
[INFO] [stdout]    |
[INFO] [stdout] 18 | use gfx_hal::Backend;
[INFO] [stdout]    |
[INFO] [stdout] 
[INFO] [stdout] 
[INFO] [stdout] error[E0412]: cannot find type `Backend` in this scope
[INFO] [stdout]   --> src/backend.rs:28:24
[INFO] [stdout]    |
[INFO] [stdout] 28 | pub type RenderPass = <Backend as gfx_hal::Backend>::RenderPass;
[INFO] [stdout]    |                        ^^^^^^^ not found in this scope
[INFO] [stdout]    |
[INFO] [stdout] help: consider importing this trait
[INFO] [stdout]    |
[INFO] [stdout] 18 | use gfx_hal::Backend;
[INFO] [stdout]    |
[INFO] [stdout] 
[INFO] [stdout] 
[INFO] [stdout] error[E0412]: cannot find type `Backend` in this scope
[INFO] [stdout]   --> src/backend.rs:29:25
[INFO] [stdout]    |
[INFO] [stdout] 29 | pub type Framebuffer = <Backend as gfx_hal::Backend>::Framebuffer;
[INFO] [stdout]    |                         ^^^^^^^ not found in this scope
[INFO] [stdout]    |
[INFO] [stdout] help: consider importing this trait
[INFO] [stdout]    |
[INFO] [stdout] 18 | use gfx_hal::Backend;
[INFO] [stdout]    |
[INFO] [stdout] 
[INFO] [stdout] 
[INFO] [stdout] error[E0412]: cannot find type `Backend` in this scope
[INFO] [stdout]   --> src/backend.rs:31:20
[INFO] [stdout]    |
[INFO] [stdout] 31 | pub type Memory = <Backend as gfx_hal::Backend>::Memory;
[INFO] [stdout]    |                    ^^^^^^^ not found in this scope
[INFO] [stdout]    |
[INFO] [stdout] help: consider importing this trait
[INFO] [stdout]    |
[INFO] [stdout] 18 | use gfx_hal::Backend;
[INFO] [stdout]    |
[INFO] [stdout] 
[INFO] [stdout] 
[INFO] [stdout] error[E0412]: cannot find type `Backend` in this scope
[INFO] [stdout]   --> src/backend.rs:32:25
[INFO] [stdout]    |
[INFO] [stdout] 32 | pub type CommandPool = <Backend as gfx_hal::Backend>::CommandPool;
[INFO] [stdout]    |                         ^^^^^^^ not found in this scope
[INFO] [stdout]    |
[INFO] [stdout] help: consider importing this trait
[INFO] [stdout]    |
[INFO] [stdout] 18 | use gfx_hal::Backend;
[INFO] [stdout]    |
[INFO] [stdout] 
[INFO] [stdout] 
[INFO] [stdout] error[E0412]: cannot find type `Backend` in this scope
[INFO] [stdout]   --> src/backend.rs:34:20
[INFO] [stdout]    |
[INFO] [stdout] 34 | pub type Buffer = <Backend as gfx_hal::Backend>::Buffer;
[INFO] [stdout]    |                    ^^^^^^^ not found in this scope
[INFO] [stdout]    |
[INFO] [stdout] help: consider importing this trait
[INFO] [stdout]    |
[INFO] [stdout] 18 | use gfx_hal::Backend;
[INFO] [stdout]    |
[INFO] [stdout] 
[INFO] [stdout] 
[INFO] [stdout] error[E0412]: cannot find type `Backend` in this scope
[INFO] [stdout]   --> src/backend.rs:35:24
[INFO] [stdout]    |
[INFO] [stdout] 35 | pub type BufferView = <Backend as gfx_hal::Backend>::BufferView;
[INFO] [stdout]    |                        ^^^^^^^ not found in this scope
[INFO] [stdout]    |
[INFO] [stdout] help: consider importing this trait
[INFO] [stdout]    |
[INFO] [stdout] 18 | use gfx_hal::Backend;
[INFO] [stdout]    |
[INFO] [stdout] 
[INFO] [stdout] 
[INFO] [stdout] error[E0412]: cannot find type `Backend` in this scope
[INFO] [stdout]   --> src/backend.rs:36:19
[INFO] [stdout]    |
[INFO] [stdout] 36 | pub type Image = <Backend as gfx_hal::Backend>::Image;
[INFO] [stdout]    |                   ^^^^^^^ not found in this scope
[INFO] [stdout]    |
[INFO] [stdout] help: consider importing this trait
[INFO] [stdout]    |
[INFO] [stdout] 18 | use gfx_hal::Backend;
[INFO] [stdout]    |
[INFO] [stdout] 
[INFO] [stdout] 
[INFO] [stdout] error[E0412]: cannot find type `Backend` in this scope
[INFO] [stdout]   --> src/backend.rs:37:23
[INFO] [stdout]    |
[INFO] [stdout] 37 | pub type ImageView = <Backend as gfx_hal::Backend>::ImageView;
[INFO] [stdout]    |                       ^^^^^^^ not found in this scope
[INFO] [stdout]    |
[INFO] [stdout] help: consider importing this trait
[INFO] [stdout]    |
[INFO] [stdout] 18 | use gfx_hal::Backend;
[INFO] [stdout]    |
[INFO] [stdout] 
[INFO] [stdout] 
[INFO] [stdout] error[E0412]: cannot find type `Backend` in this scope
[INFO] [stdout]   --> src/backend.rs:38:21
[INFO] [stdout]    |
[INFO] [stdout] 38 | pub type Sampler = <Backend as gfx_hal::Backend>::Sampler;
[INFO] [stdout]    |                     ^^^^^^^ not found in this scope
[INFO] [stdout]    |
[INFO] [stdout] help: consider importing this trait
[INFO] [stdout]    |
[INFO] [stdout] 18 | use gfx_hal::Backend;
[INFO] [stdout]    |
[INFO] [stdout] 
[INFO] [stdout] 
[INFO] [stdout] error[E0412]: cannot find type `Backend` in this scope
[INFO] [stdout]   --> src/backend.rs:40:29
[INFO] [stdout]    |
[INFO] [stdout] 40 | pub type ComputePipeline = <Backend as gfx_hal::Backend>::ComputePipeline;
[INFO] [stdout]    |                             ^^^^^^^ not found in this scope
[INFO] [stdout]    |
[INFO] [stdout] help: consider importing this trait
[INFO] [stdout]    |
[INFO] [stdout] 18 | use gfx_hal::Backend;
[INFO] [stdout]    |
[INFO] [stdout] 
[INFO] [stdout] 
[INFO] [stdout] error[E0412]: cannot find type `Backend` in this scope
[INFO] [stdout]   --> src/backend.rs:41:30
[INFO] [stdout]    |
[INFO] [stdout] 41 | pub type GraphicsPipeline = <Backend as gfx_hal::Backend>::GraphicsPipeline;
[INFO] [stdout]    |                              ^^^^^^^ not found in this scope
[INFO] [stdout]    |
[INFO] [stdout] help: consider importing this trait
[INFO] [stdout]    |
[INFO] [stdout] 18 | use gfx_hal::Backend;
[INFO] [stdout]    |
[INFO] [stdout] 
[INFO] [stdout] 
[INFO] [stdout] error[E0412]: cannot find type `Backend` in this scope
[INFO] [stdout]   --> src/backend.rs:42:27
[INFO] [stdout]    |
[INFO] [stdout] 42 | pub type PipelineCache = <Backend as gfx_hal::Backend>::PipelineCache;
[INFO] [stdout]    |                           ^^^^^^^ not found in this scope
[INFO] [stdout]    |
[INFO] [stdout] help: consider importing this trait
[INFO] [stdout]    |
[INFO] [stdout] 18 | use gfx_hal::Backend;
[INFO] [stdout]    |
[INFO] [stdout] 
[INFO] [stdout] 
[INFO] [stdout] error[E0412]: cannot find type `Backend` in this scope
[INFO] [stdout]   --> src/backend.rs:43:28
[INFO] [stdout]    |
[INFO] [stdout] 43 | pub type PipelineLayout = <Backend as gfx_hal::Backend>::PipelineLayout;
[INFO] [stdout]    |                            ^^^^^^^ not found in this scope
[INFO] [stdout]    |
[INFO] [stdout] help: consider importing this trait
[INFO] [stdout]    |
[INFO] [stdout] 18 | use gfx_hal::Backend;
[INFO] [stdout]    |
[INFO] [stdout] 
[INFO] [stdout] 
[INFO] [stdout] error[E0412]: cannot find type `Backend` in this scope
[INFO] [stdout]   --> src/backend.rs:44:28
[INFO] [stdout]    |
[INFO] [stdout] 44 | pub type DescriptorPool = <Backend as gfx_hal::Backend>::DescriptorPool;
[INFO] [stdout]    |                            ^^^^^^^ not found in this scope
[INFO] [stdout]    |
[INFO] [stdout] help: consider importing this trait
[INFO] [stdout]    |
[INFO] [stdout] 18 | use gfx_hal::Backend;
[INFO] [stdout]    |
[INFO] [stdout] 
[INFO] [stdout] 
[INFO] [stdout] error[E0412]: cannot find type `Backend` in this scope
[INFO] [stdout]   --> src/backend.rs:45:27
[INFO] [stdout]    |
[INFO] [stdout] 45 | pub type DescriptorSet = <Backend as gfx_hal::Backend>::DescriptorSet;
[INFO] [stdout]    |                           ^^^^^^^ not found in this scope
[INFO] [stdout]    |
[INFO] [stdout] help: consider importing this trait
[INFO] [stdout]    |
[INFO] [stdout] 18 | use gfx_hal::Backend;
[INFO] [stdout]    |
[INFO] [stdout] 
[INFO] [stdout] 
[INFO] [stdout] error[E0412]: cannot find type `Backend` in this scope
[INFO] [stdout]   --> src/backend.rs:46:33
[INFO] [stdout]    |
[INFO] [stdout] 46 | pub type DescriptorSetLayout = <Backend as gfx_hal::Backend>::DescriptorSetLayout;
[INFO] [stdout]    |                                 ^^^^^^^ not found in this scope
[INFO] [stdout]    |
[INFO] [stdout] help: consider importing this trait
[INFO] [stdout]    |
[INFO] [stdout] 18 | use gfx_hal::Backend;
[INFO] [stdout]    |
[INFO] [stdout] 
[INFO] [stdout] 
[INFO] [stdout] error[E0412]: cannot find type `Backend` in this scope
[INFO] [stdout]   --> src/backend.rs:48:19
[INFO] [stdout]    |
[INFO] [stdout] 48 | pub type Fence = <Backend as gfx_hal::Backend>::Fence;
[INFO] [stdout]    |                   ^^^^^^^ not found in this scope
[INFO] [stdout]    |
[INFO] [stdout] help: consider importing this trait
[INFO] [stdout]    |
[INFO] [stdout] 18 | use gfx_hal::Backend;
[INFO] [stdout]    |
[INFO] [stdout] 
[INFO] [stdout] 
[INFO] [stdout] error[E0412]: cannot find type `Backend` in this scope
[INFO] [stdout]   --> src/backend.rs:49:23
[INFO] [stdout]    |
[INFO] [stdout] 49 | pub type Semaphore = <Backend as gfx_hal::Backend>::Semaphore;
[INFO] [stdout]    |                       ^^^^^^^ not found in this scope
[INFO] [stdout]    |
[INFO] [stdout] help: consider importing this trait
[INFO] [stdout]    |
[INFO] [stdout] 18 | use gfx_hal::Backend;
[INFO] [stdout]    |
[INFO] [stdout] 
[INFO] [stdout] 
[INFO] [stdout] error[E0412]: cannot find type `Backend` in this scope
[INFO] [stdout]   --> src/backend.rs:50:19
[INFO] [stdout]    |
[INFO] [stdout] 50 | pub type Event = <Backend as gfx_hal::Backend>::Event;
[INFO] [stdout]    |                   ^^^^^^^ not found in this scope
[INFO] [stdout]    |
[INFO] [stdout] help: consider importing this trait
[INFO] [stdout]    |
[INFO] [stdout] 18 | use gfx_hal::Backend;
[INFO] [stdout]    |
[INFO] [stdout] 
[INFO] [stdout] 
[INFO] [stdout] error[E0412]: cannot find type `Backend` in this scope
[INFO] [stdout]   --> src/backend.rs:51:23
[INFO] [stdout]    |
[INFO] [stdout] 51 | pub type QueryPool = <Backend as gfx_hal::Backend>::QueryPool;
[INFO] [stdout]    |                       ^^^^^^^ not found in this scope
[INFO] [stdout]    |
[INFO] [stdout] help: consider importing this trait
[INFO] [stdout]    |
[INFO] [stdout] 18 | use gfx_hal::Backend;
[INFO] [stdout]    |
[INFO] [stdout] 
[INFO] [stdout] 
[INFO] [stdout] error[E0412]: cannot find type `Backend` in this scope
[INFO] [stdout]   --> src/backend.rs:53:76
[INFO] [stdout]    |
[INFO] [stdout] 53 | pub type SwapchainImage = <Surface as gfx_hal::window::PresentationSurface<Backend>>::SwapchainImage;
[INFO] [stdout]    |                                                                            ^^^^^^^ not found in this scope
[INFO] [stdout]    |
[INFO] [stdout] help: consider importing this trait
[INFO] [stdout]    |
[INFO] [stdout] 18 | use gfx_hal::Backend;
[INFO] [stdout]    |
[INFO] [stdout] 
[INFO] [stdout] 
[INFO] [stdout] error[E0412]: cannot find type `Backend` in module `backend`
[INFO] [stdout]   --> src/lib.rs:58:76
[INFO] [stdout]    |
[INFO] [stdout] 58 |     pub queue_groups: RefCell<Vec<gfx_hal::queue::family::QueueGroup<backend::Backend>>>,
[INFO] [stdout]    |                                                                               ^^^^^^^ not found in `backend`
[INFO] [stdout]    |
[INFO] [stdout] help: consider importing this trait
[INFO] [stdout]    |
[INFO] [stdout] 18 | use gfx_hal::Backend;
[INFO] [stdout]    |
[INFO] [stdout] 
[INFO] [stdout] 
[INFO] [stdout] error[E0412]: cannot find type `Backend` in module `backend`
[INFO] [stdout]   --> src/lib.rs:59:50
[INFO] [stdout]    |
[INFO] [stdout] 59 |     pub adapter: gfx_hal::adapter::Adapter<backend::Backend>,
[INFO] [stdout]    |                                                     ^^^^^^^ not found in `backend`
[INFO] [stdout]    |
[INFO] [stdout] help: consider importing this trait
[INFO] [stdout]    |
[INFO] [stdout] 18 | use gfx_hal::Backend;
[INFO] [stdout]    |
[INFO] [stdout] 
[INFO] [stdout] 
[INFO] [stdout] error[E0412]: cannot find type `Backend` in module `backend`
[INFO] [stdout]     --> src/lib.rs:1031:100
[INFO] [stdout]      |
[INFO] [stdout] 1031 |     swap_chain_frame: ManuallyDrop<<backend::Surface as gfx_hal::window::PresentationSurface<backend::Backend>>::SwapchainImage>,
[INFO] [stdout]      |                                                                                                       ^^^^^^^ not found in `backend`
[INFO] [stdout]      |
[INFO] [stdout] help: consider importing this trait
[INFO] [stdout]      |
[INFO] [stdout] 18   | use gfx_hal::Backend;
[INFO] [stdout]      |
[INFO] [stdout] 
[INFO] [stdout] 
[INFO] [stdout] warning: unused import: `gfx_hal::prelude`
[INFO] [stdout]   --> src/lib.rs:35:5
[INFO] [stdout]    |
[INFO] [stdout] 35 | use gfx_hal::prelude::*;
[INFO] [stdout]    |     ^^^^^^^^^^^^^^^^
[INFO] [stdout]    |
[INFO] [stdout]    = note: `#[warn(unused_imports)]` on by default
[INFO] [stdout] 
[INFO] [stdout] 
[INFO] [stdout] warning: unused import: `std::borrow::Borrow`
[INFO] [stdout]    --> src/lib.rs:850:7
[INFO] [stdout]     |
[INFO] [stdout] 850 |         use std::borrow::Borrow;
[INFO] [stdout]     |             ^^^^^^^^^^^^^^^^^^^
[INFO] [stdout] 
[INFO] [stdout] 
[INFO] [stdout] error: aborting due to 33 previous errors; 2 warnings emitted
[INFO] [stdout] 
[INFO] [stdout] 
[INFO] [stdout] For more information about this error, try `rustc --explain E0412`.
[INFO] [stdout] 
[INFO] [stderr] error: could not compile `polystrip` due to 34 previous errors; 2 warnings emitted
[INFO] [stderr] warning: build failed, waiting for other jobs to finish...
[INFO] [stderr] error: build failed
[INFO] running `Command { std: "docker" "inspect" "d0ec2170627cc867e519b95d4bcd9390e27da63ec2258f1cb8a84a60a8dc59b5", kill_on_drop: false }`
[INFO] running `Command { std: "docker" "rm" "-f" "d0ec2170627cc867e519b95d4bcd9390e27da63ec2258f1cb8a84a60a8dc59b5", kill_on_drop: false }`
[INFO] [stdout] d0ec2170627cc867e519b95d4bcd9390e27da63ec2258f1cb8a84a60a8dc59b5
