[INFO] fetching crate pollard-p-minus-one 0.1.0...
[INFO] checking pollard-p-minus-one-0.1.0 against 1.55.0 for beta-1.56-3
[INFO] extracting crate pollard-p-minus-one 0.1.0 into /workspace/builds/worker-75/source
[INFO] validating manifest of crates.io crate pollard-p-minus-one 0.1.0 on toolchain 1.55.0
[INFO] running `Command { std: "/workspace/cargo-home/bin/cargo" "+1.55.0" "metadata" "--manifest-path" "Cargo.toml" "--no-deps", kill_on_drop: false }`
[INFO] started tweaking crates.io crate pollard-p-minus-one 0.1.0
[INFO] finished tweaking crates.io crate pollard-p-minus-one 0.1.0
[INFO] tweaked toml for crates.io crate pollard-p-minus-one 0.1.0 written to /workspace/builds/worker-75/source/Cargo.toml
[INFO] running `Command { std: "/workspace/cargo-home/bin/cargo" "+1.55.0" "generate-lockfile" "--manifest-path" "Cargo.toml" "-Zno-index-update", kill_on_drop: false }`
[INFO] [stderr]     Blocking waiting for file lock on package cache
[INFO] running `Command { std: "/workspace/cargo-home/bin/cargo" "+1.55.0" "fetch" "--manifest-path" "Cargo.toml", kill_on_drop: false }`
[INFO] [stderr]     Blocking waiting for file lock on package cache
[INFO] [stderr]     Blocking waiting for file lock on package cache
[INFO] running `Command { std: "docker" "create" "-v" "/var/lib/crater-agent-workspace/builds/worker-75/target:/opt/rustwide/target:rw,Z" "-v" "/var/lib/crater-agent-workspace/builds/worker-75/source:/opt/rustwide/workdir:ro,Z" "-v" "/var/lib/crater-agent-workspace/cargo-home:/opt/rustwide/cargo-home:ro,Z" "-v" "/var/lib/crater-agent-workspace/rustup-home:/opt/rustwide/rustup-home:ro,Z" "-e" "SOURCE_DIR=/opt/rustwide/workdir" "-e" "CARGO_TARGET_DIR=/opt/rustwide/target" "-e" "CARGO_HOME=/opt/rustwide/cargo-home" "-e" "RUSTUP_HOME=/opt/rustwide/rustup-home" "-w" "/opt/rustwide/workdir" "-m" "1610612736" "--user" "0:0" "--network" "none" "ghcr.io/rust-lang/crates-build-env/linux@sha256:a89201d6b5b9fd45c15d5952ece0a0129e7e80cb26ec023fd59cf09bc26f1604" "/opt/rustwide/cargo-home/bin/cargo" "+1.55.0" "metadata" "--no-deps" "--format-version=1", kill_on_drop: false }`
[INFO] [stdout] f4e20abb18119b9813686c4c8dd73322636002733aca3965952b395c22606e3b
[INFO] running `Command { std: "docker" "start" "-a" "f4e20abb18119b9813686c4c8dd73322636002733aca3965952b395c22606e3b", kill_on_drop: false }`
[INFO] running `Command { std: "docker" "inspect" "f4e20abb18119b9813686c4c8dd73322636002733aca3965952b395c22606e3b", kill_on_drop: false }`
[INFO] running `Command { std: "docker" "rm" "-f" "f4e20abb18119b9813686c4c8dd73322636002733aca3965952b395c22606e3b", kill_on_drop: false }`
[INFO] [stdout] f4e20abb18119b9813686c4c8dd73322636002733aca3965952b395c22606e3b
[INFO] running `Command { std: "docker" "create" "-v" "/var/lib/crater-agent-workspace/builds/worker-75/target:/opt/rustwide/target:rw,Z" "-v" "/var/lib/crater-agent-workspace/builds/worker-75/source:/opt/rustwide/workdir:ro,Z" "-v" "/var/lib/crater-agent-workspace/cargo-home:/opt/rustwide/cargo-home:ro,Z" "-v" "/var/lib/crater-agent-workspace/rustup-home:/opt/rustwide/rustup-home:ro,Z" "-e" "SOURCE_DIR=/opt/rustwide/workdir" "-e" "CARGO_TARGET_DIR=/opt/rustwide/target" "-e" "CARGO_INCREMENTAL=0" "-e" "RUST_BACKTRACE=full" "-e" "RUSTFLAGS=--cap-lints=warn" "-e" "CARGO_HOME=/opt/rustwide/cargo-home" "-e" "RUSTUP_HOME=/opt/rustwide/rustup-home" "-w" "/opt/rustwide/workdir" "-m" "1610612736" "--user" "0:0" "--network" "none" "ghcr.io/rust-lang/crates-build-env/linux@sha256:a89201d6b5b9fd45c15d5952ece0a0129e7e80cb26ec023fd59cf09bc26f1604" "/opt/rustwide/cargo-home/bin/cargo" "+1.55.0" "check" "--frozen" "--all" "--all-targets" "--message-format=json", kill_on_drop: false }`
[INFO] [stdout] 293143d952a0a319a1b3a8bbbf4555addf7a5f38d3ca264b0672b1f5048b2667
[INFO] running `Command { std: "docker" "start" "-a" "293143d952a0a319a1b3a8bbbf4555addf7a5f38d3ca264b0672b1f5048b2667", kill_on_drop: false }`
[INFO] [stderr]     Blocking waiting for file lock on package cache
[INFO] [stderr]    Compiling rustc-serialize v0.3.24
[INFO] [stderr]     Checking hamming v0.1.3
[INFO] [stderr]    Compiling rustc-cfg v0.2.0
[INFO] [stderr]     Checking rand_core v0.4.2
[INFO] [stderr]     Checking primal-estimate v0.3.1
[INFO] [stderr]     Checking smallvec v1.7.0
[INFO] [stderr]     Checking ieee754 v0.2.6
[INFO] [stderr]    Compiling num-integer v0.1.44
[INFO] [stderr]    Compiling libc v0.2.103
[INFO] [stderr]    Compiling num-traits v0.2.14
[INFO] [stderr]     Checking num-traits v0.1.43
[INFO] [stderr]     Checking primal-bit v0.3.0
[INFO] [stderr]     Checking rand_core v0.3.1
[INFO] [stderr]     Checking primal-sieve v0.3.1
[INFO] [stderr]     Checking rand v0.5.6
[INFO] [stderr]    Compiling rand v0.4.6
[INFO] [stderr]     Checking primal-check v0.3.1
[INFO] [stderr]    Compiling num-bigint v0.1.44
[INFO] [stderr]     Checking primal v0.3.0
[INFO] [stderr]    Compiling ramp v0.5.9
[INFO] [stdout] error[E0554]: `#![feature]` may not be used on the stable release channel
[INFO] [stdout]   --> /opt/rustwide/cargo-home/registry/src/github.com-1ecc6299db9ec823/ramp-0.5.9/src/lib.rs:17:1
[INFO] [stdout]    |
[INFO] [stdout] 17 | #![feature(core_intrinsics, asm, allocator_api)]
[INFO] [stdout]    | ^^^^^^^^^^^^^^^^^^^^^^^^^^^^^^^^^^^^^^^^^^^^^^^^
[INFO] [stdout] 
[INFO] [stdout] 
[INFO] [stdout] error[E0554]: `#![feature]` may not be used on the stable release channel
[INFO] [stdout]   --> /opt/rustwide/cargo-home/registry/src/github.com-1ecc6299db9ec823/ramp-0.5.9/src/lib.rs:18:1
[INFO] [stdout]    |
[INFO] [stdout] 18 | #![feature(step_trait, step_trait_ext, ptr_internals, raw_vec_internals)]
[INFO] [stdout]    | ^^^^^^^^^^^^^^^^^^^^^^^^^^^^^^^^^^^^^^^^^^^^^^^^^^^^^^^^^^^^^^^^^^^^^^^^^
[INFO] [stdout] 
[INFO] [stdout] 
[INFO] [stdout] error[E0199]: implementing the trait `Step` is not unsafe
[INFO] [stdout]     --> /opt/rustwide/cargo-home/registry/src/github.com-1ecc6299db9ec823/ramp-0.5.9/src/int.rs:3697:1
[INFO] [stdout]      |
[INFO] [stdout] 3697 | / unsafe impl std::iter::Step for Int {
[INFO] [stdout] 3698 | |     fn steps_between(start: &Int, end: &Int) -> Option<usize> {
[INFO] [stdout] 3699 | |         let diff = (start - end).abs();
[INFO] [stdout] 3700 | |
[INFO] [stdout] ...    |
[INFO] [stdout] 3715 | |     }
[INFO] [stdout] 3716 | | }
[INFO] [stdout]      | |_^
[INFO] [stdout] 
[INFO] [stdout] 
[INFO] [stdout] error: aborting due to 3 previous errors
[INFO] [stdout] 
[INFO] [stdout] 
[INFO] [stdout] Some errors have detailed explanations: E0199, E0554.
[INFO] [stdout] 
[INFO] [stdout] For more information about an error, try `rustc --explain E0199`.
[INFO] [stdout] 
[INFO] [stderr] error: could not compile `ramp` due to 4 previous errors
[INFO] running `Command { std: "docker" "inspect" "293143d952a0a319a1b3a8bbbf4555addf7a5f38d3ca264b0672b1f5048b2667", kill_on_drop: false }`
[INFO] running `Command { std: "docker" "rm" "-f" "293143d952a0a319a1b3a8bbbf4555addf7a5f38d3ca264b0672b1f5048b2667", kill_on_drop: false }`
[INFO] [stdout] 293143d952a0a319a1b3a8bbbf4555addf7a5f38d3ca264b0672b1f5048b2667
