[INFO] fetching crate pnet_bandwhich_fork 0.23.1...
[INFO] checking pnet_bandwhich_fork-0.23.1 against 1.55.0 for beta-1.56-3
[INFO] extracting crate pnet_bandwhich_fork 0.23.1 into /workspace/builds/worker-79/source
[INFO] validating manifest of crates.io crate pnet_bandwhich_fork 0.23.1 on toolchain 1.55.0
[INFO] running `Command { std: "/workspace/cargo-home/bin/cargo" "+1.55.0" "metadata" "--manifest-path" "Cargo.toml" "--no-deps", kill_on_drop: false }`
[INFO] started tweaking crates.io crate pnet_bandwhich_fork 0.23.1
[INFO] finished tweaking crates.io crate pnet_bandwhich_fork 0.23.1
[INFO] tweaked toml for crates.io crate pnet_bandwhich_fork 0.23.1 written to /workspace/builds/worker-79/source/Cargo.toml
[INFO] crate crates.io crate pnet_bandwhich_fork 0.23.1 already has a lockfile, it will not be regenerated
[INFO] running `Command { std: "/workspace/cargo-home/bin/cargo" "+1.55.0" "fetch" "--manifest-path" "Cargo.toml", kill_on_drop: false }`
[INFO] [stderr]     Blocking waiting for file lock on package cache
[INFO] running `Command { std: "docker" "create" "-v" "/var/lib/crater-agent-workspace/builds/worker-79/target:/opt/rustwide/target:rw,Z" "-v" "/var/lib/crater-agent-workspace/builds/worker-79/source:/opt/rustwide/workdir:ro,Z" "-v" "/var/lib/crater-agent-workspace/cargo-home:/opt/rustwide/cargo-home:ro,Z" "-v" "/var/lib/crater-agent-workspace/rustup-home:/opt/rustwide/rustup-home:ro,Z" "-e" "SOURCE_DIR=/opt/rustwide/workdir" "-e" "CARGO_TARGET_DIR=/opt/rustwide/target" "-e" "CARGO_HOME=/opt/rustwide/cargo-home" "-e" "RUSTUP_HOME=/opt/rustwide/rustup-home" "-w" "/opt/rustwide/workdir" "-m" "1610612736" "--user" "0:0" "--network" "none" "ghcr.io/rust-lang/crates-build-env/linux@sha256:a89201d6b5b9fd45c15d5952ece0a0129e7e80cb26ec023fd59cf09bc26f1604" "/opt/rustwide/cargo-home/bin/cargo" "+1.55.0" "metadata" "--no-deps" "--format-version=1", kill_on_drop: false }`
[INFO] [stdout] 6f1897b28fe7dd7efc764d492bea826a2eb1f2e8cf55d3820a35fb2e0ff0cbfa
[INFO] running `Command { std: "docker" "start" "-a" "6f1897b28fe7dd7efc764d492bea826a2eb1f2e8cf55d3820a35fb2e0ff0cbfa", kill_on_drop: false }`
[INFO] running `Command { std: "docker" "inspect" "6f1897b28fe7dd7efc764d492bea826a2eb1f2e8cf55d3820a35fb2e0ff0cbfa", kill_on_drop: false }`
[INFO] running `Command { std: "docker" "rm" "-f" "6f1897b28fe7dd7efc764d492bea826a2eb1f2e8cf55d3820a35fb2e0ff0cbfa", kill_on_drop: false }`
[INFO] [stdout] 6f1897b28fe7dd7efc764d492bea826a2eb1f2e8cf55d3820a35fb2e0ff0cbfa
[INFO] running `Command { std: "docker" "create" "-v" "/var/lib/crater-agent-workspace/builds/worker-79/target:/opt/rustwide/target:rw,Z" "-v" "/var/lib/crater-agent-workspace/builds/worker-79/source:/opt/rustwide/workdir:ro,Z" "-v" "/var/lib/crater-agent-workspace/cargo-home:/opt/rustwide/cargo-home:ro,Z" "-v" "/var/lib/crater-agent-workspace/rustup-home:/opt/rustwide/rustup-home:ro,Z" "-e" "SOURCE_DIR=/opt/rustwide/workdir" "-e" "CARGO_TARGET_DIR=/opt/rustwide/target" "-e" "CARGO_INCREMENTAL=0" "-e" "RUST_BACKTRACE=full" "-e" "RUSTFLAGS=--cap-lints=warn" "-e" "CARGO_HOME=/opt/rustwide/cargo-home" "-e" "RUSTUP_HOME=/opt/rustwide/rustup-home" "-w" "/opt/rustwide/workdir" "-m" "1610612736" "--user" "0:0" "--network" "none" "ghcr.io/rust-lang/crates-build-env/linux@sha256:a89201d6b5b9fd45c15d5952ece0a0129e7e80cb26ec023fd59cf09bc26f1604" "/opt/rustwide/cargo-home/bin/cargo" "+1.55.0" "check" "--frozen" "--all" "--all-targets" "--message-format=json", kill_on_drop: false }`
[INFO] [stdout] e279ad5fe7d2bcbcf2babdec260543f8d23cb81a34c92321405db53213d78ea5
[INFO] running `Command { std: "docker" "start" "-a" "e279ad5fe7d2bcbcf2babdec260543f8d23cb81a34c92321405db53213d78ea5", kill_on_drop: false }`
[INFO] [stderr]    Compiling libc v0.2.66
[INFO] [stderr]    Compiling rustc-serialize v0.3.24
[INFO] [stderr]    Compiling memchr v2.2.1
[INFO] [stderr]    Compiling unicode-xid v0.0.3
[INFO] [stderr]    Compiling term v0.4.6
[INFO] [stderr]    Compiling bitflags v0.5.0
[INFO] [stderr]    Compiling regex v1.0.6
[INFO] [stderr]    Compiling regex-syntax v0.6.12
[INFO] [stderr]    Compiling utf8-ranges v1.0.4
[INFO] [stderr]    Compiling glob v0.2.11
[INFO] [stderr]    Compiling serde v1.0.104
[INFO] [stderr]     Checking pnet_base v0.23.0
[INFO] [stderr]     Checking pnet_base_bandwhich_fork v0.23.0
[INFO] [stderr]    Compiling pnet_bandwhich_fork v0.23.1 (/opt/rustwide/workdir)
[INFO] [stderr]     Checking time v0.2.2
[INFO] [stderr]    Compiling thread_local v0.3.6
[INFO] [stderr]    Compiling log v0.4.8
[INFO] [stderr]     Checking pnet_macros_support v0.23.0
[INFO] [stderr]    Compiling log v0.3.9
[INFO] [stderr]    Compiling aho-corasick v0.6.10
[INFO] [stderr]    Compiling syntex_pos v0.42.0
[INFO] [stderr]     Checking pnet_sys v0.23.0
[INFO] [stderr]     Checking pnet_sys_bandwhich_fork v0.23.0
[INFO] [stderr]    Compiling syntex_errors v0.42.0
[INFO] [stderr]    Compiling syntex_syntax v0.42.0
[INFO] [stderr]     Checking ipnetwork v0.15.1
[INFO] [stderr]     Checking pnet_datalink_bandwhich_fork v0.23.1
[INFO] [stderr]    Compiling syntex v0.42.2
[INFO] [stderr]    Compiling pnet_macros v0.23.0
[INFO] [stderr]    Compiling pnet_packet v0.23.0
[INFO] [stderr]     Checking pnet_transport v0.23.0
[INFO] [stdout] error[E0463]: can't find crate for `pnet`
[INFO] [stdout]   --> examples/packetdump.rs:10:1
[INFO] [stdout]    |
[INFO] [stdout] 10 | extern crate pnet;
[INFO] [stdout]    | ^^^^^^^^^^^^^^^^^^ can't find crate
[INFO] [stdout] 
[INFO] [stdout] 
[INFO] [stdout] error: aborting due to previous error
[INFO] [stdout] 
[INFO] [stdout] 
[INFO] [stdout] For more information about this error, try `rustc --explain E0463`.
[INFO] [stdout] 
[INFO] [stdout] error[E0463]: can't find crate for `pnet`
[INFO] [stdout]   --> examples/fanout.rs:12:1
[INFO] [stdout]    |
[INFO] [stdout] 12 | extern crate pnet;
[INFO] [stdout]    | ^^^^^^^^^^^^^^^^^^ can't find crate
[INFO] [stdout] 
[INFO] [stdout] 
[INFO] [stdout] error: aborting due to previous error
[INFO] [stdout] 
[INFO] [stdout] 
[INFO] [stdout] For more information about this error, try `rustc --explain E0463`.
[INFO] [stdout] 
[INFO] [stdout] error[E0308]: mismatched types
[INFO] [stdout]    --> src/pnettest.rs:354:36
[INFO] [stdout]     |
[INFO] [stdout] 354 |         ethernet_header.set_source(interface.mac_address());
[INFO] [stdout]     |                                    ^^^^^^^^^^^^^^^^^^^^^^^ expected struct `pnet_base::macaddr::MacAddr`, found struct `MacAddr`
[INFO] [stdout] 
[INFO] [stdout] 
[INFO] [stderr] error: could not compile `pnet_bandwhich_fork` due to 2 previous errors
[INFO] [stderr] warning: build failed, waiting for other jobs to finish...
[INFO] [stdout] error[E0463]: can't find crate for `pnet`
[INFO] [stdout]  --> benches/rs_sender.rs:9:1
[INFO] [stdout]   |
[INFO] [stdout] 9 | extern crate pnet;
[INFO] [stdout]   | ^^^^^^^^^^^^^^^^^^ can't find crate
[INFO] [stdout] 
[INFO] [stdout] 
[INFO] [stdout] error: aborting due to previous error
[INFO] [stdout] 
[INFO] [stdout] 
[INFO] [stdout] For more information about this error, try `rustc --explain E0463`.
[INFO] [stdout] 
[INFO] [stdout] error[E0463]: can't find crate for `pnet`
[INFO] [stdout]   --> examples/transport_echo_server.rs:10:1
[INFO] [stdout]    |
[INFO] [stdout] 10 | extern crate pnet;
[INFO] [stdout]    | ^^^^^^^^^^^^^^^^^^ can't find crate
[INFO] [stdout] 
[INFO] [stdout] 
[INFO] [stdout] error[E0463]: can't find crate for `pnet`
[INFO] [stdout]  --> examples/arp_packet.rs:1:1
[INFO] [stdout]   |
[INFO] [stdout] 1 | extern crate pnet;
[INFO] [stdout]   | ^^^^^^^^^^^^^^^^^^ can't find crate
[INFO] [stdout] 
[INFO] [stdout] 
[INFO] [stdout] error: aborting due to previous error
[INFO] [stdout] 
[INFO] [stdout] 
[INFO] [stdout] For more information about this error, try `rustc --explain E0463`.
[INFO] [stdout] 
[INFO] [stdout] error: aborting due to previous error
[INFO] [stdout] 
[INFO] [stdout] 
[INFO] [stdout] For more information about this error, try `rustc --explain E0463`.
[INFO] [stdout] 
[INFO] [stdout] error[E0463]: can't find crate for `pnet_datalink`
[INFO] [stdout]   --> examples/list_interfaces.rs:10:1
[INFO] [stdout]    |
[INFO] [stdout] 10 | extern crate pnet_datalink;
[INFO] [stdout]    | ^^^^^^^^^^^^^^^^^^^^^^^^^^^ can't find crate
[INFO] [stdout] 
[INFO] [stdout] 
[INFO] [stdout] error[E0308]: mismatched types
[INFO] [stdout]    --> src/pnettest.rs:355:41
[INFO] [stdout]     |
[INFO] [stdout] 355 |         ethernet_header.set_destination(interface.mac_address());
[INFO] [stdout]     |                                         ^^^^^^^^^^^^^^^^^^^^^^^ expected struct `pnet_base::macaddr::MacAddr`, found struct `MacAddr`
[INFO] [stdout] 
[INFO] [stdout] 
[INFO] [stdout] error: aborting due to previous error
[INFO] [stdout] 
[INFO] [stdout] 
[INFO] [stdout] For more information about this error, try `rustc --explain E0463`.
[INFO] [stdout] 
[INFO] [stdout] error[E0463]: can't find crate for `pnet_datalink`
[INFO] [stdout]  --> benches/rs_receiver.rs:9:1
[INFO] [stdout]   |
[INFO] [stdout] 9 | extern crate pnet_datalink;
[INFO] [stdout]   | ^^^^^^^^^^^^^^^^^^^^^^^^^^^ can't find crate
[INFO] [stdout] 
[INFO] [stdout] 
[INFO] [stdout] error: aborting due to previous error
[INFO] [stdout] 
[INFO] [stdout] 
[INFO] [stdout] For more information about this error, try `rustc --explain E0463`.
[INFO] [stdout] 
[INFO] [stdout] error[E0308]: mismatched types
[INFO] [stdout]    --> src/pnettest.rs:433:36
[INFO] [stdout]     |
[INFO] [stdout] 433 |         ethernet_header.set_source(interface.mac_address());
[INFO] [stdout]     |                                    ^^^^^^^^^^^^^^^^^^^^^^^ expected struct `pnet_base::macaddr::MacAddr`, found struct `MacAddr`
[INFO] [stdout] 
[INFO] [stdout] 
[INFO] [stdout] error[E0308]: mismatched types
[INFO] [stdout]    --> src/pnettest.rs:434:41
[INFO] [stdout]     |
[INFO] [stdout] 434 |         ethernet_header.set_destination(interface.mac_address());
[INFO] [stdout]     |                                         ^^^^^^^^^^^^^^^^^^^^^^^ expected struct `pnet_base::macaddr::MacAddr`, found struct `MacAddr`
[INFO] [stdout] 
[INFO] [stdout] 
[INFO] [stdout] error: aborting due to 4 previous errors
[INFO] [stdout] 
[INFO] [stdout] 
[INFO] [stdout] For more information about this error, try `rustc --explain E0308`.
[INFO] [stdout] 
[INFO] [stderr] error: build failed
[INFO] running `Command { std: "docker" "inspect" "e279ad5fe7d2bcbcf2babdec260543f8d23cb81a34c92321405db53213d78ea5", kill_on_drop: false }`
[INFO] running `Command { std: "docker" "rm" "-f" "e279ad5fe7d2bcbcf2babdec260543f8d23cb81a34c92321405db53213d78ea5", kill_on_drop: false }`
[INFO] [stdout] e279ad5fe7d2bcbcf2babdec260543f8d23cb81a34c92321405db53213d78ea5
