[INFO] fetching crate pmw1 0.2.0...
[INFO] checking pmw1-0.2.0 against 1.55.0 for beta-1.56-3
[INFO] extracting crate pmw1 0.2.0 into /workspace/builds/worker-9/source
[INFO] validating manifest of crates.io crate pmw1 0.2.0 on toolchain 1.55.0
[INFO] running `Command { std: "/workspace/cargo-home/bin/cargo" "+1.55.0" "metadata" "--manifest-path" "Cargo.toml" "--no-deps", kill_on_drop: false }`
[INFO] removed /workspace/builds/worker-9/source/rust-toolchain
[INFO] started tweaking crates.io crate pmw1 0.2.0
[INFO] finished tweaking crates.io crate pmw1 0.2.0
[INFO] tweaked toml for crates.io crate pmw1 0.2.0 written to /workspace/builds/worker-9/source/Cargo.toml
[INFO] running `Command { std: "/workspace/cargo-home/bin/cargo" "+1.55.0" "generate-lockfile" "--manifest-path" "Cargo.toml" "-Zno-index-update", kill_on_drop: false }`
[INFO] [stderr]     Blocking waiting for file lock on package cache
[INFO] running `Command { std: "/workspace/cargo-home/bin/cargo" "+1.55.0" "fetch" "--manifest-path" "Cargo.toml", kill_on_drop: false }`
[INFO] [stderr]     Blocking waiting for file lock on package cache
[INFO] [stderr]     Blocking waiting for file lock on package cache
[INFO] running `Command { std: "docker" "create" "-v" "/var/lib/crater-agent-workspace/builds/worker-9/target:/opt/rustwide/target:rw,Z" "-v" "/var/lib/crater-agent-workspace/builds/worker-9/source:/opt/rustwide/workdir:ro,Z" "-v" "/var/lib/crater-agent-workspace/cargo-home:/opt/rustwide/cargo-home:ro,Z" "-v" "/var/lib/crater-agent-workspace/rustup-home:/opt/rustwide/rustup-home:ro,Z" "-e" "SOURCE_DIR=/opt/rustwide/workdir" "-e" "CARGO_TARGET_DIR=/opt/rustwide/target" "-e" "CARGO_HOME=/opt/rustwide/cargo-home" "-e" "RUSTUP_HOME=/opt/rustwide/rustup-home" "-w" "/opt/rustwide/workdir" "-m" "1610612736" "--user" "0:0" "--network" "none" "ghcr.io/rust-lang/crates-build-env/linux@sha256:a89201d6b5b9fd45c15d5952ece0a0129e7e80cb26ec023fd59cf09bc26f1604" "/opt/rustwide/cargo-home/bin/cargo" "+1.55.0" "metadata" "--no-deps" "--format-version=1", kill_on_drop: false }`
[INFO] [stdout] e35c5af811c890b2e773df17a0b179981b016b8ca725c3823c9a48afb9010824
[INFO] running `Command { std: "docker" "start" "-a" "e35c5af811c890b2e773df17a0b179981b016b8ca725c3823c9a48afb9010824", kill_on_drop: false }`
[INFO] running `Command { std: "docker" "inspect" "e35c5af811c890b2e773df17a0b179981b016b8ca725c3823c9a48afb9010824", kill_on_drop: false }`
[INFO] running `Command { std: "docker" "rm" "-f" "e35c5af811c890b2e773df17a0b179981b016b8ca725c3823c9a48afb9010824", kill_on_drop: false }`
[INFO] [stdout] e35c5af811c890b2e773df17a0b179981b016b8ca725c3823c9a48afb9010824
[INFO] running `Command { std: "docker" "create" "-v" "/var/lib/crater-agent-workspace/builds/worker-9/target:/opt/rustwide/target:rw,Z" "-v" "/var/lib/crater-agent-workspace/builds/worker-9/source:/opt/rustwide/workdir:ro,Z" "-v" "/var/lib/crater-agent-workspace/cargo-home:/opt/rustwide/cargo-home:ro,Z" "-v" "/var/lib/crater-agent-workspace/rustup-home:/opt/rustwide/rustup-home:ro,Z" "-e" "SOURCE_DIR=/opt/rustwide/workdir" "-e" "CARGO_TARGET_DIR=/opt/rustwide/target" "-e" "CARGO_INCREMENTAL=0" "-e" "RUST_BACKTRACE=full" "-e" "RUSTFLAGS=--cap-lints=warn" "-e" "CARGO_HOME=/opt/rustwide/cargo-home" "-e" "RUSTUP_HOME=/opt/rustwide/rustup-home" "-w" "/opt/rustwide/workdir" "-m" "1610612736" "--user" "0:0" "--network" "none" "ghcr.io/rust-lang/crates-build-env/linux@sha256:a89201d6b5b9fd45c15d5952ece0a0129e7e80cb26ec023fd59cf09bc26f1604" "/opt/rustwide/cargo-home/bin/cargo" "+1.55.0" "check" "--frozen" "--all" "--all-targets" "--message-format=json", kill_on_drop: false }`
[INFO] [stdout] 302a218816679fedd898457aa2eb3c6a5854e7ab1002a7edd93e2b1cdac3a9b9
[INFO] running `Command { std: "docker" "start" "-a" "302a218816679fedd898457aa2eb3c6a5854e7ab1002a7edd93e2b1cdac3a9b9", kill_on_drop: false }`
[INFO] [stderr]     Checking pmw1 v0.2.0 (/opt/rustwide/workdir)
[INFO] [stdout] error[E0554]: `#![feature]` may not be used on the stable release channel
[INFO] [stdout]  --> src/lib.rs:7:1
[INFO] [stdout]   |
[INFO] [stdout] 7 | #![feature(asm)]
[INFO] [stdout]   | ^^^^^^^^^^^^^^^^
[INFO] [stdout] 
[INFO] [stdout] 
[INFO] [stdout] error[E0554]: `#![feature]` may not be used on the stable release channel
[INFO] [stdout]  --> src/lib.rs:8:1
[INFO] [stdout]   |
[INFO] [stdout] 8 | #![feature(cell_update)]
[INFO] [stdout]   | ^^^^^^^^^^^^^^^^^^^^^^^^
[INFO] [stdout] 
[INFO] [stdout] 
[INFO] [stdout] error: invalid register `rbx`: rbx is used internally by LLVM and cannot be used as an operand for inline asm
[INFO] [stdout]    --> src/codec.rs:464:9
[INFO] [stdout]     |
[INFO] [stdout] 464 |         out("rbx") _,
[INFO] [stdout]     |         ^^^^^^^^^^^^
[INFO] [stdout] 
[INFO] [stdout] 
[INFO] [stdout] error[E0554]: `#![feature]` may not be used on the stable release channel
[INFO] [stdout]  --> src/lib.rs:7:1
[INFO] [stdout]   |
[INFO] [stdout] 7 | #![feature(asm)]
[INFO] [stdout]   | ^^^^^^^^^^^^^^^^
[INFO] [stdout] 
[INFO] [stdout] 
[INFO] [stdout] error[E0554]: `#![feature]` may not be used on the stable release channel
[INFO] [stdout]  --> src/lib.rs:8:1
[INFO] [stdout]   |
[INFO] [stdout] 8 | #![feature(cell_update)]
[INFO] [stdout]   | ^^^^^^^^^^^^^^^^^^^^^^^^
[INFO] [stdout] 
[INFO] [stdout] 
[INFO] [stdout] error: invalid register `rbx`: rbx is used internally by LLVM and cannot be used as an operand for inline asm
[INFO] [stdout]    --> src/codec.rs:650:29
[INFO] [stdout]     |
[INFO] [stdout] 650 | ...                   out("rbx") i1);
[INFO] [stdout]     |                       ^^^^^^^^^^^^^
[INFO] [stdout] 
[INFO] [stdout] 
[INFO] [stdout] error: invalid register `rbx`: rbx is used internally by LLVM and cannot be used as an operand for inline asm
[INFO] [stdout]    --> src/codec.rs:464:9
[INFO] [stdout]     |
[INFO] [stdout] 464 |         out("rbx") _,
[INFO] [stdout]     |         ^^^^^^^^^^^^
[INFO] [stdout] 
[INFO] [stdout] 
[INFO] [stdout] error: invalid register `rbx`: rbx is used internally by LLVM and cannot be used as an operand for inline asm
[INFO] [stdout]    --> src/codec.rs:650:29
[INFO] [stdout]     |
[INFO] [stdout] 650 | ...                   out("rbx") i1);
[INFO] [stdout]     |                       ^^^^^^^^^^^^^
[INFO] [stdout] 
[INFO] [stdout] 
[INFO] [stdout] error: aborting due to 4 previous errors
[INFO] [stdout] 
[INFO] [stdout] 
[INFO] [stdout] For more information about this error, try `rustc --explain E0554`.
[INFO] [stdout] 
[INFO] [stdout] error: aborting due to 4 previous errors
[INFO] [stdout] 
[INFO] [stdout] 
[INFO] [stderr] error: could not compile `pmw1` due to 5 previous errors
[INFO] [stderr] warning: build failed, waiting for other jobs to finish...
[INFO] [stdout] For more information about this error, try `rustc --explain E0554`.
[INFO] [stdout] 
[INFO] [stderr] error: build failed
[INFO] running `Command { std: "docker" "inspect" "302a218816679fedd898457aa2eb3c6a5854e7ab1002a7edd93e2b1cdac3a9b9", kill_on_drop: false }`
[INFO] running `Command { std: "docker" "rm" "-f" "302a218816679fedd898457aa2eb3c6a5854e7ab1002a7edd93e2b1cdac3a9b9", kill_on_drop: false }`
[INFO] [stdout] 302a218816679fedd898457aa2eb3c6a5854e7ab1002a7edd93e2b1cdac3a9b9
