[INFO] fetching crate pmd_script_entry_list 1.0.0...
[INFO] checking pmd_script_entry_list-1.0.0 against 1.55.0 for beta-1.56-3
[INFO] extracting crate pmd_script_entry_list 1.0.0 into /workspace/builds/worker-17/source
[INFO] validating manifest of crates.io crate pmd_script_entry_list 1.0.0 on toolchain 1.55.0
[INFO] running `Command { std: "/workspace/cargo-home/bin/cargo" "+1.55.0" "metadata" "--manifest-path" "Cargo.toml" "--no-deps", kill_on_drop: false }`
[INFO] started tweaking crates.io crate pmd_script_entry_list 1.0.0
[INFO] finished tweaking crates.io crate pmd_script_entry_list 1.0.0
[INFO] tweaked toml for crates.io crate pmd_script_entry_list 1.0.0 written to /workspace/builds/worker-17/source/Cargo.toml
[INFO] running `Command { std: "/workspace/cargo-home/bin/cargo" "+1.55.0" "generate-lockfile" "--manifest-path" "Cargo.toml" "-Zno-index-update", kill_on_drop: false }`
[INFO] running `Command { std: "/workspace/cargo-home/bin/cargo" "+1.55.0" "fetch" "--manifest-path" "Cargo.toml", kill_on_drop: false }`
[INFO] running `Command { std: "docker" "create" "-v" "/var/lib/crater-agent-workspace/builds/worker-17/target:/opt/rustwide/target:rw,Z" "-v" "/var/lib/crater-agent-workspace/builds/worker-17/source:/opt/rustwide/workdir:ro,Z" "-v" "/var/lib/crater-agent-workspace/cargo-home:/opt/rustwide/cargo-home:ro,Z" "-v" "/var/lib/crater-agent-workspace/rustup-home:/opt/rustwide/rustup-home:ro,Z" "-e" "SOURCE_DIR=/opt/rustwide/workdir" "-e" "CARGO_TARGET_DIR=/opt/rustwide/target" "-e" "CARGO_HOME=/opt/rustwide/cargo-home" "-e" "RUSTUP_HOME=/opt/rustwide/rustup-home" "-w" "/opt/rustwide/workdir" "-m" "1610612736" "--user" "0:0" "--network" "none" "ghcr.io/rust-lang/crates-build-env/linux@sha256:a89201d6b5b9fd45c15d5952ece0a0129e7e80cb26ec023fd59cf09bc26f1604" "/opt/rustwide/cargo-home/bin/cargo" "+1.55.0" "metadata" "--no-deps" "--format-version=1", kill_on_drop: false }`
[INFO] [stdout] 9aabba7d72e6e055b12d4e5277a1039efb1be78212fdd1c491a66bb21d4417ea
[INFO] running `Command { std: "docker" "start" "-a" "9aabba7d72e6e055b12d4e5277a1039efb1be78212fdd1c491a66bb21d4417ea", kill_on_drop: false }`
[INFO] running `Command { std: "docker" "inspect" "9aabba7d72e6e055b12d4e5277a1039efb1be78212fdd1c491a66bb21d4417ea", kill_on_drop: false }`
[INFO] running `Command { std: "docker" "rm" "-f" "9aabba7d72e6e055b12d4e5277a1039efb1be78212fdd1c491a66bb21d4417ea", kill_on_drop: false }`
[INFO] [stdout] 9aabba7d72e6e055b12d4e5277a1039efb1be78212fdd1c491a66bb21d4417ea
[INFO] running `Command { std: "docker" "create" "-v" "/var/lib/crater-agent-workspace/builds/worker-17/target:/opt/rustwide/target:rw,Z" "-v" "/var/lib/crater-agent-workspace/builds/worker-17/source:/opt/rustwide/workdir:ro,Z" "-v" "/var/lib/crater-agent-workspace/cargo-home:/opt/rustwide/cargo-home:ro,Z" "-v" "/var/lib/crater-agent-workspace/rustup-home:/opt/rustwide/rustup-home:ro,Z" "-e" "SOURCE_DIR=/opt/rustwide/workdir" "-e" "CARGO_TARGET_DIR=/opt/rustwide/target" "-e" "CARGO_INCREMENTAL=0" "-e" "RUST_BACKTRACE=full" "-e" "RUSTFLAGS=--cap-lints=warn" "-e" "CARGO_HOME=/opt/rustwide/cargo-home" "-e" "RUSTUP_HOME=/opt/rustwide/rustup-home" "-w" "/opt/rustwide/workdir" "-m" "1610612736" "--user" "0:0" "--network" "none" "ghcr.io/rust-lang/crates-build-env/linux@sha256:a89201d6b5b9fd45c15d5952ece0a0129e7e80cb26ec023fd59cf09bc26f1604" "/opt/rustwide/cargo-home/bin/cargo" "+1.55.0" "check" "--frozen" "--all" "--all-targets" "--message-format=json", kill_on_drop: false }`
[INFO] [stdout] 7b46c8c561f98b746db49091be890fe6431566c1328b61b5f017f6aa2cc10529
[INFO] running `Command { std: "docker" "start" "-a" "7b46c8c561f98b746db49091be890fe6431566c1328b61b5f017f6aa2cc10529", kill_on_drop: false }`
[INFO] [stderr]    Compiling syn v1.0.80
[INFO] [stderr]    Compiling thiserror-impl v1.0.30
[INFO] [stderr]    Compiling serde_derive v1.0.130
[INFO] [stderr]     Checking thiserror v1.0.30
[INFO] [stderr]     Checking io_partition v1.1.1
[INFO] [stderr]     Checking pmd_sir0 v1.2.1
[INFO] [stderr]     Checking serde v1.0.130
[INFO] [stderr]     Checking pmd_script_entry_list v1.0.0 (/opt/rustwide/workdir)
[INFO] [stdout] error[E0308]: mismatched types
[INFO] [stdout]    --> src/script_entry_list.rs:263:33
[INFO] [stdout]     |
[INFO] [stdout] 263 |         write_sir0_footer(file, sir0_pointers)?;
[INFO] [stdout]     |                                 ^^^^^^^^^^^^^
[INFO] [stdout]     |                                 |
[INFO] [stdout]     |                                 expected `&[u32]`, found struct `Vec`
[INFO] [stdout]     |                                 help: consider borrowing here: `&sir0_pointers`
[INFO] [stdout]     |
[INFO] [stdout]     = note: expected reference `&[u32]`
[INFO] [stdout]                   found struct `Vec<u32>`
[INFO] [stdout] 
[INFO] [stdout] 
[INFO] [stdout] error[E0308]: mismatched types
[INFO] [stdout]    --> src/script_entry_list.rs:263:33
[INFO] [stdout]     |
[INFO] [stdout] 263 |         write_sir0_footer(file, sir0_pointers)?;
[INFO] [stdout]     |                                 ^^^^^^^^^^^^^
[INFO] [stdout]     |                                 |
[INFO] [stdout]     |                                 expected `&[u32]`, found struct `Vec`
[INFO] [stdout]     |                                 help: consider borrowing here: `&sir0_pointers`
[INFO] [stdout]     |
[INFO] [stdout]     = note: expected reference `&[u32]`
[INFO] [stdout]                   found struct `Vec<u32>`
[INFO] [stdout] 
[INFO] [stdout] 
[INFO] [stdout] error[E0277]: `?` couldn't convert the error to `ScriptEntryListError`
[INFO] [stdout]    --> src/script_entry_list.rs:263:47
[INFO] [stdout]     |
[INFO] [stdout] 263 |         write_sir0_footer(file, sir0_pointers)?;
[INFO] [stdout]     |                                               ^ the trait `From<Sir0WriteFooterError>` is not implemented for `ScriptEntryListError`
[INFO] [stdout]     |
[INFO] [stdout]     = note: the question mark operation (`?`) implicitly performs a conversion on the error value using the `From` trait
[INFO] [stdout]     = help: the following implementations were found:
[INFO] [stdout]               <ScriptEntryListError as From<FromUtf16Error>>
[INFO] [stdout]               <ScriptEntryListError as From<FromUtf8Error>>
[INFO] [stdout]               <ScriptEntryListError as From<std::io::Error>>
[INFO] [stdout]     = note: required because of the requirements on the impl of `FromResidual<Result<Infallible, Sir0WriteFooterError>>` for `Result<(), ScriptEntryListError>`
[INFO] [stdout] note: required by `from_residual`
[INFO] [stdout] 
[INFO] [stdout] 
[INFO] [stdout] error[E0277]: `?` couldn't convert the error to `ScriptEntryListError`
[INFO] [stdout]    --> src/script_entry_list.rs:263:47
[INFO] [stdout]     |
[INFO] [stdout] 263 |         write_sir0_footer(file, sir0_pointers)?;
[INFO] [stdout]     |                                               ^ the trait `From<Sir0WriteFooterError>` is not implemented for `ScriptEntryListError`
[INFO] [stdout]     |
[INFO] [stdout]     = note: the question mark operation (`?`) implicitly performs a conversion on the error value using the `From` trait
[INFO] [stdout]     = help: the following implementations were found:
[INFO] [stdout]               <ScriptEntryListError as From<FromUtf16Error>>
[INFO] [stdout]               <ScriptEntryListError as From<FromUtf8Error>>
[INFO] [stdout]               <ScriptEntryListError as From<std::io::Error>>
[INFO] [stdout]     = note: required because of the requirements on the impl of `FromResidual<Result<Infallible, Sir0WriteFooterError>>` for `Result<(), ScriptEntryListError>`
[INFO] [stdout] note: required by `from_residual`
[INFO] [stdout] 
[INFO] [stdout] 
[INFO] [stdout] error: aborting due to 2 previous errors
[INFO] [stdout] 
[INFO] [stdout] 
[INFO] [stdout] Some errors have detailed explanations: E0277, E0308.
[INFO] [stdout] 
[INFO] [stdout] For more information about an error, try `rustc --explain E0277`.
[INFO] [stdout] 
[INFO] [stdout] error: aborting due to 2 previous errors
[INFO] [stdout] 
[INFO] [stdout] 
[INFO] [stdout] Some errors have detailed explanations: E0277, E0308.
[INFO] [stdout] 
[INFO] [stdout] For more information about an error, try `rustc --explain E0277`.
[INFO] [stdout] 
[INFO] [stderr] error: could not compile `pmd_script_entry_list` due to 3 previous errors
[INFO] [stderr] warning: build failed, waiting for other jobs to finish...
[INFO] [stderr] error: build failed
[INFO] running `Command { std: "docker" "inspect" "7b46c8c561f98b746db49091be890fe6431566c1328b61b5f017f6aa2cc10529", kill_on_drop: false }`
[INFO] running `Command { std: "docker" "rm" "-f" "7b46c8c561f98b746db49091be890fe6431566c1328b61b5f017f6aa2cc10529", kill_on_drop: false }`
[INFO] [stdout] 7b46c8c561f98b746db49091be890fe6431566c1328b61b5f017f6aa2cc10529
