[INFO] fetching crate pinar-derive 0.2.0...
[INFO] checking pinar-derive-0.2.0 against beta-2021-10-15 for beta-1.56-3
[INFO] extracting crate pinar-derive 0.2.0 into /workspace/builds/worker-0/source
[INFO] validating manifest of crates.io crate pinar-derive 0.2.0 on toolchain beta-2021-10-15
[INFO] running `Command { std: "/workspace/cargo-home/bin/cargo" "+beta-2021-10-15" "metadata" "--manifest-path" "Cargo.toml" "--no-deps", kill_on_drop: false }`
[INFO] started tweaking crates.io crate pinar-derive 0.2.0
[INFO] finished tweaking crates.io crate pinar-derive 0.2.0
[INFO] tweaked toml for crates.io crate pinar-derive 0.2.0 written to /workspace/builds/worker-0/source/Cargo.toml
[INFO] running `Command { std: "/workspace/cargo-home/bin/cargo" "+beta-2021-10-15" "generate-lockfile" "--manifest-path" "Cargo.toml" "-Zno-index-update", kill_on_drop: false }`
[INFO] running `Command { std: "/workspace/cargo-home/bin/cargo" "+beta-2021-10-15" "fetch" "--manifest-path" "Cargo.toml", kill_on_drop: false }`
[INFO] running `Command { std: "docker" "create" "-v" "/var/lib/crater-agent-workspace/builds/worker-0/target:/opt/rustwide/target:rw,Z" "-v" "/var/lib/crater-agent-workspace/builds/worker-0/source:/opt/rustwide/workdir:ro,Z" "-v" "/var/lib/crater-agent-workspace/cargo-home:/opt/rustwide/cargo-home:ro,Z" "-v" "/var/lib/crater-agent-workspace/rustup-home:/opt/rustwide/rustup-home:ro,Z" "-e" "SOURCE_DIR=/opt/rustwide/workdir" "-e" "CARGO_TARGET_DIR=/opt/rustwide/target" "-e" "CARGO_HOME=/opt/rustwide/cargo-home" "-e" "RUSTUP_HOME=/opt/rustwide/rustup-home" "-w" "/opt/rustwide/workdir" "-m" "1610612736" "--user" "0:0" "--network" "none" "ghcr.io/rust-lang/crates-build-env/linux@sha256:a89201d6b5b9fd45c15d5952ece0a0129e7e80cb26ec023fd59cf09bc26f1604" "/opt/rustwide/cargo-home/bin/cargo" "+beta-2021-10-15" "metadata" "--no-deps" "--format-version=1", kill_on_drop: false }`
[INFO] [stdout] 0c2ff4ceb27ffa468f5f6358242384ca4012fb73ade4d38f11a3a0ea4ffcc5bb
[INFO] [stderr] WARNING: Your kernel does not support swap limit capabilities or the cgroup is not mounted. Memory limited without swap.
[INFO] running `Command { std: "docker" "start" "-a" "0c2ff4ceb27ffa468f5f6358242384ca4012fb73ade4d38f11a3a0ea4ffcc5bb", kill_on_drop: false }`
[INFO] running `Command { std: "docker" "inspect" "0c2ff4ceb27ffa468f5f6358242384ca4012fb73ade4d38f11a3a0ea4ffcc5bb", kill_on_drop: false }`
[INFO] running `Command { std: "docker" "rm" "-f" "0c2ff4ceb27ffa468f5f6358242384ca4012fb73ade4d38f11a3a0ea4ffcc5bb", kill_on_drop: false }`
[INFO] [stdout] 0c2ff4ceb27ffa468f5f6358242384ca4012fb73ade4d38f11a3a0ea4ffcc5bb
[INFO] running `Command { std: "docker" "create" "-v" "/var/lib/crater-agent-workspace/builds/worker-0/target:/opt/rustwide/target:rw,Z" "-v" "/var/lib/crater-agent-workspace/builds/worker-0/source:/opt/rustwide/workdir:ro,Z" "-v" "/var/lib/crater-agent-workspace/cargo-home:/opt/rustwide/cargo-home:ro,Z" "-v" "/var/lib/crater-agent-workspace/rustup-home:/opt/rustwide/rustup-home:ro,Z" "-e" "SOURCE_DIR=/opt/rustwide/workdir" "-e" "CARGO_TARGET_DIR=/opt/rustwide/target" "-e" "CARGO_INCREMENTAL=0" "-e" "RUST_BACKTRACE=full" "-e" "RUSTFLAGS=--cap-lints=warn" "-e" "CARGO_HOME=/opt/rustwide/cargo-home" "-e" "RUSTUP_HOME=/opt/rustwide/rustup-home" "-w" "/opt/rustwide/workdir" "-m" "1610612736" "--user" "0:0" "--network" "none" "ghcr.io/rust-lang/crates-build-env/linux@sha256:a89201d6b5b9fd45c15d5952ece0a0129e7e80cb26ec023fd59cf09bc26f1604" "/opt/rustwide/cargo-home/bin/cargo" "+beta-2021-10-15" "check" "--frozen" "--all" "--all-targets" "--message-format=json", kill_on_drop: false }`
[INFO] [stdout] d4ce28ae93a8174f31366c3c1078b838993d54feb73838eda2729b2a5893e79c
[INFO] [stderr] WARNING: Your kernel does not support swap limit capabilities or the cgroup is not mounted. Memory limited without swap.
[INFO] running `Command { std: "docker" "start" "-a" "d4ce28ae93a8174f31366c3c1078b838993d54feb73838eda2729b2a5893e79c", kill_on_drop: false }`
[INFO] [stderr]     Checking proc-macro2 v1.0.30
[INFO] [stderr]     Checking quote v1.0.10
[INFO] [stderr]     Checking syn v1.0.80
[INFO] [stderr]     Checking pinar-derive v0.2.0 (/opt/rustwide/workdir)
[INFO] [stdout] error[E0432]: unresolved import `syn::export`
[INFO] [stdout]    --> src/lib.rs:496:10
[INFO] [stdout]     |
[INFO] [stdout] 496 | use syn::export::TokenStream2;
[INFO] [stdout]     |          ^^^^^^ could not find `export` in `syn`
[INFO] [stdout] 
[INFO] [stdout] 
[INFO] [stdout] error[E0432]: unresolved import `syn::export`
[INFO] [stdout]    --> src/lib.rs:773:10
[INFO] [stdout]     |
[INFO] [stdout] 773 | use syn::export::Span;
[INFO] [stdout]     |          ^^^^^^ could not find `export` in `syn`
[INFO] [stdout] 
[INFO] [stdout] 
[INFO] [stdout] error[E0432]: unresolved import `syn::export`
[INFO] [stdout]    --> src/lib.rs:496:10
[INFO] [stdout]     |
[INFO] [stdout] 496 | use syn::export::TokenStream2;
[INFO] [stdout]     |          ^^^^^^ could not find `export` in `syn`
[INFO] [stdout] 
[INFO] [stdout] 
[INFO] [stdout] error[E0432]: unresolved import `syn::export`
[INFO] [stdout]    --> src/lib.rs:773:10
[INFO] [stdout]     |
[INFO] [stdout] 773 | use syn::export::Span;
[INFO] [stdout]     |          ^^^^^^ could not find `export` in `syn`
[INFO] [stdout] 
[INFO] [stdout] 
[INFO] [stdout] error: aborting due to 2 previous errors
[INFO] [stdout] 
[INFO] [stdout] 
[INFO] [stdout] For more information about this error, try `rustc --explain E0432`.
[INFO] [stdout] 
[INFO] [stderr] error: could not compile `pinar-derive` due to 3 previous errors
[INFO] [stderr] warning: build failed, waiting for other jobs to finish...
[INFO] [stdout] error: aborting due to 2 previous errors
[INFO] [stdout] 
[INFO] [stdout] 
[INFO] [stdout] For more information about this error, try `rustc --explain E0432`.
[INFO] [stdout] 
[INFO] [stderr] error: build failed
[INFO] running `Command { std: "docker" "inspect" "d4ce28ae93a8174f31366c3c1078b838993d54feb73838eda2729b2a5893e79c", kill_on_drop: false }`
[INFO] running `Command { std: "docker" "rm" "-f" "d4ce28ae93a8174f31366c3c1078b838993d54feb73838eda2729b2a5893e79c", kill_on_drop: false }`
[INFO] [stdout] d4ce28ae93a8174f31366c3c1078b838993d54feb73838eda2729b2a5893e79c
