[INFO] fetching crate physme 0.2.4...
[INFO] checking physme-0.2.4 against 1.55.0 for beta-1.56-3
[INFO] extracting crate physme 0.2.4 into /workspace/builds/worker-2/source
[INFO] validating manifest of crates.io crate physme 0.2.4 on toolchain 1.55.0
[INFO] running `Command { std: "/workspace/cargo-home/bin/cargo" "+1.55.0" "metadata" "--manifest-path" "Cargo.toml" "--no-deps", kill_on_drop: false }`
[INFO] started tweaking crates.io crate physme 0.2.4
[INFO] finished tweaking crates.io crate physme 0.2.4
[INFO] tweaked toml for crates.io crate physme 0.2.4 written to /workspace/builds/worker-2/source/Cargo.toml
[INFO] crate crates.io crate physme 0.2.4 already has a lockfile, it will not be regenerated
[INFO] running `Command { std: "/workspace/cargo-home/bin/cargo" "+1.55.0" "fetch" "--manifest-path" "Cargo.toml", kill_on_drop: false }`
[INFO] [stderr]     Blocking waiting for file lock on package cache
[INFO] running `Command { std: "docker" "create" "-v" "/var/lib/crater-agent-workspace/builds/worker-2/target:/opt/rustwide/target:rw,Z" "-v" "/var/lib/crater-agent-workspace/builds/worker-2/source:/opt/rustwide/workdir:ro,Z" "-v" "/var/lib/crater-agent-workspace/cargo-home:/opt/rustwide/cargo-home:ro,Z" "-v" "/var/lib/crater-agent-workspace/rustup-home:/opt/rustwide/rustup-home:ro,Z" "-e" "SOURCE_DIR=/opt/rustwide/workdir" "-e" "CARGO_TARGET_DIR=/opt/rustwide/target" "-e" "CARGO_HOME=/opt/rustwide/cargo-home" "-e" "RUSTUP_HOME=/opt/rustwide/rustup-home" "-w" "/opt/rustwide/workdir" "-m" "1610612736" "--user" "0:0" "--network" "none" "ghcr.io/rust-lang/crates-build-env/linux@sha256:a89201d6b5b9fd45c15d5952ece0a0129e7e80cb26ec023fd59cf09bc26f1604" "/opt/rustwide/cargo-home/bin/cargo" "+1.55.0" "metadata" "--no-deps" "--format-version=1", kill_on_drop: false }`
[INFO] [stdout] 9d254f66229eaaa97f02362fcb84ff8c2bf566ac73a6491a00069dadf99b10b5
[INFO] [stderr] WARNING: Your kernel does not support swap limit capabilities or the cgroup is not mounted. Memory limited without swap.
[INFO] running `Command { std: "docker" "start" "-a" "9d254f66229eaaa97f02362fcb84ff8c2bf566ac73a6491a00069dadf99b10b5", kill_on_drop: false }`
[INFO] running `Command { std: "docker" "inspect" "9d254f66229eaaa97f02362fcb84ff8c2bf566ac73a6491a00069dadf99b10b5", kill_on_drop: false }`
[INFO] running `Command { std: "docker" "rm" "-f" "9d254f66229eaaa97f02362fcb84ff8c2bf566ac73a6491a00069dadf99b10b5", kill_on_drop: false }`
[INFO] [stdout] 9d254f66229eaaa97f02362fcb84ff8c2bf566ac73a6491a00069dadf99b10b5
[INFO] running `Command { std: "docker" "create" "-v" "/var/lib/crater-agent-workspace/builds/worker-2/target:/opt/rustwide/target:rw,Z" "-v" "/var/lib/crater-agent-workspace/builds/worker-2/source:/opt/rustwide/workdir:ro,Z" "-v" "/var/lib/crater-agent-workspace/cargo-home:/opt/rustwide/cargo-home:ro,Z" "-v" "/var/lib/crater-agent-workspace/rustup-home:/opt/rustwide/rustup-home:ro,Z" "-e" "SOURCE_DIR=/opt/rustwide/workdir" "-e" "CARGO_TARGET_DIR=/opt/rustwide/target" "-e" "CARGO_INCREMENTAL=0" "-e" "RUST_BACKTRACE=full" "-e" "RUSTFLAGS=--cap-lints=warn" "-e" "CARGO_HOME=/opt/rustwide/cargo-home" "-e" "RUSTUP_HOME=/opt/rustwide/rustup-home" "-w" "/opt/rustwide/workdir" "-m" "1610612736" "--user" "0:0" "--network" "none" "ghcr.io/rust-lang/crates-build-env/linux@sha256:a89201d6b5b9fd45c15d5952ece0a0129e7e80cb26ec023fd59cf09bc26f1604" "/opt/rustwide/cargo-home/bin/cargo" "+1.55.0" "check" "--frozen" "--all" "--all-targets" "--message-format=json", kill_on_drop: false }`
[INFO] [stdout] d0be1b1d9580d5ca6a71e6f08b4d72bcbec7324cb064d8469df225608f36d68c
[INFO] [stderr] WARNING: Your kernel does not support swap limit capabilities or the cgroup is not mounted. Memory limited without swap.
[INFO] running `Command { std: "docker" "start" "-a" "d0be1b1d9580d5ca6a71e6f08b4d72bcbec7324cb064d8469df225608f36d68c", kill_on_drop: false }`
[INFO] [stderr]    Compiling libc v0.2.79
[INFO] [stderr]    Compiling syn v1.0.42
[INFO] [stderr]    Compiling log v0.4.11
[INFO] [stderr]    Compiling getrandom v0.1.15
[INFO] [stderr]    Compiling libloading v0.6.3
[INFO] [stderr]     Checking futures-core v0.3.6
[INFO] [stderr]     Checking futures-io v0.3.6
[INFO] [stderr]     Checking pin-project-lite v0.1.10
[INFO] [stderr]    Compiling pkg-config v0.3.18
[INFO] [stderr]    Compiling glam v0.9.4
[INFO] [stderr]     Checking async-task v4.0.2
[INFO] [stderr]     Checking fixedbitset v0.3.1
[INFO] [stderr]    Compiling anyhow v1.0.32
[INFO] [stderr]     Checking anymap v0.12.1
[INFO] [stderr]    Compiling pin-project-internal v0.4.26
[INFO] [stderr]     Checking bytemuck v1.4.1
[INFO] [stderr]     Checking futures-sink v0.3.6
[INFO] [stderr]     Checking arrayvec v0.5.1
[INFO] [stderr]    Compiling serde_json v1.0.58
[INFO] [stderr]     Checking ttf-parser v0.8.2
[INFO] [stderr]    Compiling cart-tmp-winit v0.22.2
[INFO] [stderr]     Checking rectangle-pack v0.1.6
[INFO] [stderr]     Checking ab_glyph_rasterizer v0.1.3
[INFO] [stderr]     Checking pdqselect v0.1.0
[INFO] [stderr]    Compiling num-traits v0.2.12
[INFO] [stderr]     Checking instant v0.1.7
[INFO] [stderr]    Compiling num-integer v0.1.43
[INFO] [stderr]    Compiling num-rational v0.3.0
[INFO] [stderr]    Compiling num-iter v0.1.41
[INFO] [stderr]     Checking futures-task v0.3.6
[INFO] [stderr]     Checking hibitset v0.6.3
[INFO] [stderr]     Checking futures-channel v0.3.6
[INFO] [stderr]     Checking tracing-core v0.1.17
[INFO] [stderr]     Checking async-channel v1.4.2
[INFO] [stderr]     Checking futures-lite v1.10.1
[INFO] [stderr]     Checking stb_truetype v0.3.1
[INFO] [stderr]     Checking hash32 v0.1.1
[INFO] [stderr]     Checking generic-array v0.13.2
[INFO] [stderr]     Checking stretch v0.3.2
[INFO] [stderr]     Checking png v0.16.7
[INFO] [stderr]    Compiling wayland-scanner v0.23.6
[INFO] [stderr]     Checking dlib v0.4.2
[INFO] [stderr]     Checking ash v0.31.0
[INFO] [stderr]    Compiling alsa-sys v0.1.2
[INFO] [stderr]    Compiling x11 v2.18.2
[INFO] [stderr]    Compiling libudev-sys v0.1.4
[INFO] [stderr]    Compiling x11-dl v2.18.5
[INFO] [stderr]     Checking tracing v0.1.21
[INFO] [stderr]     Checking wayland-sys v0.23.6
[INFO] [stderr]     Checking as-slice v0.1.4
[INFO] [stderr]     Checking owned_ttf_parser v0.8.0
[INFO] [stderr]     Checking async-executor v1.3.0
[INFO] [stderr]    Compiling cpal v0.11.0
[INFO] [stderr]     Checking ab_glyph v0.2.5
[INFO] [stderr]     Checking heapless v0.5.6
[INFO] [stderr]     Checking spirv_headers v1.5.0
[INFO] [stderr]     Checking approx v0.3.2
[INFO] [stderr]     Checking ordered-float v1.1.0
[INFO] [stderr]     Checking line_drawing v0.7.0
[INFO] [stderr]     Checking euclid v0.22.1
[INFO] [stderr]     Checking num_cpus v1.13.0
[INFO] [stderr]     Checking iovec v0.1.4
[INFO] [stderr]     Checking net2 v0.2.35
[INFO] [stderr]     Checking inotify-sys v0.1.3
[INFO] [stderr]     Checking filetime v0.2.12
[INFO] [stderr]     Checking raw-window-handle v0.3.3
[INFO] [stderr]     Checking nix v0.14.1
[INFO] [stderr]     Checking memmap v0.7.0
[INFO] [stderr]     Checking slice-deque v0.3.0
[INFO] [stderr]     Checking nix v0.15.0
[INFO] [stderr]     Checking rusttype v0.8.3
[INFO] [stderr]     Checking rand_core v0.5.1
[INFO] [stderr]    Compiling jobserver v0.1.21
[INFO] [stderr]     Checking inotify v0.8.3
[INFO] [stderr]     Checking bevy_tasks v0.2.1
[INFO] [stderr]     Checking gfx-hal v0.6.0
[INFO] [stderr]    Compiling wayland-client v0.23.6
[INFO] [stderr]    Compiling wayland-protocols v0.23.6
[INFO] [stderr]     Checking mio v0.6.22
[INFO] [stderr]     Checking rand_chacha v0.2.2
[INFO] [stderr]    Compiling cc v1.0.60
[INFO] [stderr]     Checking rusttype v0.7.9
[INFO] [stderr]    Compiling const-random-macro v0.1.8
[INFO] [stderr]     Checking guillotiere v0.6.0
[INFO] [stderr]     Checking rand v0.7.3
[INFO] [stderr]     Checking image v0.23.10
[INFO] [stderr]     Checking andrew v0.2.1
[INFO] [stderr]     Checking mio-extras v2.0.6
[INFO] [stderr]    Compiling cmake v0.1.44
[INFO] [stderr]     Checking notify v5.0.0-pre.3
[INFO] [stderr]     Checking const-random v0.1.8
[INFO] [stderr]     Checking ahash v0.4.5
[INFO] [stderr]     Checking tempfile v3.1.0
[INFO] [stderr]     Checking bevy_utils v0.2.1
[INFO] [stderr]     Checking hashbrown v0.9.1
[INFO] [stderr]    Compiling bevy-glsl-to-spirv v0.1.7
[INFO] [stderr]    Compiling spirv-reflect v0.2.3
[INFO] [stderr]    Compiling minimp3-sys v0.3.2
[INFO] [stderr]     Checking minimp3 v0.3.5
[INFO] [stderr]     Checking calloop v0.4.4
[INFO] [stderr]     Checking wayland-commons v0.23.6
[INFO] [stderr]     Checking gfx-backend-empty v0.6.0
[INFO] [stderr]     Checking gfx-memory v0.2.0
[INFO] [stderr]     Checking gfx-descriptor v0.2.0
[INFO] [stderr]    Compiling serde_derive v1.0.116
[INFO] [stderr]    Compiling thiserror-impl v1.0.20
[INFO] [stderr]    Compiling futures-macro v0.3.6
[INFO] [stderr]    Compiling gltf-derive v0.15.2
[INFO] [stderr]     Checking thiserror v1.0.20
[INFO] [stderr]     Checking naga v0.2.0
[INFO] [stderr]     Checking pin-project v0.4.26
[INFO] [stderr]     Checking futures-util v0.3.6
[INFO] [stderr]     Checking rodio v0.11.0
[INFO] [stderr]     Checking serde v1.0.116
[INFO] [stderr]     Checking futures-executor v0.3.6
[INFO] [stderr]     Checking futures v0.3.6
[INFO] [stderr]     Checking smallvec v1.4.2
[INFO] [stderr]     Checking uuid v0.8.1
[INFO] [stderr]     Checking ron v0.6.2
[INFO] [stderr]     Checking erased-serde v0.3.12
[INFO] [stderr]     Checking parking_lot_core v0.8.0
[INFO] [stderr]     Checking parking_lot_core v0.7.2
[INFO] [stderr]     Checking gfx-backend-vulkan v0.6.3
[INFO] [stderr]     Checking rstar v0.8.2
[INFO] [stderr]    Compiling toml v0.5.6
[INFO] [stderr]     Checking gilrs-core v0.2.6
[INFO] [stderr]     Checking parking_lot v0.11.0
[INFO] [stderr]     Checking parking_lot v0.10.2
[INFO] [stderr]     Checking bevy_math v0.2.1
[INFO] [stderr]     Checking hexasphere v1.0.0
[INFO] [stderr]     Checking gilrs v0.7.4
[INFO] [stderr]     Checking gltf-json v0.15.2
[INFO] [stderr]     Checking wgpu-core v0.6.4
[INFO] [stderr]    Compiling proc-macro-crate v0.1.5
[INFO] [stderr]    Compiling bevy_hecs_macros v0.2.1
[INFO] [stderr]    Compiling bevy_derive v0.2.1
[INFO] [stderr]    Compiling bevy_property_derive v0.2.1
[INFO] [stderr]     Checking gltf v0.15.2
[INFO] [stderr]     Checking bevy_hecs v0.2.1
[INFO] [stderr]     Checking bevy_ecs v0.2.1
[INFO] [stderr]     Checking wgpu v0.6.0
[INFO] [stderr]     Checking smithay-client-toolkit v0.6.6
[INFO] [stderr]     Checking bevy_app v0.2.1
[INFO] [stderr]     Checking bevy_property v0.2.1
[INFO] [stderr]     Checking bevy_window v0.2.1
[INFO] [stderr]     Checking bevy_input v0.2.1
[INFO] [stderr]     Checking bevy_type_registry v0.2.1
[INFO] [stderr]     Checking bevy_winit v0.2.1
[INFO] [stderr]     Checking bevy_gilrs v0.2.1
[INFO] [stderr]     Checking bevy_asset v0.2.1
[INFO] [stderr]     Checking bevy_core v0.2.1
[INFO] [stderr]     Checking bevy_transform v0.2.1
[INFO] [stderr]     Checking bevy_diagnostic v0.2.1
[INFO] [stderr]     Checking bevy_render v0.2.1
[INFO] [stderr]     Checking bevy_audio v0.2.1
[INFO] [stderr]     Checking bevy_scene v0.2.1
[INFO] [stderr]     Checking bevy_sprite v0.2.1
[INFO] [stderr]     Checking bevy_wgpu v0.2.1
[INFO] [stderr]     Checking bevy_pbr v0.2.1
[INFO] [stderr]     Checking bevy_gltf v0.2.1
[INFO] [stderr]     Checking bevy_text v0.2.1
[INFO] [stderr]     Checking bevy_ui v0.2.1
[INFO] [stderr]     Checking bevy v0.2.1
[INFO] [stderr]     Checking physme v0.2.4 (/opt/rustwide/workdir)
[INFO] [stdout] error[E0277]: the trait bound `physme::dim2::Shape: From<bevy::prelude::Size<{float}>>` is not satisfied
[INFO] [stdout]    --> examples/simple.rs:50:27
[INFO] [stdout]     |
[INFO] [stdout] 50  |             parent.spawn((Shape::from(Size::new(28.0, 28.0)),));
[INFO] [stdout]     |                           ^^^^^^^^^^^ the trait `From<bevy::prelude::Size<{float}>>` is not implemented for `physme::dim2::Shape`
[INFO] [stdout]     |
[INFO] [stdout]     = help: the following implementations were found:
[INFO] [stdout]               <physme::dim2::Shape as From<Size2>>
[INFO] [stdout] note: required by `std::convert::From::from`
[INFO] [stdout] 
[INFO] [stdout] 
[INFO] [stdout] error[E0277]: the trait bound `physme::dim2::Shape: From<bevy::prelude::Size<{float}>>` is not satisfied
[INFO] [stdout]    --> examples/top_down.rs:40:27
[INFO] [stdout]     |
[INFO] [stdout] 40  |             parent.spawn((Shape::from(Size::new(28.0, 28.0)),));
[INFO] [stdout]     |                           ^^^^^^^^^^^ the trait `From<bevy::prelude::Size<{float}>>` is not implemented for `physme::dim2::Shape`
[INFO] [stdout]     |
[INFO] [stdout]     = help: the following implementations were found:
[INFO] [stdout]               <physme::dim2::Shape as From<Size2>>
[INFO] [stdout] note: required by `std::convert::From::from`
[INFO] [stdout] 
[INFO] [stdout] 
[INFO] [stdout] error[E0277]: the trait bound `physme::dim2::Shape: From<bevy::prelude::Size<{float}>>` is not satisfied
[INFO] [stdout]    --> examples/simple.rs:63:27
[INFO] [stdout]     |
[INFO] [stdout] 63  |             parent.spawn((Shape::from(Size::new(120.0, 20.0)),));
[INFO] [stdout]     |                           ^^^^^^^^^^^ the trait `From<bevy::prelude::Size<{float}>>` is not implemented for `physme::dim2::Shape`
[INFO] [stdout]     |
[INFO] [stdout]     = help: the following implementations were found:
[INFO] [stdout]               <physme::dim2::Shape as From<Size2>>
[INFO] [stdout] note: required by `std::convert::From::from`
[INFO] [stdout] 
[INFO] [stdout] 
[INFO] [stdout] error[E0277]: the trait bound `physme::dim2::Shape: From<bevy::prelude::Size<{float}>>` is not satisfied
[INFO] [stdout]    --> examples/top_down.rs:52:27
[INFO] [stdout]     |
[INFO] [stdout] 52  |             parent.spawn((Shape::from(Size::new(20.0, 20.0)),));
[INFO] [stdout]     |                           ^^^^^^^^^^^ the trait `From<bevy::prelude::Size<{float}>>` is not implemented for `physme::dim2::Shape`
[INFO] [stdout]     |
[INFO] [stdout]     = help: the following implementations were found:
[INFO] [stdout]               <physme::dim2::Shape as From<Size2>>
[INFO] [stdout] note: required by `std::convert::From::from`
[INFO] [stdout] 
[INFO] [stdout] 
[INFO] [stdout] error[E0277]: the trait bound `physme::dim2::Shape: From<bevy::prelude::Size<{float}>>` is not satisfied
[INFO] [stdout]    --> examples/simple.rs:76:27
[INFO] [stdout]     |
[INFO] [stdout] 76  |             parent.spawn((Shape::from(Size::new(120.0, 20.0)),));
[INFO] [stdout]     |                           ^^^^^^^^^^^ the trait `From<bevy::prelude::Size<{float}>>` is not implemented for `physme::dim2::Shape`
[INFO] [stdout]     |
[INFO] [stdout]     = help: the following implementations were found:
[INFO] [stdout]               <physme::dim2::Shape as From<Size2>>
[INFO] [stdout] note: required by `std::convert::From::from`
[INFO] [stdout] 
[INFO] [stdout] 
[INFO] [stdout] error[E0277]: the trait bound `physme::dim2::Shape: From<bevy::prelude::Size<{float}>>` is not satisfied
[INFO] [stdout]    --> examples/simple.rs:88:27
[INFO] [stdout]     |
[INFO] [stdout] 88  |             parent.spawn((Shape::from(Size::new(120.0, 20.0)),));
[INFO] [stdout]     |                           ^^^^^^^^^^^ the trait `From<bevy::prelude::Size<{float}>>` is not implemented for `physme::dim2::Shape`
[INFO] [stdout]     |
[INFO] [stdout]     = help: the following implementations were found:
[INFO] [stdout]               <physme::dim2::Shape as From<Size2>>
[INFO] [stdout] note: required by `std::convert::From::from`
[INFO] [stdout] 
[INFO] [stdout] 
[INFO] [stdout] error[E0277]: the trait bound `physme::dim2::Shape: From<bevy::prelude::Size<{float}>>` is not satisfied
[INFO] [stdout]    --> examples/simple.rs:100:27
[INFO] [stdout]     |
[INFO] [stdout] 100 |             parent.spawn((Shape::from(Size::new(120.0, 20.0)),));
[INFO] [stdout]     |                           ^^^^^^^^^^^ the trait `From<bevy::prelude::Size<{float}>>` is not implemented for `physme::dim2::Shape`
[INFO] [stdout]     |
[INFO] [stdout]     = help: the following implementations were found:
[INFO] [stdout]               <physme::dim2::Shape as From<Size2>>
[INFO] [stdout] note: required by `std::convert::From::from`
[INFO] [stdout] 
[INFO] [stdout] 
[INFO] [stdout] error[E0277]: the trait bound `physme::dim2::Shape: From<bevy::prelude::Size<{float}>>` is not satisfied
[INFO] [stdout]    --> examples/simple.rs:112:27
[INFO] [stdout]     |
[INFO] [stdout] 112 |             parent.spawn((Shape::from(Size::new(120.0, 20.0)),));
[INFO] [stdout]     |                           ^^^^^^^^^^^ the trait `From<bevy::prelude::Size<{float}>>` is not implemented for `physme::dim2::Shape`
[INFO] [stdout]     |
[INFO] [stdout]     = help: the following implementations were found:
[INFO] [stdout]               <physme::dim2::Shape as From<Size2>>
[INFO] [stdout] note: required by `std::convert::From::from`
[INFO] [stdout] 
[INFO] [stdout] 
[INFO] [stdout] error[E0277]: the trait bound `physme::dim2::Shape: From<bevy::prelude::Size<{float}>>` is not satisfied
[INFO] [stdout]    --> examples/simple.rs:124:27
[INFO] [stdout]     |
[INFO] [stdout] 124 |             parent.spawn((Shape::from(Size::new(120.0, 20.0)),));
[INFO] [stdout]     |                           ^^^^^^^^^^^ the trait `From<bevy::prelude::Size<{float}>>` is not implemented for `physme::dim2::Shape`
[INFO] [stdout]     |
[INFO] [stdout]     = help: the following implementations were found:
[INFO] [stdout]               <physme::dim2::Shape as From<Size2>>
[INFO] [stdout] note: required by `std::convert::From::from`
[INFO] [stdout] 
[INFO] [stdout] 
[INFO] [stdout] error[E0277]: the trait bound `physme::dim2::Shape: From<bevy::prelude::Size<{float}>>` is not satisfied
[INFO] [stdout]    --> examples/simple.rs:136:27
[INFO] [stdout]     |
[INFO] [stdout] 136 |             parent.spawn((Shape::from(Size::new(20.0, 20.0)),));
[INFO] [stdout]     |                           ^^^^^^^^^^^ the trait `From<bevy::prelude::Size<{float}>>` is not implemented for `physme::dim2::Shape`
[INFO] [stdout]     |
[INFO] [stdout]     = help: the following implementations were found:
[INFO] [stdout]               <physme::dim2::Shape as From<Size2>>
[INFO] [stdout] note: required by `std::convert::From::from`
[INFO] [stdout] 
[INFO] [stdout] 
[INFO] [stdout] error[E0277]: the trait bound `physme::dim2::Shape: From<bevy::prelude::Size<{float}>>` is not satisfied
[INFO] [stdout]    --> examples/simple.rs:148:27
[INFO] [stdout]     |
[INFO] [stdout] 148 |             parent.spawn((Shape::from(Size::new(20.0, 20.0)),));
[INFO] [stdout]     |                           ^^^^^^^^^^^ the trait `From<bevy::prelude::Size<{float}>>` is not implemented for `physme::dim2::Shape`
[INFO] [stdout]     |
[INFO] [stdout]     = help: the following implementations were found:
[INFO] [stdout]               <physme::dim2::Shape as From<Size2>>
[INFO] [stdout] note: required by `std::convert::From::from`
[INFO] [stdout] 
[INFO] [stdout] 
[INFO] [stdout] error[E0599]: no method named `apply_impulse` found for struct `bevy::prelude::Mut<'_, physme::dim2::RigidBody>` in the current scope
[INFO] [stdout]   --> examples/top_down.rs:80:18
[INFO] [stdout]    |
[INFO] [stdout] 80 |             body.apply_impulse(Vec2::new(0.0, 5.0));
[INFO] [stdout]    |                  ^^^^^^^^^^^^^ method not found in `bevy::prelude::Mut<'_, physme::dim2::RigidBody>`
[INFO] [stdout] 
[INFO] [stdout] 
[INFO] [stdout] error[E0599]: no method named `apply_impulse` found for struct `bevy::prelude::Mut<'_, physme::dim2::RigidBody>` in the current scope
[INFO] [stdout]   --> examples/top_down.rs:83:18
[INFO] [stdout]    |
[INFO] [stdout] 83 |             body.apply_impulse(Vec2::new(0.0, -5.0));
[INFO] [stdout]    |                  ^^^^^^^^^^^^^ method not found in `bevy::prelude::Mut<'_, physme::dim2::RigidBody>`
[INFO] [stdout] 
[INFO] [stdout] 
[INFO] [stdout] error[E0599]: no method named `apply_impulse` found for struct `bevy::prelude::Mut<'_, physme::dim2::RigidBody>` in the current scope
[INFO] [stdout]   --> examples/top_down.rs:86:18
[INFO] [stdout]    |
[INFO] [stdout] 86 |             body.apply_impulse(Vec2::new(-5.0, 0.0));
[INFO] [stdout]    |                  ^^^^^^^^^^^^^ method not found in `bevy::prelude::Mut<'_, physme::dim2::RigidBody>`
[INFO] [stdout] 
[INFO] [stdout] 
[INFO] [stdout] error[E0599]: no method named `apply_impulse` found for struct `bevy::prelude::Mut<'_, physme::dim2::RigidBody>` in the current scope
[INFO] [stdout]   --> examples/top_down.rs:89:18
[INFO] [stdout]    |
[INFO] [stdout] 89 |             body.apply_impulse(Vec2::new(5.0, 0.0));
[INFO] [stdout]    |                  ^^^^^^^^^^^^^ method not found in `bevy::prelude::Mut<'_, physme::dim2::RigidBody>`
[INFO] [stdout] 
[INFO] [stdout] 
[INFO] [stdout] error: aborting due to 6 previous errors
[INFO] [stdout] 
[INFO] [stdout] 
[INFO] [stdout] Some errors have detailed explanations: E0277, E0599.
[INFO] [stdout] 
[INFO] [stdout] For more information about an error, try `rustc --explain E0277`.
[INFO] [stdout] 
[INFO] [stderr] error: could not compile `physme` due to 7 previous errors
[INFO] [stderr] warning: build failed, waiting for other jobs to finish...
[INFO] [stdout] error: aborting due to 9 previous errors
[INFO] [stdout] 
[INFO] [stdout] 
[INFO] [stdout] For more information about this error, try `rustc --explain E0277`.
[INFO] [stdout] 
[INFO] [stderr] error: build failed
[INFO] running `Command { std: "docker" "inspect" "d0be1b1d9580d5ca6a71e6f08b4d72bcbec7324cb064d8469df225608f36d68c", kill_on_drop: false }`
[INFO] running `Command { std: "docker" "rm" "-f" "d0be1b1d9580d5ca6a71e6f08b4d72bcbec7324cb064d8469df225608f36d68c", kill_on_drop: false }`
[INFO] [stdout] d0be1b1d9580d5ca6a71e6f08b4d72bcbec7324cb064d8469df225608f36d68c
