[INFO] fetching crate permutation-generator 0.1.1...
[INFO] checking permutation-generator-0.1.1 against beta-2021-10-15 for beta-1.56-3
[INFO] extracting crate permutation-generator 0.1.1 into /workspace/builds/worker-0/source
[INFO] validating manifest of crates.io crate permutation-generator 0.1.1 on toolchain beta-2021-10-15
[INFO] running `Command { std: "/workspace/cargo-home/bin/cargo" "+beta-2021-10-15" "metadata" "--manifest-path" "Cargo.toml" "--no-deps", kill_on_drop: false }`
[INFO] started tweaking crates.io crate permutation-generator 0.1.1
[INFO] finished tweaking crates.io crate permutation-generator 0.1.1
[INFO] tweaked toml for crates.io crate permutation-generator 0.1.1 written to /workspace/builds/worker-0/source/Cargo.toml
[INFO] running `Command { std: "/workspace/cargo-home/bin/cargo" "+beta-2021-10-15" "generate-lockfile" "--manifest-path" "Cargo.toml" "-Zno-index-update", kill_on_drop: false }`
[INFO] running `Command { std: "/workspace/cargo-home/bin/cargo" "+beta-2021-10-15" "fetch" "--manifest-path" "Cargo.toml", kill_on_drop: false }`
[INFO] running `Command { std: "docker" "create" "-v" "/var/lib/crater-agent-workspace/builds/worker-0/target:/opt/rustwide/target:rw,Z" "-v" "/var/lib/crater-agent-workspace/builds/worker-0/source:/opt/rustwide/workdir:ro,Z" "-v" "/var/lib/crater-agent-workspace/cargo-home:/opt/rustwide/cargo-home:ro,Z" "-v" "/var/lib/crater-agent-workspace/rustup-home:/opt/rustwide/rustup-home:ro,Z" "-e" "SOURCE_DIR=/opt/rustwide/workdir" "-e" "CARGO_TARGET_DIR=/opt/rustwide/target" "-e" "CARGO_HOME=/opt/rustwide/cargo-home" "-e" "RUSTUP_HOME=/opt/rustwide/rustup-home" "-w" "/opt/rustwide/workdir" "-m" "1610612736" "--user" "0:0" "--network" "none" "ghcr.io/rust-lang/crates-build-env/linux@sha256:a89201d6b5b9fd45c15d5952ece0a0129e7e80cb26ec023fd59cf09bc26f1604" "/opt/rustwide/cargo-home/bin/cargo" "+beta-2021-10-15" "metadata" "--no-deps" "--format-version=1", kill_on_drop: false }`
[INFO] [stdout] ae9caf6226598a1cb40e402bcdcf0551c4a63197dd71edd042c4b11f356f19d7
[INFO] [stderr] WARNING: Your kernel does not support swap limit capabilities or the cgroup is not mounted. Memory limited without swap.
[INFO] running `Command { std: "docker" "start" "-a" "ae9caf6226598a1cb40e402bcdcf0551c4a63197dd71edd042c4b11f356f19d7", kill_on_drop: false }`
[INFO] running `Command { std: "docker" "inspect" "ae9caf6226598a1cb40e402bcdcf0551c4a63197dd71edd042c4b11f356f19d7", kill_on_drop: false }`
[INFO] running `Command { std: "docker" "rm" "-f" "ae9caf6226598a1cb40e402bcdcf0551c4a63197dd71edd042c4b11f356f19d7", kill_on_drop: false }`
[INFO] [stdout] ae9caf6226598a1cb40e402bcdcf0551c4a63197dd71edd042c4b11f356f19d7
[INFO] running `Command { std: "docker" "create" "-v" "/var/lib/crater-agent-workspace/builds/worker-0/target:/opt/rustwide/target:rw,Z" "-v" "/var/lib/crater-agent-workspace/builds/worker-0/source:/opt/rustwide/workdir:ro,Z" "-v" "/var/lib/crater-agent-workspace/cargo-home:/opt/rustwide/cargo-home:ro,Z" "-v" "/var/lib/crater-agent-workspace/rustup-home:/opt/rustwide/rustup-home:ro,Z" "-e" "SOURCE_DIR=/opt/rustwide/workdir" "-e" "CARGO_TARGET_DIR=/opt/rustwide/target" "-e" "CARGO_INCREMENTAL=0" "-e" "RUST_BACKTRACE=full" "-e" "RUSTFLAGS=--cap-lints=warn" "-e" "CARGO_HOME=/opt/rustwide/cargo-home" "-e" "RUSTUP_HOME=/opt/rustwide/rustup-home" "-w" "/opt/rustwide/workdir" "-m" "1610612736" "--user" "0:0" "--network" "none" "ghcr.io/rust-lang/crates-build-env/linux@sha256:a89201d6b5b9fd45c15d5952ece0a0129e7e80cb26ec023fd59cf09bc26f1604" "/opt/rustwide/cargo-home/bin/cargo" "+beta-2021-10-15" "check" "--frozen" "--all" "--all-targets" "--message-format=json", kill_on_drop: false }`
[INFO] [stderr] WARNING: Your kernel does not support swap limit capabilities or the cgroup is not mounted. Memory limited without swap.
[INFO] [stdout] c233ee30a4d91aa6d9f0c3c677c38f240fcd8d092a6d88854109e46f898a2d18
[INFO] running `Command { std: "docker" "start" "-a" "c233ee30a4d91aa6d9f0c3c677c38f240fcd8d092a6d88854109e46f898a2d18", kill_on_drop: false }`
[INFO] [stderr]     Checking bit-index v0.2.0
[INFO] [stderr]     Checking permutation-generator v0.1.1 (/opt/rustwide/workdir)
[INFO] [stdout] error[E0557]: feature has been removed
[INFO] [stdout]  --> src/lib.rs:1:12
[INFO] [stdout]   |
[INFO] [stdout] 1 | #![feature(min_type_alias_impl_trait)]
[INFO] [stdout]   |            ^^^^^^^^^^^^^^^^^^^^^^^^^ feature has been removed
[INFO] [stdout]   |
[INFO] [stdout]   = note: removed in favor of full type_alias_impl_trait
[INFO] [stdout] 
[INFO] [stdout] 
[INFO] [stdout] error[E0557]: feature has been removed
[INFO] [stdout]  --> src/lib.rs:1:12
[INFO] [stdout]   |
[INFO] [stdout] 1 | #![feature(min_type_alias_impl_trait)]
[INFO] [stdout]   |            ^^^^^^^^^^^^^^^^^^^^^^^^^ feature has been removed
[INFO] [stdout]   |
[INFO] [stdout]   = note: removed in favor of full type_alias_impl_trait
[INFO] [stdout] 
[INFO] [stdout] 
[INFO] [stdout] error[E0554]: `#![feature]` may not be used on the beta release channel
[INFO] [stdout]  --> src/lib.rs:1:1
[INFO] [stdout]   |
[INFO] [stdout] 1 | #![feature(min_type_alias_impl_trait)]
[INFO] [stdout]   | ^^^^^^^^^^^^^^^^^^^^^^^^^^^^^^^^^^^^^^
[INFO] [stdout] 
[INFO] [stdout] 
[INFO] [stdout] error[E0658]: `impl Trait` in type aliases is unstable
[INFO] [stdout]   --> src/permutation_generator/permutation_generator_16.rs:52:17
[INFO] [stdout]    |
[INFO] [stdout] 52 |     type Item = impl Iterator<Item = u8>;
[INFO] [stdout]    |                 ^^^^^^^^^^^^^^^^^^^^^^^^
[INFO] [stdout]    |
[INFO] [stdout]    = note: see issue #63063 <https://github.com/rust-lang/rust/issues/63063> for more information
[INFO] [stdout] 
[INFO] [stdout] 
[INFO] [stdout] error[E0658]: `impl Trait` in type aliases is unstable
[INFO] [stdout]   --> src/permutation_generator/permutation_generator_32.rs:56:17
[INFO] [stdout]    |
[INFO] [stdout] 56 |     type Item = impl Iterator<Item = u8>;
[INFO] [stdout]    |                 ^^^^^^^^^^^^^^^^^^^^^^^^
[INFO] [stdout]    |
[INFO] [stdout]    = note: see issue #63063 <https://github.com/rust-lang/rust/issues/63063> for more information
[INFO] [stdout] 
[INFO] [stdout] 
[INFO] [stdout] error[E0658]: `impl Trait` in type aliases is unstable
[INFO] [stdout]   --> src/permutation_generator/permutation_generator_8.rs:52:17
[INFO] [stdout]    |
[INFO] [stdout] 52 |     type Item = impl Iterator<Item = u8>;
[INFO] [stdout]    |                 ^^^^^^^^^^^^^^^^^^^^^^^^
[INFO] [stdout]    |
[INFO] [stdout]    = note: see issue #63063 <https://github.com/rust-lang/rust/issues/63063> for more information
[INFO] [stdout] 
[INFO] [stdout] 
[INFO] [stdout] error[E0554]: `#![feature]` may not be used on the beta release channel
[INFO] [stdout]  --> src/lib.rs:1:1
[INFO] [stdout]   |
[INFO] [stdout] 1 | #![feature(min_type_alias_impl_trait)]
[INFO] [stdout]   | ^^^^^^^^^^^^^^^^^^^^^^^^^^^^^^^^^^^^^^
[INFO] [stdout] 
[INFO] [stdout] 
[INFO] [stdout] error[E0658]: `impl Trait` in type aliases is unstable
[INFO] [stdout]   --> src/permutation_generator/permutation_generator_16.rs:52:17
[INFO] [stdout]    |
[INFO] [stdout] 52 |     type Item = impl Iterator<Item = u8>;
[INFO] [stdout]    |                 ^^^^^^^^^^^^^^^^^^^^^^^^
[INFO] [stdout]    |
[INFO] [stdout]    = note: see issue #63063 <https://github.com/rust-lang/rust/issues/63063> for more information
[INFO] [stdout] 
[INFO] [stdout] 
[INFO] [stdout] error[E0658]: `impl Trait` in type aliases is unstable
[INFO] [stdout]   --> src/permutation_generator/permutation_generator_32.rs:56:17
[INFO] [stdout]    |
[INFO] [stdout] 56 |     type Item = impl Iterator<Item = u8>;
[INFO] [stdout]    |                 ^^^^^^^^^^^^^^^^^^^^^^^^
[INFO] [stdout]    |
[INFO] [stdout]    = note: see issue #63063 <https://github.com/rust-lang/rust/issues/63063> for more information
[INFO] [stdout] 
[INFO] [stdout] 
[INFO] [stdout] error[E0658]: `impl Trait` in type aliases is unstable
[INFO] [stdout]   --> src/permutation_generator/permutation_generator_8.rs:52:17
[INFO] [stdout]    |
[INFO] [stdout] 52 |     type Item = impl Iterator<Item = u8>;
[INFO] [stdout]    |                 ^^^^^^^^^^^^^^^^^^^^^^^^
[INFO] [stdout]    |
[INFO] [stdout]    = note: see issue #63063 <https://github.com/rust-lang/rust/issues/63063> for more information
[INFO] [stdout] 
[INFO] [stdout] 
[INFO] [stdout] error: aborting due to 5 previous errors
[INFO] [stdout] 
[INFO] [stdout] 
[INFO] [stdout] Some errors have detailed explanations: E0554, E0557, E0658.
[INFO] [stdout] 
[INFO] [stdout] For more information about an error, try `rustc --explain E0554`.
[INFO] [stdout] 
[INFO] [stdout] error: aborting due to 5 previous errors
[INFO] [stdout] 
[INFO] [stdout] 
[INFO] [stderr] error: could not compile `permutation-generator` due to 6 previous errors
[INFO] [stdout] Some errors have detailed explanations: E0554, E0557, E0658.
[INFO] [stdout] 
[INFO] [stderr] warning: build failed, waiting for other jobs to finish...
[INFO] [stdout] For more information about an error, try `rustc --explain E0554`.
[INFO] [stdout] 
[INFO] [stderr] error: build failed
[INFO] running `Command { std: "docker" "inspect" "c233ee30a4d91aa6d9f0c3c677c38f240fcd8d092a6d88854109e46f898a2d18", kill_on_drop: false }`
[INFO] running `Command { std: "docker" "rm" "-f" "c233ee30a4d91aa6d9f0c3c677c38f240fcd8d092a6d88854109e46f898a2d18", kill_on_drop: false }`
[INFO] [stdout] c233ee30a4d91aa6d9f0c3c677c38f240fcd8d092a6d88854109e46f898a2d18
