[INFO] fetching crate percy-vdom 0.6.14...
[INFO] checking percy-vdom-0.6.14 against beta-2021-10-15 for beta-1.56-3
[INFO] extracting crate percy-vdom 0.6.14 into /workspace/builds/worker-2/source
[INFO] validating manifest of crates.io crate percy-vdom 0.6.14 on toolchain beta-2021-10-15
[INFO] running `Command { std: "/workspace/cargo-home/bin/cargo" "+beta-2021-10-15" "metadata" "--manifest-path" "Cargo.toml" "--no-deps", kill_on_drop: false }`
[INFO] started tweaking crates.io crate percy-vdom 0.6.14
[INFO] finished tweaking crates.io crate percy-vdom 0.6.14
[INFO] tweaked toml for crates.io crate percy-vdom 0.6.14 written to /workspace/builds/worker-2/source/Cargo.toml
[INFO] running `Command { std: "/workspace/cargo-home/bin/cargo" "+beta-2021-10-15" "generate-lockfile" "--manifest-path" "Cargo.toml" "-Zno-index-update", kill_on_drop: false }`
[INFO] running `Command { std: "/workspace/cargo-home/bin/cargo" "+beta-2021-10-15" "fetch" "--manifest-path" "Cargo.toml", kill_on_drop: false }`
[INFO] [stderr]     Blocking waiting for file lock on package cache
[INFO] [stderr]     Blocking waiting for file lock on package cache
[INFO] running `Command { std: "docker" "create" "-v" "/var/lib/crater-agent-workspace/builds/worker-2/target:/opt/rustwide/target:rw,Z" "-v" "/var/lib/crater-agent-workspace/builds/worker-2/source:/opt/rustwide/workdir:ro,Z" "-v" "/var/lib/crater-agent-workspace/cargo-home:/opt/rustwide/cargo-home:ro,Z" "-v" "/var/lib/crater-agent-workspace/rustup-home:/opt/rustwide/rustup-home:ro,Z" "-e" "SOURCE_DIR=/opt/rustwide/workdir" "-e" "CARGO_TARGET_DIR=/opt/rustwide/target" "-e" "CARGO_HOME=/opt/rustwide/cargo-home" "-e" "RUSTUP_HOME=/opt/rustwide/rustup-home" "-w" "/opt/rustwide/workdir" "-m" "1610612736" "--user" "0:0" "--network" "none" "ghcr.io/rust-lang/crates-build-env/linux@sha256:a89201d6b5b9fd45c15d5952ece0a0129e7e80cb26ec023fd59cf09bc26f1604" "/opt/rustwide/cargo-home/bin/cargo" "+beta-2021-10-15" "metadata" "--no-deps" "--format-version=1", kill_on_drop: false }`
[INFO] [stdout] f865a8e1fcd0e7ad33b5b91d7c03bc4e2e92f6e2431310fb02cde4c116ddb87a
[INFO] [stderr] WARNING: Your kernel does not support swap limit capabilities or the cgroup is not mounted. Memory limited without swap.
[INFO] running `Command { std: "docker" "start" "-a" "f865a8e1fcd0e7ad33b5b91d7c03bc4e2e92f6e2431310fb02cde4c116ddb87a", kill_on_drop: false }`
[INFO] running `Command { std: "docker" "inspect" "f865a8e1fcd0e7ad33b5b91d7c03bc4e2e92f6e2431310fb02cde4c116ddb87a", kill_on_drop: false }`
[INFO] running `Command { std: "docker" "rm" "-f" "f865a8e1fcd0e7ad33b5b91d7c03bc4e2e92f6e2431310fb02cde4c116ddb87a", kill_on_drop: false }`
[INFO] [stdout] f865a8e1fcd0e7ad33b5b91d7c03bc4e2e92f6e2431310fb02cde4c116ddb87a
[INFO] running `Command { std: "docker" "create" "-v" "/var/lib/crater-agent-workspace/builds/worker-2/target:/opt/rustwide/target:rw,Z" "-v" "/var/lib/crater-agent-workspace/builds/worker-2/source:/opt/rustwide/workdir:ro,Z" "-v" "/var/lib/crater-agent-workspace/cargo-home:/opt/rustwide/cargo-home:ro,Z" "-v" "/var/lib/crater-agent-workspace/rustup-home:/opt/rustwide/rustup-home:ro,Z" "-e" "SOURCE_DIR=/opt/rustwide/workdir" "-e" "CARGO_TARGET_DIR=/opt/rustwide/target" "-e" "CARGO_INCREMENTAL=0" "-e" "RUST_BACKTRACE=full" "-e" "RUSTFLAGS=--cap-lints=warn" "-e" "CARGO_HOME=/opt/rustwide/cargo-home" "-e" "RUSTUP_HOME=/opt/rustwide/rustup-home" "-w" "/opt/rustwide/workdir" "-m" "1610612736" "--user" "0:0" "--network" "none" "ghcr.io/rust-lang/crates-build-env/linux@sha256:a89201d6b5b9fd45c15d5952ece0a0129e7e80cb26ec023fd59cf09bc26f1604" "/opt/rustwide/cargo-home/bin/cargo" "+beta-2021-10-15" "check" "--frozen" "--all" "--all-targets" "--message-format=json", kill_on_drop: false }`
[INFO] [stderr] WARNING: Your kernel does not support swap limit capabilities or the cgroup is not mounted. Memory limited without swap.
[INFO] [stdout] 24ae89c6151ded143c2d00425c7cdaa3be4f0432c4ad0492f6a72228ddd05bf5
[INFO] running `Command { std: "docker" "start" "-a" "24ae89c6151ded143c2d00425c7cdaa3be4f0432c4ad0492f6a72228ddd05bf5", kill_on_drop: false }`
[INFO] [stderr]    Compiling html-validation v0.1.2
[INFO] [stderr]    Compiling syn v1.0.80
[INFO] [stderr]    Compiling wasm-bindgen-backend v0.2.78
[INFO] [stderr]    Compiling wasm-bindgen-macro-support v0.2.78
[INFO] [stderr]    Compiling html-macro v0.1.15
[INFO] [stderr]    Compiling wasm-bindgen-macro v0.2.78
[INFO] [stderr]     Checking wasm-bindgen v0.2.78
[INFO] [stderr]     Checking js-sys v0.3.55
[INFO] [stderr]     Checking console_error_panic_hook v0.1.7
[INFO] [stderr]     Checking web-sys v0.3.55
[INFO] [stderr]     Checking wasm-bindgen-futures v0.3.27
[INFO] [stderr]     Checking wasm-bindgen-test v0.2.50
[INFO] [stderr]     Checking virtual-node v0.2.16
[INFO] [stderr]     Checking percy-vdom v0.6.14 (/opt/rustwide/workdir)
[INFO] [stdout] error[E0432]: unresolved import `virtual_node::DynClosure`
[INFO] [stdout]  --> src/dom_updater.rs:6:5
[INFO] [stdout]   |
[INFO] [stdout] 6 | use virtual_node::DynClosure;
[INFO] [stdout]   |     ^^^^^^^^^^^^^^^^^^^^^^^^ no `DynClosure` in the root
[INFO] [stdout] 
[INFO] [stdout] 
[INFO] [stdout] error[E0432]: unresolved import `virtual_node::DynClosure`
[INFO] [stdout]  --> src/dom_updater.rs:6:5
[INFO] [stdout]   |
[INFO] [stdout] 6 | use virtual_node::DynClosure;
[INFO] [stdout]   |     ^^^^^^^^^^^^^^^^^^^^^^^^ no `DynClosure` in the root
[INFO] [stdout] 
[INFO] [stdout] 
[INFO] [stdout] error[E0308]: mismatched types
[INFO] [stdout]   --> src/diff/mod.rs:75:66
[INFO] [stdout]    |
[INFO] [stdout] 75 | ...                   add_attributes.insert(new_attr_name, new_attr_val);
[INFO] [stdout]    |                                                            ^^^^^^^^^^^^ expected `str`, found enum `AttributeValue`
[INFO] [stdout]    |
[INFO] [stdout]    = note: expected reference `&str`
[INFO] [stdout]               found reference `&AttributeValue`
[INFO] [stdout] 
[INFO] [stdout] 
[INFO] [stdout] error[E0308]: mismatched types
[INFO] [stdout]   --> src/diff/mod.rs:79:62
[INFO] [stdout]    |
[INFO] [stdout] 79 |                         add_attributes.insert(new_attr_name, new_attr_val);
[INFO] [stdout]    |                                                              ^^^^^^^^^^^^ expected `str`, found enum `AttributeValue`
[INFO] [stdout]    |
[INFO] [stdout]    = note: expected reference `&str`
[INFO] [stdout]               found reference `&AttributeValue`
[INFO] [stdout] 
[INFO] [stdout] 
[INFO] [stdout] error[E0308]: mismatched types
[INFO] [stdout]   --> src/diff/mod.rs:75:66
[INFO] [stdout]    |
[INFO] [stdout] 75 | ...                   add_attributes.insert(new_attr_name, new_attr_val);
[INFO] [stdout]    |                                                            ^^^^^^^^^^^^ expected `str`, found enum `AttributeValue`
[INFO] [stdout]    |
[INFO] [stdout]    = note: expected reference `&str`
[INFO] [stdout]               found reference `&AttributeValue`
[INFO] [stdout] 
[INFO] [stdout] 
[INFO] [stdout] error: aborting due to 3 previous errors
[INFO] [stdout] 
[INFO] [stdout] 
[INFO] [stdout] Some errors have detailed explanations: E0308, E0432.
[INFO] [stdout] 
[INFO] [stdout] For more information about an error, try `rustc --explain E0308`.
[INFO] [stdout] 
[INFO] [stderr] error: could not compile `percy-vdom` due to 4 previous errors
[INFO] [stderr] warning: build failed, waiting for other jobs to finish...
[INFO] [stdout] error[E0308]: mismatched types
[INFO] [stdout]   --> src/diff/mod.rs:79:62
[INFO] [stdout]    |
[INFO] [stdout] 79 |                         add_attributes.insert(new_attr_name, new_attr_val);
[INFO] [stdout]    |                                                              ^^^^^^^^^^^^ expected `str`, found enum `AttributeValue`
[INFO] [stdout]    |
[INFO] [stdout]    = note: expected reference `&str`
[INFO] [stdout]               found reference `&AttributeValue`
[INFO] [stdout] 
[INFO] [stdout] 
[INFO] [stdout] error: aborting due to 3 previous errors
[INFO] [stdout] 
[INFO] [stdout] 
[INFO] [stdout] Some errors have detailed explanations: E0308, E0432.
[INFO] [stdout] 
[INFO] [stdout] For more information about an error, try `rustc --explain E0308`.
[INFO] [stdout] 
[INFO] [stderr] error: build failed
[INFO] running `Command { std: "docker" "inspect" "24ae89c6151ded143c2d00425c7cdaa3be4f0432c4ad0492f6a72228ddd05bf5", kill_on_drop: false }`
[INFO] running `Command { std: "docker" "rm" "-f" "24ae89c6151ded143c2d00425c7cdaa3be4f0432c4ad0492f6a72228ddd05bf5", kill_on_drop: false }`
[INFO] [stdout] 24ae89c6151ded143c2d00425c7cdaa3be4f0432c4ad0492f6a72228ddd05bf5
