[INFO] fetching crate peekable_reader 0.0.2...
[INFO] checking peekable_reader-0.0.2 against 1.55.0 for beta-1.56-3
[INFO] extracting crate peekable_reader 0.0.2 into /workspace/builds/worker-12/source
[INFO] validating manifest of crates.io crate peekable_reader 0.0.2 on toolchain 1.55.0
[INFO] running `Command { std: "/workspace/cargo-home/bin/cargo" "+1.55.0" "metadata" "--manifest-path" "Cargo.toml" "--no-deps", kill_on_drop: false }`
[INFO] started tweaking crates.io crate peekable_reader 0.0.2
[INFO] finished tweaking crates.io crate peekable_reader 0.0.2
[INFO] tweaked toml for crates.io crate peekable_reader 0.0.2 written to /workspace/builds/worker-12/source/Cargo.toml
[INFO] running `Command { std: "/workspace/cargo-home/bin/cargo" "+1.55.0" "generate-lockfile" "--manifest-path" "Cargo.toml" "-Zno-index-update", kill_on_drop: false }`
[INFO] running `Command { std: "/workspace/cargo-home/bin/cargo" "+1.55.0" "fetch" "--manifest-path" "Cargo.toml", kill_on_drop: false }`
[INFO] [stderr]     Blocking waiting for file lock on package cache
[INFO] running `Command { std: "docker" "create" "-v" "/var/lib/crater-agent-workspace/builds/worker-12/target:/opt/rustwide/target:rw,Z" "-v" "/var/lib/crater-agent-workspace/builds/worker-12/source:/opt/rustwide/workdir:ro,Z" "-v" "/var/lib/crater-agent-workspace/cargo-home:/opt/rustwide/cargo-home:ro,Z" "-v" "/var/lib/crater-agent-workspace/rustup-home:/opt/rustwide/rustup-home:ro,Z" "-e" "SOURCE_DIR=/opt/rustwide/workdir" "-e" "CARGO_TARGET_DIR=/opt/rustwide/target" "-e" "CARGO_HOME=/opt/rustwide/cargo-home" "-e" "RUSTUP_HOME=/opt/rustwide/rustup-home" "-w" "/opt/rustwide/workdir" "-m" "1610612736" "--user" "0:0" "--network" "none" "ghcr.io/rust-lang/crates-build-env/linux@sha256:a89201d6b5b9fd45c15d5952ece0a0129e7e80cb26ec023fd59cf09bc26f1604" "/opt/rustwide/cargo-home/bin/cargo" "+1.55.0" "metadata" "--no-deps" "--format-version=1", kill_on_drop: false }`
[INFO] [stderr] WARNING: Your kernel does not support swap limit capabilities or the cgroup is not mounted. Memory limited without swap.
[INFO] [stdout] e4b30cc49c7d9fd010f9d23637567bb421e599a88b3d0d28a140d404827e0194
[INFO] running `Command { std: "docker" "start" "-a" "e4b30cc49c7d9fd010f9d23637567bb421e599a88b3d0d28a140d404827e0194", kill_on_drop: false }`
[INFO] running `Command { std: "docker" "inspect" "e4b30cc49c7d9fd010f9d23637567bb421e599a88b3d0d28a140d404827e0194", kill_on_drop: false }`
[INFO] running `Command { std: "docker" "rm" "-f" "e4b30cc49c7d9fd010f9d23637567bb421e599a88b3d0d28a140d404827e0194", kill_on_drop: false }`
[INFO] [stdout] e4b30cc49c7d9fd010f9d23637567bb421e599a88b3d0d28a140d404827e0194
[INFO] running `Command { std: "docker" "create" "-v" "/var/lib/crater-agent-workspace/builds/worker-12/target:/opt/rustwide/target:rw,Z" "-v" "/var/lib/crater-agent-workspace/builds/worker-12/source:/opt/rustwide/workdir:ro,Z" "-v" "/var/lib/crater-agent-workspace/cargo-home:/opt/rustwide/cargo-home:ro,Z" "-v" "/var/lib/crater-agent-workspace/rustup-home:/opt/rustwide/rustup-home:ro,Z" "-e" "SOURCE_DIR=/opt/rustwide/workdir" "-e" "CARGO_TARGET_DIR=/opt/rustwide/target" "-e" "CARGO_INCREMENTAL=0" "-e" "RUST_BACKTRACE=full" "-e" "RUSTFLAGS=--cap-lints=warn" "-e" "CARGO_HOME=/opt/rustwide/cargo-home" "-e" "RUSTUP_HOME=/opt/rustwide/rustup-home" "-w" "/opt/rustwide/workdir" "-m" "1610612736" "--user" "0:0" "--network" "none" "ghcr.io/rust-lang/crates-build-env/linux@sha256:a89201d6b5b9fd45c15d5952ece0a0129e7e80cb26ec023fd59cf09bc26f1604" "/opt/rustwide/cargo-home/bin/cargo" "+1.55.0" "check" "--frozen" "--all" "--all-targets" "--message-format=json", kill_on_drop: false }`
[INFO] [stdout] 3ea35a607d9919447f4b97665b62cea0e6fb17197ed37bf6e825b7867c0bb739
[INFO] [stderr] WARNING: Your kernel does not support swap limit capabilities or the cgroup is not mounted. Memory limited without swap.
[INFO] running `Command { std: "docker" "start" "-a" "3ea35a607d9919447f4b97665b62cea0e6fb17197ed37bf6e825b7867c0bb739", kill_on_drop: false }`
[INFO] [stderr]     Checking peekable_reader v0.0.2 (/opt/rustwide/workdir)
[INFO] [stdout] error[E0432]: unresolved import `std::old_io`
[INFO] [stdout]  --> src/lib.rs:1:10
[INFO] [stdout]   |
[INFO] [stdout] 1 | use std::old_io::IoResult;
[INFO] [stdout]   |          ^^^^^^ could not find `old_io` in `std`
[INFO] [stdout] 
[INFO] [stdout] 
[INFO] [stdout] error[E0432]: unresolved import `std::old_io`
[INFO] [stdout]   --> src/lib.rs:87:14
[INFO] [stdout]    |
[INFO] [stdout] 87 |     use std::old_io::{MemReader, IoError, IoErrorKind, IoResult};
[INFO] [stdout]    |              ^^^^^^ could not find `old_io` in `std`
[INFO] [stdout] 
[INFO] [stdout] 
[INFO] [stdout] error[E0405]: cannot find trait `Reader` in this scope
[INFO] [stdout]   --> src/lib.rs:20:9
[INFO] [stdout]    |
[INFO] [stdout] 20 | impl<R: Reader> PeekableReader<R> {
[INFO] [stdout]    |         ^^^^^^ not found in this scope
[INFO] [stdout] 
[INFO] [stdout] 
[INFO] [stdout] error[E0405]: cannot find trait `Reader` in this scope
[INFO] [stdout]   --> src/lib.rs:51:17
[INFO] [stdout]    |
[INFO] [stdout] 51 | impl<R: Reader> Reader for PeekableReader<R> {
[INFO] [stdout]    |                 ^^^^^^ not found in this scope
[INFO] [stdout] 
[INFO] [stdout] 
[INFO] [stdout] error[E0405]: cannot find trait `Reader` in this scope
[INFO] [stdout]   --> src/lib.rs:51:9
[INFO] [stdout]    |
[INFO] [stdout] 51 | impl<R: Reader> Reader for PeekableReader<R> {
[INFO] [stdout]    |         ^^^^^^ not found in this scope
[INFO] [stdout] 
[INFO] [stdout] 
[INFO] [stdout] error[E0405]: cannot find trait `Reader` in this scope
[INFO] [stdout]    --> src/lib.rs:112:10
[INFO] [stdout]     |
[INFO] [stdout] 112 |     impl Reader for MockReaderWithError {
[INFO] [stdout]     |          ^^^^^^ not found in this scope
[INFO] [stdout] 
[INFO] [stdout] 
[INFO] [stdout] warning: use of deprecated macro `try`: use the `?` operator instead
[INFO] [stdout]   --> src/lib.rs:79:16
[INFO] [stdout]    |
[INFO] [stdout] 79 |             Ok(try!(self.inner.read(&mut buf[offset..])) + offset)
[INFO] [stdout]    |                ^^^
[INFO] [stdout]    |
[INFO] [stdout]    = note: `#[warn(deprecated)]` on by default
[INFO] [stdout] 
[INFO] [stdout] 
[INFO] [stdout] error: aborting due to 6 previous errors; 1 warning emitted
[INFO] [stdout] 
[INFO] [stdout] 
[INFO] [stdout] Some errors have detailed explanations: E0405, E0432.
[INFO] [stdout] 
[INFO] [stdout] For more information about an error, try `rustc --explain E0405`.
[INFO] [stdout] 
[INFO] [stdout] error[E0432]: unresolved import `std::old_io`
[INFO] [stdout]  --> src/lib.rs:1:10
[INFO] [stdout]   |
[INFO] [stdout] 1 | use std::old_io::IoResult;
[INFO] [stdout]   |          ^^^^^^ could not find `old_io` in `std`
[INFO] [stdout] 
[INFO] [stdout] 
[INFO] [stderr] error: could not compile `peekable_reader` due to 7 previous errors; 1 warning emitted
[INFO] [stdout] error[E0405]: cannot find trait `Reader` in this scope
[INFO] [stdout]   --> src/lib.rs:20:9
[INFO] [stdout]    |
[INFO] [stdout] 20 | impl<R: Reader> PeekableReader<R> {
[INFO] [stdout]    |         ^^^^^^ not found in this scope
[INFO] [stdout] 
[INFO] [stdout] 
[INFO] [stderr] warning: build failed, waiting for other jobs to finish...
[INFO] [stdout] error[E0405]: cannot find trait `Reader` in this scope
[INFO] [stdout]   --> src/lib.rs:51:17
[INFO] [stdout]    |
[INFO] [stdout] 51 | impl<R: Reader> Reader for PeekableReader<R> {
[INFO] [stdout]    |                 ^^^^^^ not found in this scope
[INFO] [stdout] 
[INFO] [stdout] 
[INFO] [stdout] error[E0405]: cannot find trait `Reader` in this scope
[INFO] [stdout]   --> src/lib.rs:51:9
[INFO] [stdout]    |
[INFO] [stdout] 51 | impl<R: Reader> Reader for PeekableReader<R> {
[INFO] [stdout]    |         ^^^^^^ not found in this scope
[INFO] [stdout] 
[INFO] [stdout] 
[INFO] [stdout] warning: use of deprecated macro `try`: use the `?` operator instead
[INFO] [stdout]   --> src/lib.rs:79:16
[INFO] [stdout]    |
[INFO] [stdout] 79 |             Ok(try!(self.inner.read(&mut buf[offset..])) + offset)
[INFO] [stdout]    |                ^^^
[INFO] [stdout]    |
[INFO] [stdout]    = note: `#[warn(deprecated)]` on by default
[INFO] [stdout] 
[INFO] [stdout] 
[INFO] [stdout] error: aborting due to 4 previous errors; 1 warning emitted
[INFO] [stdout] 
[INFO] [stdout] 
[INFO] [stdout] Some errors have detailed explanations: E0405, E0432.
[INFO] [stdout] 
[INFO] [stdout] For more information about an error, try `rustc --explain E0405`.
[INFO] [stdout] 
[INFO] [stderr] error: build failed
[INFO] running `Command { std: "docker" "inspect" "3ea35a607d9919447f4b97665b62cea0e6fb17197ed37bf6e825b7867c0bb739", kill_on_drop: false }`
[INFO] running `Command { std: "docker" "rm" "-f" "3ea35a607d9919447f4b97665b62cea0e6fb17197ed37bf6e825b7867c0bb739", kill_on_drop: false }`
[INFO] [stdout] 3ea35a607d9919447f4b97665b62cea0e6fb17197ed37bf6e825b7867c0bb739
